{"version":"1.0","provider_name":"City of Rijeka","provider_url":"https:\/\/www.rijeka.hr\/en","title":"Marked the conclusion of the \"RInclusion\" cycle in this school year - City of Rijeka","type":"rich","width":600,"height":338,"html":"<blockquote class=\"wp-embedded-content\" data-secret=\"8kMrWm2qZb\"><a href=\"https:\/\/www.rijeka.hr\/en\/marked-conclusion-rinclusion-cycle-school-year\/\">Marked the conclusion of the &#8220;RInclusion&#8221; cycle in this school year<\/a><\/blockquote><iframe sandbox=\"allow-scripts\" security=\"restricted\" src=\"https:\/\/www.rijeka.hr\/en\/marked-conclusion-rinclusion-cycle-school-year\/embed\/#?secret=8kMrWm2qZb\" width=\"600\" height=\"338\" title=\"&#8220;Marked the conclusion of the &#8220;RInclusion&#8221; cycle in this school year&#8221; &#8212; City of Rijeka\" data-secret=\"8kMrWm2qZb\" frameborder=\"0\" marginwidth=\"0\" marginheight=\"0\" scrolling=\"no\" class=\"wp-embedded-content\"><\/iframe><script type=\"text\/javascript\">\n\/* <![CDATA[ *\/\n\/*! This file is auto-generated *\/\n!function(d,l){\"use strict\";l.querySelector&&d.addEventListener&&\"undefined\"!=typeof URL&&(d.wp=d.wp||{},d.wp.receiveEmbedMessage||(d.wp.receiveEmbedMessage=function(e){var t=e.data;if((t||t.secret||t.message||t.value)&&!\/[^a-zA-Z0-9]\/.test(t.secret)){for(var s,r,n,a=l.querySelectorAll('iframe[data-secret=\"'+t.secret+'\"]'),o=l.querySelectorAll('blockquote[data-secret=\"'+t.secret+'\"]'),c=new RegExp(\"^https?:$\",\"i\"),i=0;i<o.length;i++)o[i].style.display=\"none\";for(i=0;i<a.length;i++)s=a[i],e.source===s.contentWindow&&(s.removeAttribute(\"style\"),\"height\"===t.message?(1e3<(r=parseInt(t.value,10))?r=1e3:~~r<200&&(r=200),s.height=r):\"link\"===t.message&&(r=new URL(s.getAttribute(\"src\")),n=new URL(t.value),c.test(n.protocol))&&n.host===r.host&&l.activeElement===s&&(d.top.location.href=t.value))}},d.addEventListener(\"message\",d.wp.receiveEmbedMessage,!1),l.addEventListener(\"DOMContentLoaded\",function(){for(var e,t,s=l.querySelectorAll(\"iframe.wp-embedded-content\"),r=0;r<s.length;r++)(t=(e=s[r]).getAttribute(\"data-secret\"))||(t=Math.random().toString(36).substring(2,12),e.src+=\"#?secret=\"+t,e.setAttribute(\"data-secret\",t)),e.contentWindow.postMessage({message:\"ready\",secret:t},\"*\")},!1)))}(window,document);\n\/* ]]> *\/\n<\/script>\n","thumbnail_url":"https:\/\/www.rijeka.hr\/en\/wp-content\/uploads\/sites\/2\/2023\/06\/Obilje\u017eavanje-zavr\u0161etka-ciklusa-RInkluzije-u-\u0161kolskoj-godini-2022-2023-6-900x600.jpg","thumbnail_width":900,"thumbnail_height":600,"description":"By professional lectures given by Rijeka psychologists and psychotherapists in the City Hall, the conclusion of the project cycle \u201cRInclusion \u2013 Model of the City of Rijeka providing support to students with difficulties\" in school year 2022\/2023 has been marked."}

https://www.rijeka.hr/en/wp-content/uploads/sites/2/2023/06/Obilježavanje-završetka-ciklusa-RInkluzije-u-školskoj-godini-2022-2023-6-900x600.jpg
