{"id":9534,"date":"2020-07-31T09:21:57","date_gmt":"2020-07-31T07:21:57","guid":{"rendered":"https:\/\/www.rijeka.hr\/en\/wp-content\/uploads\/sites\/2\/2020\/07\/U\u010dimo-ih-za-njihovu-budu\u0107nost-600x548.jpg"},"modified":"2020-11-06T15:14:30","modified_gmt":"2020-11-06T14:14:30","slug":"ucimo-ih-za-njihovu-buducnost-600x548","status":"inherit","type":"attachment","link":"https:\/\/www.rijeka.hr\/en\/city-government\/eu-projects\/closed-projects\/teaching-them-for-their-future\/ucimo-ih-za-njihovu-buducnost-600x548\/","title":{"rendered":"Teaching them for their future"},"author":17,"featured_media":0,"comment_status":"open","ping_status":"closed","template":"","meta":{"_acf_changed":false,"_trash_the_other_posts":false,"_links_to":"","_links_to_target":""},"class_list":["post-9534","attachment","type-attachment","status-inherit","hentry"],"acf":[],"yoast_head":"<!-- This site is optimized with the Yoast SEO plugin v24.4 - https:\/\/yoast.com\/wordpress\/plugins\/seo\/ -->\n<title>Teaching them for their future - City of Rijeka<\/title>\n<meta name=\"robots\" content=\"index, follow, max-snippet:-1, max-image-preview:large, max-video-preview:-1\" \/>\n<link rel=\"canonical\" href=\"https:\/\/www.rijeka.hr\/en\/wp-content\/uploads\/sites\/2\/2020\/07\/U\u010dimo-ih-za-njihovu-budu\u0107nost-600x548.jpg\" \/>\n<meta property=\"og:locale\" content=\"en_US\" \/>\n<meta property=\"og:type\" content=\"article\" \/>\n<meta property=\"og:title\" content=\"Teaching them for their future - City of Rijeka\" \/>\n<meta property=\"og:description\" content=\"Teaching them for their future\" \/>\n<meta property=\"og:url\" content=\"https:\/\/www.rijeka.hr\/en\/wp-content\/uploads\/sites\/2\/2020\/07\/U\u010dimo-ih-za-njihovu-budu\u0107nost-600x548.jpg\" \/>\n<meta property=\"og:site_name\" content=\"City of Rijeka\" \/>\n<meta property=\"article:modified_time\" content=\"2020-11-06T14:14:30+00:00\" \/>\n<meta property=\"og:image\" content=\"https:\/\/www.rijeka.hr\/en\/wp-content\/uploads\/sites\/2\/2020\/07\/U\u010dimo-ih-za-njihovu-budu\u0107nost-600x548.jpg\" \/>\n\t<meta property=\"og:image:width\" content=\"600\" \/>\n\t<meta property=\"og:image:height\" content=\"548\" \/>\n\t<meta property=\"og:image:type\" content=\"image\/jpeg\" \/>\n<meta name=\"twitter:card\" content=\"summary_large_image\" \/>\n<script type=\"application\/ld+json\" class=\"yoast-schema-graph\">{\"@context\":\"https:\/\/schema.org\",\"@graph\":[{\"@type\":\"WebPage\",\"@id\":\"https:\/\/www.rijeka.hr\/en\/wp-content\/uploads\/sites\/2\/2020\/07\/U\u010dimo-ih-za-njihovu-budu\u0107nost-600x548.jpg\",\"url\":\"https:\/\/www.rijeka.hr\/en\/wp-content\/uploads\/sites\/2\/2020\/07\/U\u010dimo-ih-za-njihovu-budu\u0107nost-600x548.jpg\",\"name\":\"Teaching them for their future - City of Rijeka\",\"isPartOf\":{\"@id\":\"https:\/\/www.rijeka.hr\/en\/#website\"},\"datePublished\":\"2020-07-31T07:21:57+00:00\",\"dateModified\":\"2020-11-06T14:14:30+00:00\",\"breadcrumb\":{\"@id\":\"https:\/\/www.rijeka.hr\/en\/wp-content\/uploads\/sites\/2\/2020\/07\/U\u010dimo-ih-za-njihovu-budu\u0107nost-600x548.jpg#breadcrumb\"},\"inLanguage\":\"en-US\",\"potentialAction\":[{\"@type\":\"ReadAction\",\"target\":[\"https:\/\/www.rijeka.hr\/en\/wp-content\/uploads\/sites\/2\/2020\/07\/U\u010dimo-ih-za-njihovu-budu\u0107nost-600x548.jpg\"]}]},{\"@type\":\"BreadcrumbList\",\"@id\":\"https:\/\/www.rijeka.hr\/en\/wp-content\/uploads\/sites\/2\/2020\/07\/U\u010dimo-ih-za-njihovu-budu\u0107nost-600x548.jpg#breadcrumb\",\"itemListElement\":[{\"@type\":\"ListItem\",\"position\":1,\"name\":\"Po\u010detna stranica\",\"item\":\"https:\/\/www.rijeka.hr\/en\/\"},{\"@type\":\"ListItem\",\"position\":2,\"name\":\"City administration\",\"item\":\"https:\/\/www.rijeka.hr\/en\/city-government\/\"},{\"@type\":\"ListItem\",\"position\":3,\"name\":\"EU projects\",\"item\":\"https:\/\/www.rijeka.hr\/en\/city-government\/eu-projects\/\"},{\"@type\":\"ListItem\",\"position\":4,\"name\":\"Closed projects\",\"item\":\"https:\/\/www.rijeka.hr\/en\/city-government\/eu-projects\/closed-projects\/\"},{\"@type\":\"ListItem\",\"position\":5,\"name\":\"Teaching them for their future\",\"item\":\"https:\/\/www.rijeka.hr\/en\/city-government\/eu-projects\/closed-projects\/teaching-them-for-their-future\/\"},{\"@type\":\"ListItem\",\"position\":6,\"name\":\"Teaching them for their future\"}]},{\"@type\":\"WebSite\",\"@id\":\"https:\/\/www.rijeka.hr\/en\/#website\",\"url\":\"https:\/\/www.rijeka.hr\/en\/\",\"name\":\"City of Rijeka\",\"description\":\"City of Rijeka web Portal\",\"potentialAction\":[{\"@type\":\"SearchAction\",\"target\":{\"@type\":\"EntryPoint\",\"urlTemplate\":\"https:\/\/www.rijeka.hr\/en\/?s={search_term_string}\"},\"query-input\":{\"@type\":\"PropertyValueSpecification\",\"valueRequired\":true,\"valueName\":\"search_term_string\"}}],\"inLanguage\":\"en-US\"}]}<\/script>\n<!-- \/ Yoast SEO plugin. -->","yoast_head_json":{"title":"Teaching them for their future - City of Rijeka","robots":{"index":"index","follow":"follow","max-snippet":"max-snippet:-1","max-image-preview":"max-image-preview:large","max-video-preview":"max-video-preview:-1"},"canonical":"https:\/\/www.rijeka.hr\/en\/wp-content\/uploads\/sites\/2\/2020\/07\/U\u010dimo-ih-za-njihovu-budu\u0107nost-600x548.jpg","og_locale":"en_US","og_type":"article","og_title":"Teaching them for their future - City of Rijeka","og_description":"Teaching them for their future","og_url":"https:\/\/www.rijeka.hr\/en\/wp-content\/uploads\/sites\/2\/2020\/07\/U\u010dimo-ih-za-njihovu-budu\u0107nost-600x548.jpg","og_site_name":"City of Rijeka","article_modified_time":"2020-11-06T14:14:30+00:00","og_image":[{"width":600,"height":548,"url":"https:\/\/www.rijeka.hr\/en\/wp-content\/uploads\/sites\/2\/2020\/07\/U\u010dimo-ih-za-njihovu-budu\u0107nost-600x548.jpg","type":"image\/jpeg"}],"twitter_card":"summary_large_image","schema":{"@context":"https:\/\/schema.org","@graph":[{"@type":"WebPage","@id":"https:\/\/www.rijeka.hr\/en\/wp-content\/uploads\/sites\/2\/2020\/07\/U\u010dimo-ih-za-njihovu-budu\u0107nost-600x548.jpg","url":"https:\/\/www.rijeka.hr\/en\/wp-content\/uploads\/sites\/2\/2020\/07\/U\u010dimo-ih-za-njihovu-budu\u0107nost-600x548.jpg","name":"Teaching them for their future - City of Rijeka","isPartOf":{"@id":"https:\/\/www.rijeka.hr\/en\/#website"},"datePublished":"2020-07-31T07:21:57+00:00","dateModified":"2020-11-06T14:14:30+00:00","breadcrumb":{"@id":"https:\/\/www.rijeka.hr\/en\/wp-content\/uploads\/sites\/2\/2020\/07\/U\u010dimo-ih-za-njihovu-budu\u0107nost-600x548.jpg#breadcrumb"},"inLanguage":"en-US","potentialAction":[{"@type":"ReadAction","target":["https:\/\/www.rijeka.hr\/en\/wp-content\/uploads\/sites\/2\/2020\/07\/U\u010dimo-ih-za-njihovu-budu\u0107nost-600x548.jpg"]}]},{"@type":"BreadcrumbList","@id":"https:\/\/www.rijeka.hr\/en\/wp-content\/uploads\/sites\/2\/2020\/07\/U\u010dimo-ih-za-njihovu-budu\u0107nost-600x548.jpg#breadcrumb","itemListElement":[{"@type":"ListItem","position":1,"name":"Po\u010detna stranica","item":"https:\/\/www.rijeka.hr\/en\/"},{"@type":"ListItem","position":2,"name":"City administration","item":"https:\/\/www.rijeka.hr\/en\/city-government\/"},{"@type":"ListItem","position":3,"name":"EU projects","item":"https:\/\/www.rijeka.hr\/en\/city-government\/eu-projects\/"},{"@type":"ListItem","position":4,"name":"Closed projects","item":"https:\/\/www.rijeka.hr\/en\/city-government\/eu-projects\/closed-projects\/"},{"@type":"ListItem","position":5,"name":"Teaching them for their future","item":"https:\/\/www.rijeka.hr\/en\/city-government\/eu-projects\/closed-projects\/teaching-them-for-their-future\/"},{"@type":"ListItem","position":6,"name":"Teaching them for their future"}]},{"@type":"WebSite","@id":"https:\/\/www.rijeka.hr\/en\/#website","url":"https:\/\/www.rijeka.hr\/en\/","name":"City of Rijeka","description":"City of Rijeka web Portal","potentialAction":[{"@type":"SearchAction","target":{"@type":"EntryPoint","urlTemplate":"https:\/\/www.rijeka.hr\/en\/?s={search_term_string}"},"query-input":{"@type":"PropertyValueSpecification","valueRequired":true,"valueName":"search_term_string"}}],"inLanguage":"en-US"}]}},"description":{"rendered":"<p class=\"attachment\"><a href='https:\/\/www.rijeka.hr\/en\/wp-content\/uploads\/sites\/2\/2020\/07\/U\u010dimo-ih-za-njihovu-budu\u0107nost-600x548.jpg' title=\"\" data-rl_title=\"\" class=\"rl-gallery-link\" data-rl_caption=\"\" data-rel=\"lightbox-gallery-0\"><img decoding=\"async\" src=\"https:\/\/www.rijeka.hr\/en\/wp-content\/uploads\/sites\/2\/2020\/07\/U\u010dimo-ih-za-njihovu-budu\u0107nost-600x548-600x548.jpg\" class=\"attachment-medium size-medium\" alt=\"Teaching them for their future\" srcset=\"https:\/\/www.rijeka.hr\/en\/wp-content\/uploads\/sites\/2\/2020\/07\/U\u010dimo-ih-za-njihovu-budu\u0107nost-600x548.jpg 600w, https:\/\/www.rijeka.hr\/en\/wp-content\/uploads\/sites\/2\/2020\/07\/U\u010dimo-ih-za-njihovu-budu\u0107nost-600x548-438x400.jpg 438w\" sizes=\"(max-width: 600px) 100vw, 600px\" \/><\/a><\/p>\n<p>Teaching them for their future<\/p>\n"},"caption":{"rendered":"<p>Teaching them for their future<\/p>\n"},"alt_text":"Teaching them for their future","media_type":"image","mime_type":"image\/jpeg","media_details":{"width":600,"height":548,"file":"2020\/07\/U\u010dimo-ih-za-njihovu-budu\u0107nost-600x548.jpg","sizes":{"thumbnail":{"file":"U\u010dimo-ih-za-njihovu-budu\u0107nost-600x548-250x250.jpg","width":250,"height":250,"mime_type":"image\/jpeg","source_url":"https:\/\/www.rijeka.hr\/en\/wp-content\/uploads\/sites\/2\/2020\/07\/U\u010dimo-ih-za-njihovu-budu\u0107nost-600x548-250x250.jpg"},"medium":{"file":"U\u010dimo-ih-za-njihovu-budu\u0107nost-600x548-600x548.jpg","width":600,"height":548,"mime_type":"image\/jpeg","source_url":"https:\/\/www.rijeka.hr\/en\/wp-content\/uploads\/sites\/2\/2020\/07\/U\u010dimo-ih-za-njihovu-budu\u0107nost-600x548-600x548.jpg"},"post-thumbnail":{"file":"U\u010dimo-ih-za-njihovu-budu\u0107nost-600x548-200x200.jpg","width":200,"height":200,"mime_type":"image\/jpeg","source_url":"https:\/\/www.rijeka.hr\/en\/wp-content\/uploads\/sites\/2\/2020\/07\/U\u010dimo-ih-za-njihovu-budu\u0107nost-600x548-200x200.jpg"},"header-image-large":{"file":"U\u010dimo-ih-za-njihovu-budu\u0107nost-600x548-600x400.jpg","width":600,"height":400,"mime_type":"image\/jpeg","source_url":"https:\/\/www.rijeka.hr\/en\/wp-content\/uploads\/sites\/2\/2020\/07\/U\u010dimo-ih-za-njihovu-budu\u0107nost-600x548-600x400.jpg"},"header-image-medium":{"file":"U\u010dimo-ih-za-njihovu-budu\u0107nost-600x548-600x400.jpg","width":600,"height":400,"mime_type":"image\/jpeg","source_url":"https:\/\/www.rijeka.hr\/en\/wp-content\/uploads\/sites\/2\/2020\/07\/U\u010dimo-ih-za-njihovu-budu\u0107nost-600x548-600x400.jpg"},"header-image-small":{"file":"U\u010dimo-ih-za-njihovu-budu\u0107nost-600x548-600x400.jpg","width":600,"height":400,"mime_type":"image\/jpeg","source_url":"https:\/\/www.rijeka.hr\/en\/wp-content\/uploads\/sites\/2\/2020\/07\/U\u010dimo-ih-za-njihovu-budu\u0107nost-600x548-600x400.jpg"},"subpage-photo":{"file":"U\u010dimo-ih-za-njihovu-budu\u0107nost-600x548-350x250.jpg","width":350,"height":250,"mime_type":"image\/jpeg","source_url":"https:\/\/www.rijeka.hr\/en\/wp-content\/uploads\/sites\/2\/2020\/07\/U\u010dimo-ih-za-njihovu-budu\u0107nost-600x548-350x250.jpg"},"avatar":{"file":"U\u010dimo-ih-za-njihovu-budu\u0107nost-600x548-200x250.jpg","width":200,"height":250,"mime_type":"image\/jpeg","source_url":"https:\/\/www.rijeka.hr\/en\/wp-content\/uploads\/sites\/2\/2020\/07\/U\u010dimo-ih-za-njihovu-budu\u0107nost-600x548-200x250.jpg"},"gallery-thumb":{"file":"U\u010dimo-ih-za-njihovu-budu\u0107nost-600x548-438x400.jpg","width":438,"height":400,"mime_type":"image\/jpeg","source_url":"https:\/\/www.rijeka.hr\/en\/wp-content\/uploads\/sites\/2\/2020\/07\/U\u010dimo-ih-za-njihovu-budu\u0107nost-600x548-438x400.jpg"},"single-photo-medium":{"file":"U\u010dimo-ih-za-njihovu-budu\u0107nost-600x548-500x300.jpg","width":500,"height":300,"mime_type":"image\/jpeg","source_url":"https:\/\/www.rijeka.hr\/en\/wp-content\/uploads\/sites\/2\/2020\/07\/U\u010dimo-ih-za-njihovu-budu\u0107nost-600x548-500x300.jpg"},"banner-photo":{"file":"U\u010dimo-ih-za-njihovu-budu\u0107nost-600x548-310x150.jpg","width":310,"height":150,"mime_type":"image\/jpeg","source_url":"https:\/\/www.rijeka.hr\/en\/wp-content\/uploads\/sites\/2\/2020\/07\/U\u010dimo-ih-za-njihovu-budu\u0107nost-600x548-310x150.jpg"},"full":{"file":"U\u010dimo-ih-za-njihovu-budu\u0107nost-600x548.jpg","width":600,"height":548,"mime_type":"image\/jpeg","source_url":"https:\/\/www.rijeka.hr\/en\/wp-content\/uploads\/sites\/2\/2020\/07\/U\u010dimo-ih-za-njihovu-budu\u0107nost-600x548.jpg"}},"image_meta":{"aperture":"0","credit":"","camera":"","caption":"","created_timestamp":"0","copyright":"","focal_length":"0","iso":"0","shutter_speed":"0","title":"","orientation":"0","keywords":[]}},"post":9531,"source_url":"https:\/\/www.rijeka.hr\/en\/wp-content\/uploads\/sites\/2\/2020\/07\/U\u010dimo-ih-za-njihovu-budu\u0107nost-600x548.jpg","_links":{"self":[{"href":"https:\/\/www.rijeka.hr\/en\/wp-json\/wp\/v2\/media\/9534","targetHints":{"allow":["GET"]}}],"collection":[{"href":"https:\/\/www.rijeka.hr\/en\/wp-json\/wp\/v2\/media"}],"about":[{"href":"https:\/\/www.rijeka.hr\/en\/wp-json\/wp\/v2\/types\/attachment"}],"author":[{"embeddable":true,"href":"https:\/\/www.rijeka.hr\/en\/wp-json\/wp\/v2\/users\/17"}],"replies":[{"embeddable":true,"href":"https:\/\/www.rijeka.hr\/en\/wp-json\/wp\/v2\/comments?post=9534"}]}}

https://www.rijeka.hr/en/wp-content/uploads/sites/2/2020/07/Učimo-ih-za-njihovu-budućnost-600x548.jpg

<!-- This site is optimized with the Yoast SEO plugin v24.4 - https://yoast.com/wordpress/plugins/seo/ -->
<title>Teaching them for their future - City of Rijeka</title>
<meta name="robots" content="index, follow, max-snippet:-1, max-image-preview:large, max-video-preview:-1" />
<link rel="canonical" href="https://www.rijeka.hr/en/wp-content/uploads/sites/2/2020/07/Učimo-ih-za-njihovu-budućnost-600x548.jpg" />
<meta property="og:locale" content="en_US" />
<meta property="og:type" content="article" />
<meta property="og:title" content="Teaching them for their future - City of Rijeka" />
<meta property="og:description" content="Teaching them for their future" />
<meta property="og:url" content="https://www.rijeka.hr/en/wp-content/uploads/sites/2/2020/07/Učimo-ih-za-njihovu-budućnost-600x548.jpg" />
<meta property="og:site_name" content="City of Rijeka" />
<meta property="article:modified_time" content="2020-11-06T14:14:30+00:00" />
<meta property="og:image" content="https://www.rijeka.hr/en/wp-content/uploads/sites/2/2020/07/Učimo-ih-za-njihovu-budućnost-600x548.jpg" />
	<meta property="og:image:width" content="600" />
	<meta property="og:image:height" content="548" />
	<meta property="og:image:type" content="image/jpeg" />
<meta name="twitter:card" content="summary_large_image" />
<script type="application/ld+json" class="yoast-schema-graph">{"@context":"https://schema.org","@graph":[{"@type":"WebPage","@id":"https://www.rijeka.hr/en/wp-content/uploads/sites/2/2020/07/Učimo-ih-za-njihovu-budućnost-600x548.jpg","url":"https://www.rijeka.hr/en/wp-content/uploads/sites/2/2020/07/Učimo-ih-za-njihovu-budućnost-600x548.jpg","name":"Teaching them for their future - City of Rijeka","isPartOf":{"@id":"https://www.rijeka.hr/en/#website"},"datePublished":"2020-07-31T07:21:57+00:00","dateModified":"2020-11-06T14:14:30+00:00","breadcrumb":{"@id":"https://www.rijeka.hr/en/wp-content/uploads/sites/2/2020/07/Učimo-ih-za-njihovu-budućnost-600x548.jpg#breadcrumb"},"inLanguage":"en-US","potentialAction":[{"@type":"ReadAction","target":["https://www.rijeka.hr/en/wp-content/uploads/sites/2/2020/07/Učimo-ih-za-njihovu-budućnost-600x548.jpg"]}]},{"@type":"BreadcrumbList","@id":"https://www.rijeka.hr/en/wp-content/uploads/sites/2/2020/07/Učimo-ih-za-njihovu-budućnost-600x548.jpg#breadcrumb","itemListElement":[{"@type":"ListItem","position":1,"name":"Početna stranica","item":"https://www.rijeka.hr/en/"},{"@type":"ListItem","position":2,"name":"City administration","item":"https://www.rijeka.hr/en/city-government/"},{"@type":"ListItem","position":3,"name":"EU projects","item":"https://www.rijeka.hr/en/city-government/eu-projects/"},{"@type":"ListItem","position":4,"name":"Closed projects","item":"https://www.rijeka.hr/en/city-government/eu-projects/closed-projects/"},{"@type":"ListItem","position":5,"name":"Teaching them for their future","item":"https://www.rijeka.hr/en/city-government/eu-projects/closed-projects/teaching-them-for-their-future/"},{"@type":"ListItem","position":6,"name":"Teaching them for their future"}]},{"@type":"WebSite","@id":"https://www.rijeka.hr/en/#website","url":"https://www.rijeka.hr/en/","name":"City of Rijeka","description":"City of Rijeka web Portal","potentialAction":[{"@type":"SearchAction","target":{"@type":"EntryPoint","urlTemplate":"https://www.rijeka.hr/en/?s={search_term_string}"},"query-input":{"@type":"PropertyValueSpecification","valueRequired":true,"valueName":"search_term_string"}}],"inLanguage":"en-US"}]}</script>
<!-- / Yoast SEO plugin. -->

https://www.rijeka.hr/en/wp-content/uploads/sites/2/2020/07/Učimo-ih-za-njihovu-budućnost-600x548.jpg#breadcrumb

Početna stranica

<p class="attachment"><a href='https://www.rijeka.hr/en/wp-content/uploads/sites/2/2020/07/Učimo-ih-za-njihovu-budućnost-600x548.jpg' title="" data-rl_title="" class="rl-gallery-link" data-rl_caption="" data-rel="lightbox-gallery-0"><img decoding="async" src="https://www.rijeka.hr/en/wp-content/uploads/sites/2/2020/07/Učimo-ih-za-njihovu-budućnost-600x548-600x548.jpg" class="attachment-medium size-medium" alt="Teaching them for their future" srcset="https://www.rijeka.hr/en/wp-content/uploads/sites/2/2020/07/Učimo-ih-za-njihovu-budućnost-600x548.jpg 600w, https://www.rijeka.hr/en/wp-content/uploads/sites/2/2020/07/Učimo-ih-za-njihovu-budućnost-600x548-438x400.jpg 438w" sizes="(max-width: 600px) 100vw, 600px" /></a></p>
<p>Teaching them for their future</p>

2020/07/Učimo-ih-za-njihovu-budućnost-600x548.jpg

Učimo-ih-za-njihovu-budućnost-600x548-250x250.jpg

https://www.rijeka.hr/en/wp-content/uploads/sites/2/2020/07/Učimo-ih-za-njihovu-budućnost-600x548-250x250.jpg

Učimo-ih-za-njihovu-budućnost-600x548-600x548.jpg

https://www.rijeka.hr/en/wp-content/uploads/sites/2/2020/07/Učimo-ih-za-njihovu-budućnost-600x548-600x548.jpg

Učimo-ih-za-njihovu-budućnost-600x548-200x200.jpg

https://www.rijeka.hr/en/wp-content/uploads/sites/2/2020/07/Učimo-ih-za-njihovu-budućnost-600x548-200x200.jpg

Učimo-ih-za-njihovu-budućnost-600x548-600x400.jpg

https://www.rijeka.hr/en/wp-content/uploads/sites/2/2020/07/Učimo-ih-za-njihovu-budućnost-600x548-600x400.jpg

Učimo-ih-za-njihovu-budućnost-600x548-350x250.jpg

https://www.rijeka.hr/en/wp-content/uploads/sites/2/2020/07/Učimo-ih-za-njihovu-budućnost-600x548-350x250.jpg

Učimo-ih-za-njihovu-budućnost-600x548-200x250.jpg

https://www.rijeka.hr/en/wp-content/uploads/sites/2/2020/07/Učimo-ih-za-njihovu-budućnost-600x548-200x250.jpg

Učimo-ih-za-njihovu-budućnost-600x548-438x400.jpg

https://www.rijeka.hr/en/wp-content/uploads/sites/2/2020/07/Učimo-ih-za-njihovu-budućnost-600x548-438x400.jpg

Učimo-ih-za-njihovu-budućnost-600x548-500x300.jpg

https://www.rijeka.hr/en/wp-content/uploads/sites/2/2020/07/Učimo-ih-za-njihovu-budućnost-600x548-500x300.jpg

Učimo-ih-za-njihovu-budućnost-600x548-310x150.jpg

https://www.rijeka.hr/en/wp-content/uploads/sites/2/2020/07/Učimo-ih-za-njihovu-budućnost-600x548-310x150.jpg

Učimo-ih-za-njihovu-budućnost-600x548.jpg
