{"id":1010,"date":"2016-10-28T13:44:48","date_gmt":"2016-10-28T11:44:48","guid":{"rendered":"https:\/\/www.rijeka.hr\/en\/?page_id=1010"},"modified":"2025-07-09T13:49:16","modified_gmt":"2025-07-09T11:49:16","slug":"deputy-mayors","status":"publish","type":"page","link":"https:\/\/www.rijeka.hr\/en\/city-government\/mayor\/deputy-mayors\/","title":{"rendered":"Deputy mayors"},"content":{"rendered":"<p>Mayor <strong>Iva Rin\u010di\u0107<\/strong> is substituted by deputy mayors <strong>Vedran Vivoda<\/strong> and <strong>Aleksandar Sa\u0161a Milakovi\u0107.<\/strong><\/p>\n<p><strong>Contacts:<\/strong><br \/>\nTel. <a href=\"tel:\/\/+385 51 209 525\">+385 51 209 525<\/a><br \/>\nE-mail: <a>&#x7a;&#x61;&#x6d;&#x6a;&#x65;&#x6e;&#x69;&#x63;&#105;&#64;&#114;&#105;&#106;&#101;&#107;a&#46;hr<\/a><\/p>\n<p>&nbsp;<\/p>\n","protected":false},"excerpt":{"rendered":"<p>Mayor Iva Rin\u010di\u0107 is substituted by deputy mayors Vedran Vivoda and Aleksandar Sa\u0161a Milakovi\u0107. Contacts: Tel. +385 51 209 525 E-mail: &#x7a;&#x61;&#x6d;&#x6a;&#x65;&#x6e;&#x69;&#x63;&#x69;&#x40;&#x72;&#105;&#106;&#101;&#107;&#97;&#46;&#104;r &nbsp;<\/p>\n","protected":false},"author":2,"featured_media":0,"parent":1004,"menu_order":10,"comment_status":"closed","ping_status":"closed","template":"","meta":{"_acf_changed":false,"_trash_the_other_posts":false,"footnotes":"","_links_to":"","_links_to_target":""},"tags":[],"class_list":["post-1010","page","type-page","status-publish","hentry"],"acf":[],"yoast_head":"<!-- This site is optimized with the Yoast SEO plugin v24.4 - https:\/\/yoast.com\/wordpress\/plugins\/seo\/ -->\n<title>Deputy mayors - City of Rijeka<\/title>\n<meta name=\"robots\" content=\"index, follow, max-snippet:-1, max-image-preview:large, max-video-preview:-1\" \/>\n<link rel=\"canonical\" href=\"https:\/\/www.rijeka.hr\/en\/city-government\/mayor\/deputy-mayors\/\" \/>\n<meta property=\"og:locale\" content=\"en_US\" \/>\n<meta property=\"og:type\" content=\"article\" \/>\n<meta property=\"og:title\" content=\"Deputy mayors - City of Rijeka\" \/>\n<meta property=\"og:description\" content=\"Mayor Iva Rin\u010di\u0107 is substituted by deputy mayors Vedran Vivoda and Aleksandar Sa\u0161a Milakovi\u0107. Contacts: Tel. +385 51 209 525 E-mail: &#x7a;&#097;&#x6d;&#x6a;e&#x6e;&#105;c&#x69;&#064;r&#x69;&#106;&#x65;&#x6b;a&#x2e;&#104;r &nbsp;\" \/>\n<meta property=\"og:url\" content=\"https:\/\/www.rijeka.hr\/en\/city-government\/mayor\/deputy-mayors\/\" \/>\n<meta property=\"og:site_name\" content=\"City of Rijeka\" \/>\n<meta property=\"article:modified_time\" content=\"2025-07-09T11:49:16+00:00\" \/>\n<meta name=\"twitter:card\" content=\"summary_large_image\" \/>\n<meta name=\"twitter:label1\" content=\"Est. reading time\" \/>\n\t<meta name=\"twitter:data1\" content=\"1 minute\" \/>\n<script type=\"application\/ld+json\" class=\"yoast-schema-graph\">{\"@context\":\"https:\/\/schema.org\",\"@graph\":[{\"@type\":\"WebPage\",\"@id\":\"https:\/\/www.rijeka.hr\/en\/city-government\/mayor\/deputy-mayors\/\",\"url\":\"https:\/\/www.rijeka.hr\/en\/city-government\/mayor\/deputy-mayors\/\",\"name\":\"Deputy mayors - City of Rijeka\",\"isPartOf\":{\"@id\":\"https:\/\/www.rijeka.hr\/en\/#website\"},\"datePublished\":\"2016-10-28T11:44:48+00:00\",\"dateModified\":\"2025-07-09T11:49:16+00:00\",\"breadcrumb\":{\"@id\":\"https:\/\/www.rijeka.hr\/en\/city-government\/mayor\/deputy-mayors\/#breadcrumb\"},\"inLanguage\":\"en-US\",\"potentialAction\":[{\"@type\":\"ReadAction\",\"target\":[\"https:\/\/www.rijeka.hr\/en\/city-government\/mayor\/deputy-mayors\/\"]}]},{\"@type\":\"BreadcrumbList\",\"@id\":\"https:\/\/www.rijeka.hr\/en\/city-government\/mayor\/deputy-mayors\/#breadcrumb\",\"itemListElement\":[{\"@type\":\"ListItem\",\"position\":1,\"name\":\"Po\u010detna stranica\",\"item\":\"https:\/\/www.rijeka.hr\/en\/\"},{\"@type\":\"ListItem\",\"position\":2,\"name\":\"City administration\",\"item\":\"https:\/\/www.rijeka.hr\/en\/city-government\/\"},{\"@type\":\"ListItem\",\"position\":3,\"name\":\"Mayor\",\"item\":\"https:\/\/www.rijeka.hr\/en\/city-government\/mayor\/\"},{\"@type\":\"ListItem\",\"position\":4,\"name\":\"Deputy mayors\"}]},{\"@type\":\"WebSite\",\"@id\":\"https:\/\/www.rijeka.hr\/en\/#website\",\"url\":\"https:\/\/www.rijeka.hr\/en\/\",\"name\":\"City of Rijeka\",\"description\":\"City of Rijeka web Portal\",\"potentialAction\":[{\"@type\":\"SearchAction\",\"target\":{\"@type\":\"EntryPoint\",\"urlTemplate\":\"https:\/\/www.rijeka.hr\/en\/?s={search_term_string}\"},\"query-input\":{\"@type\":\"PropertyValueSpecification\",\"valueRequired\":true,\"valueName\":\"search_term_string\"}}],\"inLanguage\":\"en-US\"}]}<\/script>\n<!-- \/ Yoast SEO plugin. -->","yoast_head_json":{"title":"Deputy mayors - City of Rijeka","robots":{"index":"index","follow":"follow","max-snippet":"max-snippet:-1","max-image-preview":"max-image-preview:large","max-video-preview":"max-video-preview:-1"},"canonical":"https:\/\/www.rijeka.hr\/en\/city-government\/mayor\/deputy-mayors\/","og_locale":"en_US","og_type":"article","og_title":"Deputy mayors - City of Rijeka","og_description":"Mayor Iva Rin\u010di\u0107 is substituted by deputy mayors Vedran Vivoda and Aleksandar Sa\u0161a Milakovi\u0107. Contacts: Tel. +385 51 209 525 E-mail: &#x7a;&#97;&#x6d;&#x6a;e&#x6e;&#105;c&#x69;&#64;r&#x69;&#106;&#x65;&#x6b;a&#x2e;&#104;r &nbsp;","og_url":"https:\/\/www.rijeka.hr\/en\/city-government\/mayor\/deputy-mayors\/","og_site_name":"City of Rijeka","article_modified_time":"2025-07-09T11:49:16+00:00","twitter_card":"summary_large_image","twitter_misc":{"Est. reading time":"1 minute"},"schema":{"@context":"https:\/\/schema.org","@graph":[{"@type":"WebPage","@id":"https:\/\/www.rijeka.hr\/en\/city-government\/mayor\/deputy-mayors\/","url":"https:\/\/www.rijeka.hr\/en\/city-government\/mayor\/deputy-mayors\/","name":"Deputy mayors - City of Rijeka","isPartOf":{"@id":"https:\/\/www.rijeka.hr\/en\/#website"},"datePublished":"2016-10-28T11:44:48+00:00","dateModified":"2025-07-09T11:49:16+00:00","breadcrumb":{"@id":"https:\/\/www.rijeka.hr\/en\/city-government\/mayor\/deputy-mayors\/#breadcrumb"},"inLanguage":"en-US","potentialAction":[{"@type":"ReadAction","target":["https:\/\/www.rijeka.hr\/en\/city-government\/mayor\/deputy-mayors\/"]}]},{"@type":"BreadcrumbList","@id":"https:\/\/www.rijeka.hr\/en\/city-government\/mayor\/deputy-mayors\/#breadcrumb","itemListElement":[{"@type":"ListItem","position":1,"name":"Po\u010detna stranica","item":"https:\/\/www.rijeka.hr\/en\/"},{"@type":"ListItem","position":2,"name":"City administration","item":"https:\/\/www.rijeka.hr\/en\/city-government\/"},{"@type":"ListItem","position":3,"name":"Mayor","item":"https:\/\/www.rijeka.hr\/en\/city-government\/mayor\/"},{"@type":"ListItem","position":4,"name":"Deputy mayors"}]},{"@type":"WebSite","@id":"https:\/\/www.rijeka.hr\/en\/#website","url":"https:\/\/www.rijeka.hr\/en\/","name":"City of Rijeka","description":"City of Rijeka web Portal","potentialAction":[{"@type":"SearchAction","target":{"@type":"EntryPoint","urlTemplate":"https:\/\/www.rijeka.hr\/en\/?s={search_term_string}"},"query-input":{"@type":"PropertyValueSpecification","valueRequired":true,"valueName":"search_term_string"}}],"inLanguage":"en-US"}]}},"_links":{"self":[{"href":"https:\/\/www.rijeka.hr\/en\/wp-json\/wp\/v2\/pages\/1010","targetHints":{"allow":["GET"]}}],"collection":[{"href":"https:\/\/www.rijeka.hr\/en\/wp-json\/wp\/v2\/pages"}],"about":[{"href":"https:\/\/www.rijeka.hr\/en\/wp-json\/wp\/v2\/types\/page"}],"author":[{"embeddable":true,"href":"https:\/\/www.rijeka.hr\/en\/wp-json\/wp\/v2\/users\/2"}],"replies":[{"embeddable":true,"href":"https:\/\/www.rijeka.hr\/en\/wp-json\/wp\/v2\/comments?post=1010"}],"version-history":[{"count":4,"href":"https:\/\/www.rijeka.hr\/en\/wp-json\/wp\/v2\/pages\/1010\/revisions"}],"predecessor-version":[{"id":14543,"href":"https:\/\/www.rijeka.hr\/en\/wp-json\/wp\/v2\/pages\/1010\/revisions\/14543"}],"up":[{"embeddable":true,"href":"https:\/\/www.rijeka.hr\/en\/wp-json\/wp\/v2\/pages\/1004"}],"wp:attachment":[{"href":"https:\/\/www.rijeka.hr\/en\/wp-json\/wp\/v2\/media?parent=1010"}],"wp:term":[{"taxonomy":"post_tag","embeddable":true,"href":"https:\/\/www.rijeka.hr\/en\/wp-json\/wp\/v2\/tags?post=1010"}],"curies":[{"name":"wp","href":"https:\/\/api.w.org\/{rel}","templated":true}]}}

<p>Mayor <strong>Iva Rinčić</strong> is substituted by deputy mayors <strong>Vedran Vivoda</strong> and <strong>Aleksandar Saša Milaković.</strong></p>
<p><strong>Contacts:</strong><br />
Tel. <a href="tel://+385 51 209 525">+385 51 209 525</a><br />
E-mail: <a>&#x7a;&#x61;&#x6d;&#x6a;&#x65;&#x6e;&#x69;&#x63;&#105;&#64;&#114;&#105;&#106;&#101;&#107;a&#46;hr</a></p>
<p>&nbsp;</p>

<p>Mayor Iva Rinčić is substituted by deputy mayors Vedran Vivoda and Aleksandar Saša Milaković. Contacts: Tel. +385 51 209 525 E-mail: &#x7a;&#x61;&#x6d;&#x6a;&#x65;&#x6e;&#x69;&#x63;&#x69;&#x40;&#x72;&#105;&#106;&#101;&#107;&#97;&#46;&#104;r &nbsp;</p>

<!-- This site is optimized with the Yoast SEO plugin v24.4 - https://yoast.com/wordpress/plugins/seo/ -->
<title>Deputy mayors - City of Rijeka</title>
<meta name="robots" content="index, follow, max-snippet:-1, max-image-preview:large, max-video-preview:-1" />
<link rel="canonical" href="https://www.rijeka.hr/en/city-government/mayor/deputy-mayors/" />
<meta property="og:locale" content="en_US" />
<meta property="og:type" content="article" />
<meta property="og:title" content="Deputy mayors - City of Rijeka" />
<meta property="og:description" content="Mayor Iva Rinčić is substituted by deputy mayors Vedran Vivoda and Aleksandar Saša Milaković. Contacts: Tel. +385 51 209 525 E-mail: &#x7a;&#097;&#x6d;&#x6a;e&#x6e;&#105;c&#x69;&#064;r&#x69;&#106;&#x65;&#x6b;a&#x2e;&#104;r &nbsp;" />
<meta property="og:url" content="https://www.rijeka.hr/en/city-government/mayor/deputy-mayors/" />
<meta property="og:site_name" content="City of Rijeka" />
<meta property="article:modified_time" content="2025-07-09T11:49:16+00:00" />
<meta name="twitter:card" content="summary_large_image" />
<meta name="twitter:label1" content="Est. reading time" />
	<meta name="twitter:data1" content="1 minute" />
<script type="application/ld+json" class="yoast-schema-graph">{"@context":"https://schema.org","@graph":[{"@type":"WebPage","@id":"https://www.rijeka.hr/en/city-government/mayor/deputy-mayors/","url":"https://www.rijeka.hr/en/city-government/mayor/deputy-mayors/","name":"Deputy mayors - City of Rijeka","isPartOf":{"@id":"https://www.rijeka.hr/en/#website"},"datePublished":"2016-10-28T11:44:48+00:00","dateModified":"2025-07-09T11:49:16+00:00","breadcrumb":{"@id":"https://www.rijeka.hr/en/city-government/mayor/deputy-mayors/#breadcrumb"},"inLanguage":"en-US","potentialAction":[{"@type":"ReadAction","target":["https://www.rijeka.hr/en/city-government/mayor/deputy-mayors/"]}]},{"@type":"BreadcrumbList","@id":"https://www.rijeka.hr/en/city-government/mayor/deputy-mayors/#breadcrumb","itemListElement":[{"@type":"ListItem","position":1,"name":"Početna stranica","item":"https://www.rijeka.hr/en/"},{"@type":"ListItem","position":2,"name":"City administration","item":"https://www.rijeka.hr/en/city-government/"},{"@type":"ListItem","position":3,"name":"Mayor","item":"https://www.rijeka.hr/en/city-government/mayor/"},{"@type":"ListItem","position":4,"name":"Deputy mayors"}]},{"@type":"WebSite","@id":"https://www.rijeka.hr/en/#website","url":"https://www.rijeka.hr/en/","name":"City of Rijeka","description":"City of Rijeka web Portal","potentialAction":[{"@type":"SearchAction","target":{"@type":"EntryPoint","urlTemplate":"https://www.rijeka.hr/en/?s={search_term_string}"},"query-input":{"@type":"PropertyValueSpecification","valueRequired":true,"valueName":"search_term_string"}}],"inLanguage":"en-US"}]}</script>
<!-- / Yoast SEO plugin. -->

Mayor Iva Rinčić is substituted by deputy mayors Vedran Vivoda and Aleksandar Saša Milaković. Contacts: Tel. +385 51 209 525 E-mail: &#x7a;&#97;&#x6d;&#x6a;e&#x6e;&#105;c&#x69;&#64;r&#x69;&#106;&#x65;&#x6b;a&#x2e;&#104;r &nbsp;

Početna stranica
