{"id":1597,"date":"2016-11-21T15:53:03","date_gmt":"2016-11-21T14:53:03","guid":{"rendered":"https:\/\/www.rijeka.hr\/en\/?page_id=1597"},"modified":"2025-08-22T08:39:41","modified_gmt":"2025-08-22T06:39:41","slug":"sastav-gradskog-vijeca","status":"publish","type":"page","link":"https:\/\/www.rijeka.hr\/en\/city-government\/city-council\/sastav-gradskog-vijeca\/","title":{"rendered":"Councillors \u2013 Mandate 2013 \u2013 2017"},"content":{"rendered":"<p><strong>President:<\/strong><\/p>\n<ul>\n<li>Dorotea Pe\u0161i\u0107 &#8211; Bukovac\u00a0(IDS)<\/li>\n<\/ul>\n<p><strong>Vice presidents:<\/strong><\/p>\n<ul>\n<li>Petra Karaniki\u0107 (SDP)<\/li>\n<li>Hrvoje Buri\u0107 (Independent)<strong><br \/>\n<\/strong><\/li>\n<\/ul>\n<p><strong>Members:<\/strong><\/p>\n<p><strong>Social Democratic Party of Croatia (SDP):<\/strong><\/p>\n<ul>\n<li>Aleksandar Bulog<\/li>\n<li>Ivan Ivani\u0161<\/li>\n<li>Ana Kompari\u0107 Dev\u010di\u0107<\/li>\n<li>Sandra Krpan<\/li>\n<li>Ida Mahmutefendi\u0107<\/li>\n<li>Ljiljana Mihi\u0107<\/li>\n<li>Du\u0161ko Milovanovi\u0107<\/li>\n<li>Vuk Prica<\/li>\n<li>Walter Volk<\/li>\n<\/ul>\n<p><strong>Croatian People&#8217;s Party (HNS):<\/strong><\/p>\n<ul>\n<li>Snje\u017eana \u010cop<\/li>\n<li>Sandro Vizler<\/li>\n<\/ul>\n<p><strong>Croatian Party of Pensioners (HSU):<\/strong><\/p>\n<ul>\n<li>Ljiljana Cvjetovi\u0107<\/li>\n<li>Gordana Petrovi\u0107<\/li>\n<li>Davor Zubovi\u0107<\/li>\n<\/ul>\n<p><strong>Autonomous Regional Party (ARS):<\/strong><\/p>\n<ul>\n<li>Jagoda \u0160palj<\/li>\n<\/ul>\n<p><strong>Independent Democratic Serbian Party (SDSS):<\/strong><\/p>\n<ul>\n<li>Mile Opa\u010di\u0107<\/li>\n<\/ul>\n<p><strong>Croatian Democratic Union (HDZ):<\/strong><\/p>\n<ul>\n<li>Teo Bo\u017eani\u0107<\/li>\n<li>dr.sc. Vesna Buterin<\/li>\n<li>dr.sc. Tea \u010caljku\u0161i\u0107 &#8211; Mance<\/li>\n<li>Marijan Perica<\/li>\n<li>Stjepan Dobovi\u010dek<\/li>\n<\/ul>\n<p><strong>Croatian Labourists &#8211; Labour Party<\/strong><\/p>\n<ul>\n<li>Milena Kraljevi\u0107<\/li>\n<li>Vedran Sabljak<\/li>\n<\/ul>\n<p><strong>Alliance of Primorje \u2013 Gorski Kotar (PGS)<\/strong><\/p>\n<ul>\n<li>dr.sc. Nikola Ivani\u0161<\/li>\n<li>Sanjin Kajba<\/li>\n<li>Ana Tro\u0161elj<\/li>\n<\/ul>\n<p><strong>Youth Action \u00a0(AM):<\/strong><\/p>\n<ul>\n<li>Andrej Bri\u0161\u010dik\u00a0<strong><br \/>\n<\/strong><\/li>\n<\/ul>\n<p><strong>List for Rijeka (RI)<\/strong>:<\/p>\n<ul>\n<li>Predrag Mileti\u0107<\/li>\n<li>Danko \u0160vorini\u0107<\/li>\n<\/ul>\n<p><strong>Independent:<\/strong><\/p>\n<ul>\n<li>Ljubica Dujmovi\u0107 \u2013 Kosovac<\/li>\n<li>Nikolina Mil\u010di\u0107<\/li>\n<li>Danijel Paliska<\/li>\n<\/ul>\n\n    <div class=\"featured-pages\">\n\n        <ul>\n                            <li><a href=\"https:\/\/www.rijeka.hr\/en\/?page_id=1584\">Private: City council structure chart<\/a><\/li>\n                            <li><a href=\"https:\/\/www.rijeka.hr\/en\/?page_id=1586\">Private: Representation of parties as of the date of constituting the City Council<\/a><\/li>\n                            <li><a href=\"https:\/\/www.rijeka.hr\/en\/?page_id=1589\">Private: Clubs of City Council members<\/a><\/li>\n                            <li><a href=\"https:\/\/www.rijeka.hr\/en\/?page_id=1591\">Private: Statistical data on City council composition<\/a><\/li>\n                            <li><a href=\"https:\/\/www.rijeka.hr\/en\/?page_id=1595\">Private: City Council members whose term of office has been inactivated<\/a><\/li>\n                            <li><a href=\"https:\/\/www.rijeka.hr\/en\/?page_id=1594\">Private: City Council members whose term of office has terminated<\/a><\/li>\n                    <\/ul>\n \n    <\/div>\n\n    \n","protected":false},"excerpt":{"rendered":"<p>President: Dorotea Pe\u0161i\u0107 &#8211; Bukovac\u00a0(IDS) Vice presidents: Petra Karaniki\u0107 (SDP) Hrvoje Buri\u0107 (Independent) Members: Social Democratic Party of Croatia (SDP): Aleksandar Bulog Ivan Ivani\u0161 Ana Kompari\u0107 Dev\u010di\u0107 Sandra Krpan Ida Mahmutefendi\u0107 Ljiljana Mihi\u0107 Du\u0161ko Milovanovi\u0107 Vuk Prica Walter Volk Croatian People&#8217;s Party (HNS): Snje\u017eana \u010cop Sandro Vizler Croatian Party of Pensioners (HSU): Ljiljana Cvjetovi\u0107 Gordana&#8230;<\/p>\n","protected":false},"author":13,"featured_media":0,"parent":1019,"menu_order":179,"comment_status":"closed","ping_status":"closed","template":"","meta":{"_acf_changed":false,"_trash_the_other_posts":false,"footnotes":"","_links_to":"","_links_to_target":""},"tags":[],"class_list":["post-1597","page","type-page","status-publish","hentry"],"acf":[],"yoast_head":"<!-- This site is optimized with the Yoast SEO plugin v24.4 - https:\/\/yoast.com\/wordpress\/plugins\/seo\/ -->\n<title>Councillors \u2013 Mandate 2013 \u2013 2017 - City of Rijeka<\/title>\n<meta name=\"robots\" content=\"index, follow, max-snippet:-1, max-image-preview:large, max-video-preview:-1\" \/>\n<link rel=\"canonical\" href=\"https:\/\/www.rijeka.hr\/en\/city-government\/city-council\/sastav-gradskog-vijeca\/\" \/>\n<meta property=\"og:locale\" content=\"en_US\" \/>\n<meta property=\"og:type\" content=\"article\" \/>\n<meta property=\"og:title\" content=\"Councillors \u2013 Mandate 2013 \u2013 2017 - City of Rijeka\" \/>\n<meta property=\"og:description\" content=\"President: Dorotea Pe\u0161i\u0107 &#8211; Bukovac\u00a0(IDS) Vice presidents: Petra Karaniki\u0107 (SDP) Hrvoje Buri\u0107 (Independent) Members: Social Democratic Party of Croatia (SDP): Aleksandar Bulog Ivan Ivani\u0161 Ana Kompari\u0107 Dev\u010di\u0107 Sandra Krpan Ida Mahmutefendi\u0107 Ljiljana Mihi\u0107 Du\u0161ko Milovanovi\u0107 Vuk Prica Walter Volk Croatian People&#8217;s Party (HNS): Snje\u017eana \u010cop Sandro Vizler Croatian Party of Pensioners (HSU): Ljiljana Cvjetovi\u0107 Gordana...\" \/>\n<meta property=\"og:url\" content=\"https:\/\/www.rijeka.hr\/en\/city-government\/city-council\/sastav-gradskog-vijeca\/\" \/>\n<meta property=\"og:site_name\" content=\"City of Rijeka\" \/>\n<meta property=\"article:modified_time\" content=\"2025-08-22T06:39:41+00:00\" \/>\n<meta name=\"twitter:card\" content=\"summary_large_image\" \/>\n<meta name=\"twitter:label1\" content=\"Est. reading time\" \/>\n\t<meta name=\"twitter:data1\" content=\"1 minute\" \/>\n<script type=\"application\/ld+json\" class=\"yoast-schema-graph\">{\"@context\":\"https:\/\/schema.org\",\"@graph\":[{\"@type\":\"WebPage\",\"@id\":\"https:\/\/www.rijeka.hr\/en\/city-government\/city-council\/sastav-gradskog-vijeca\/\",\"url\":\"https:\/\/www.rijeka.hr\/en\/city-government\/city-council\/sastav-gradskog-vijeca\/\",\"name\":\"Councillors \u2013 Mandate 2013 \u2013 2017 - City of Rijeka\",\"isPartOf\":{\"@id\":\"https:\/\/www.rijeka.hr\/en\/#website\"},\"datePublished\":\"2016-11-21T14:53:03+00:00\",\"dateModified\":\"2025-08-22T06:39:41+00:00\",\"breadcrumb\":{\"@id\":\"https:\/\/www.rijeka.hr\/en\/city-government\/city-council\/sastav-gradskog-vijeca\/#breadcrumb\"},\"inLanguage\":\"en-US\",\"potentialAction\":[{\"@type\":\"ReadAction\",\"target\":[\"https:\/\/www.rijeka.hr\/en\/city-government\/city-council\/sastav-gradskog-vijeca\/\"]}]},{\"@type\":\"BreadcrumbList\",\"@id\":\"https:\/\/www.rijeka.hr\/en\/city-government\/city-council\/sastav-gradskog-vijeca\/#breadcrumb\",\"itemListElement\":[{\"@type\":\"ListItem\",\"position\":1,\"name\":\"Po\u010detna stranica\",\"item\":\"https:\/\/www.rijeka.hr\/en\/\"},{\"@type\":\"ListItem\",\"position\":2,\"name\":\"City administration\",\"item\":\"https:\/\/www.rijeka.hr\/en\/city-government\/\"},{\"@type\":\"ListItem\",\"position\":3,\"name\":\"City Council\",\"item\":\"https:\/\/www.rijeka.hr\/en\/city-government\/city-council\/\"},{\"@type\":\"ListItem\",\"position\":4,\"name\":\"Councillors \u2013 Mandate 2013 \u2013 2017\"}]},{\"@type\":\"WebSite\",\"@id\":\"https:\/\/www.rijeka.hr\/en\/#website\",\"url\":\"https:\/\/www.rijeka.hr\/en\/\",\"name\":\"City of Rijeka\",\"description\":\"City of Rijeka web Portal\",\"potentialAction\":[{\"@type\":\"SearchAction\",\"target\":{\"@type\":\"EntryPoint\",\"urlTemplate\":\"https:\/\/www.rijeka.hr\/en\/?s={search_term_string}\"},\"query-input\":{\"@type\":\"PropertyValueSpecification\",\"valueRequired\":true,\"valueName\":\"search_term_string\"}}],\"inLanguage\":\"en-US\"}]}<\/script>\n<!-- \/ Yoast SEO plugin. -->","yoast_head_json":{"title":"Councillors \u2013 Mandate 2013 \u2013 2017 - City of Rijeka","robots":{"index":"index","follow":"follow","max-snippet":"max-snippet:-1","max-image-preview":"max-image-preview:large","max-video-preview":"max-video-preview:-1"},"canonical":"https:\/\/www.rijeka.hr\/en\/city-government\/city-council\/sastav-gradskog-vijeca\/","og_locale":"en_US","og_type":"article","og_title":"Councillors \u2013 Mandate 2013 \u2013 2017 - City of Rijeka","og_description":"President: Dorotea Pe\u0161i\u0107 &#8211; Bukovac\u00a0(IDS) Vice presidents: Petra Karaniki\u0107 (SDP) Hrvoje Buri\u0107 (Independent) Members: Social Democratic Party of Croatia (SDP): Aleksandar Bulog Ivan Ivani\u0161 Ana Kompari\u0107 Dev\u010di\u0107 Sandra Krpan Ida Mahmutefendi\u0107 Ljiljana Mihi\u0107 Du\u0161ko Milovanovi\u0107 Vuk Prica Walter Volk Croatian People&#8217;s Party (HNS): Snje\u017eana \u010cop Sandro Vizler Croatian Party of Pensioners (HSU): Ljiljana Cvjetovi\u0107 Gordana...","og_url":"https:\/\/www.rijeka.hr\/en\/city-government\/city-council\/sastav-gradskog-vijeca\/","og_site_name":"City of Rijeka","article_modified_time":"2025-08-22T06:39:41+00:00","twitter_card":"summary_large_image","twitter_misc":{"Est. reading time":"1 minute"},"schema":{"@context":"https:\/\/schema.org","@graph":[{"@type":"WebPage","@id":"https:\/\/www.rijeka.hr\/en\/city-government\/city-council\/sastav-gradskog-vijeca\/","url":"https:\/\/www.rijeka.hr\/en\/city-government\/city-council\/sastav-gradskog-vijeca\/","name":"Councillors \u2013 Mandate 2013 \u2013 2017 - City of Rijeka","isPartOf":{"@id":"https:\/\/www.rijeka.hr\/en\/#website"},"datePublished":"2016-11-21T14:53:03+00:00","dateModified":"2025-08-22T06:39:41+00:00","breadcrumb":{"@id":"https:\/\/www.rijeka.hr\/en\/city-government\/city-council\/sastav-gradskog-vijeca\/#breadcrumb"},"inLanguage":"en-US","potentialAction":[{"@type":"ReadAction","target":["https:\/\/www.rijeka.hr\/en\/city-government\/city-council\/sastav-gradskog-vijeca\/"]}]},{"@type":"BreadcrumbList","@id":"https:\/\/www.rijeka.hr\/en\/city-government\/city-council\/sastav-gradskog-vijeca\/#breadcrumb","itemListElement":[{"@type":"ListItem","position":1,"name":"Po\u010detna stranica","item":"https:\/\/www.rijeka.hr\/en\/"},{"@type":"ListItem","position":2,"name":"City administration","item":"https:\/\/www.rijeka.hr\/en\/city-government\/"},{"@type":"ListItem","position":3,"name":"City Council","item":"https:\/\/www.rijeka.hr\/en\/city-government\/city-council\/"},{"@type":"ListItem","position":4,"name":"Councillors \u2013 Mandate 2013 \u2013 2017"}]},{"@type":"WebSite","@id":"https:\/\/www.rijeka.hr\/en\/#website","url":"https:\/\/www.rijeka.hr\/en\/","name":"City of Rijeka","description":"City of Rijeka web Portal","potentialAction":[{"@type":"SearchAction","target":{"@type":"EntryPoint","urlTemplate":"https:\/\/www.rijeka.hr\/en\/?s={search_term_string}"},"query-input":{"@type":"PropertyValueSpecification","valueRequired":true,"valueName":"search_term_string"}}],"inLanguage":"en-US"}]}},"_links":{"self":[{"href":"https:\/\/www.rijeka.hr\/en\/wp-json\/wp\/v2\/pages\/1597","targetHints":{"allow":["GET"]}}],"collection":[{"href":"https:\/\/www.rijeka.hr\/en\/wp-json\/wp\/v2\/pages"}],"about":[{"href":"https:\/\/www.rijeka.hr\/en\/wp-json\/wp\/v2\/types\/page"}],"author":[{"embeddable":true,"href":"https:\/\/www.rijeka.hr\/en\/wp-json\/wp\/v2\/users\/13"}],"replies":[{"embeddable":true,"href":"https:\/\/www.rijeka.hr\/en\/wp-json\/wp\/v2\/comments?post=1597"}],"version-history":[{"count":3,"href":"https:\/\/www.rijeka.hr\/en\/wp-json\/wp\/v2\/pages\/1597\/revisions"}],"predecessor-version":[{"id":14649,"href":"https:\/\/www.rijeka.hr\/en\/wp-json\/wp\/v2\/pages\/1597\/revisions\/14649"}],"up":[{"embeddable":true,"href":"https:\/\/www.rijeka.hr\/en\/wp-json\/wp\/v2\/pages\/1019"}],"wp:attachment":[{"href":"https:\/\/www.rijeka.hr\/en\/wp-json\/wp\/v2\/media?parent=1597"}],"wp:term":[{"taxonomy":"post_tag","embeddable":true,"href":"https:\/\/www.rijeka.hr\/en\/wp-json\/wp\/v2\/tags?post=1597"}],"curies":[{"name":"wp","href":"https:\/\/api.w.org\/{rel}","templated":true}]}}

<p><strong>President:</strong></p>
<ul>
<li>Dorotea Pešić &#8211; Bukovac (IDS)</li>
</ul>
<p><strong>Vice presidents:</strong></p>
<ul>
<li>Petra Karanikić (SDP)</li>
<li>Hrvoje Burić (Independent)<strong><br />
</strong></li>
</ul>
<p><strong>Members:</strong></p>
<p><strong>Social Democratic Party of Croatia (SDP):</strong></p>
<ul>
<li>Aleksandar Bulog</li>
<li>Ivan Ivaniš</li>
<li>Ana Komparić Devčić</li>
<li>Sandra Krpan</li>
<li>Ida Mahmutefendić</li>
<li>Ljiljana Mihić</li>
<li>Duško Milovanović</li>
<li>Vuk Prica</li>
<li>Walter Volk</li>
</ul>
<p><strong>Croatian People&#8217;s Party (HNS):</strong></p>
<ul>
<li>Snježana Čop</li>
<li>Sandro Vizler</li>
</ul>
<p><strong>Croatian Party of Pensioners (HSU):</strong></p>
<ul>
<li>Ljiljana Cvjetović</li>
<li>Gordana Petrović</li>
<li>Davor Zubović</li>
</ul>
<p><strong>Autonomous Regional Party (ARS):</strong></p>
<ul>
<li>Jagoda Špalj</li>
</ul>
<p><strong>Independent Democratic Serbian Party (SDSS):</strong></p>
<ul>
<li>Mile Opačić</li>
</ul>
<p><strong>Croatian Democratic Union (HDZ):</strong></p>
<ul>
<li>Teo Božanić</li>
<li>dr.sc. Vesna Buterin</li>
<li>dr.sc. Tea Čaljkušić &#8211; Mance</li>
<li>Marijan Perica</li>
<li>Stjepan Doboviček</li>
</ul>
<p><strong>Croatian Labourists &#8211; Labour Party</strong></p>
<ul>
<li>Milena Kraljević</li>
<li>Vedran Sabljak</li>
</ul>
<p><strong>Alliance of Primorje – Gorski Kotar (PGS)</strong></p>
<ul>
<li>dr.sc. Nikola Ivaniš</li>
<li>Sanjin Kajba</li>
<li>Ana Trošelj</li>
</ul>
<p><strong>Youth Action  (AM):</strong></p>
<ul>
<li>Andrej Briščik <strong><br />
</strong></li>
</ul>
<p><strong>List for Rijeka (RI)</strong>:</p>
<ul>
<li>Predrag Miletić</li>
<li>Danko Švorinić</li>
</ul>
<p><strong>Independent:</strong></p>
<ul>
<li>Ljubica Dujmović – Kosovac</li>
<li>Nikolina Milčić</li>
<li>Danijel Paliska</li>
</ul>

    <div class="featured-pages">

        <ul>
                            <li><a href="https://www.rijeka.hr/en/?page_id=1584">Private: City council structure chart</a></li>
                            <li><a href="https://www.rijeka.hr/en/?page_id=1586">Private: Representation of parties as of the date of constituting the City Council</a></li>
                            <li><a href="https://www.rijeka.hr/en/?page_id=1589">Private: Clubs of City Council members</a></li>
                            <li><a href="https://www.rijeka.hr/en/?page_id=1591">Private: Statistical data on City council composition</a></li>
                            <li><a href="https://www.rijeka.hr/en/?page_id=1595">Private: City Council members whose term of office has been inactivated</a></li>
                            <li><a href="https://www.rijeka.hr/en/?page_id=1594">Private: City Council members whose term of office has terminated</a></li>
                    </ul>
 
    </div>

<p>President: Dorotea Pešić &#8211; Bukovac (IDS) Vice presidents: Petra Karanikić (SDP) Hrvoje Burić (Independent) Members: Social Democratic Party of Croatia (SDP): Aleksandar Bulog Ivan Ivaniš Ana Komparić Devčić Sandra Krpan Ida Mahmutefendić Ljiljana Mihić Duško Milovanović Vuk Prica Walter Volk Croatian People&#8217;s Party (HNS): Snježana Čop Sandro Vizler Croatian Party of Pensioners (HSU): Ljiljana Cvjetović Gordana&#8230;</p>

<!-- This site is optimized with the Yoast SEO plugin v24.4 - https://yoast.com/wordpress/plugins/seo/ -->
<title>Councillors – Mandate 2013 – 2017 - City of Rijeka</title>
<meta name="robots" content="index, follow, max-snippet:-1, max-image-preview:large, max-video-preview:-1" />
<link rel="canonical" href="https://www.rijeka.hr/en/city-government/city-council/sastav-gradskog-vijeca/" />
<meta property="og:locale" content="en_US" />
<meta property="og:type" content="article" />
<meta property="og:title" content="Councillors – Mandate 2013 – 2017 - City of Rijeka" />
<meta property="og:description" content="President: Dorotea Pešić &#8211; Bukovac (IDS) Vice presidents: Petra Karanikić (SDP) Hrvoje Burić (Independent) Members: Social Democratic Party of Croatia (SDP): Aleksandar Bulog Ivan Ivaniš Ana Komparić Devčić Sandra Krpan Ida Mahmutefendić Ljiljana Mihić Duško Milovanović Vuk Prica Walter Volk Croatian People&#8217;s Party (HNS): Snježana Čop Sandro Vizler Croatian Party of Pensioners (HSU): Ljiljana Cvjetović Gordana..." />
<meta property="og:url" content="https://www.rijeka.hr/en/city-government/city-council/sastav-gradskog-vijeca/" />
<meta property="og:site_name" content="City of Rijeka" />
<meta property="article:modified_time" content="2025-08-22T06:39:41+00:00" />
<meta name="twitter:card" content="summary_large_image" />
<meta name="twitter:label1" content="Est. reading time" />
	<meta name="twitter:data1" content="1 minute" />
<script type="application/ld+json" class="yoast-schema-graph">{"@context":"https://schema.org","@graph":[{"@type":"WebPage","@id":"https://www.rijeka.hr/en/city-government/city-council/sastav-gradskog-vijeca/","url":"https://www.rijeka.hr/en/city-government/city-council/sastav-gradskog-vijeca/","name":"Councillors – Mandate 2013 – 2017 - City of Rijeka","isPartOf":{"@id":"https://www.rijeka.hr/en/#website"},"datePublished":"2016-11-21T14:53:03+00:00","dateModified":"2025-08-22T06:39:41+00:00","breadcrumb":{"@id":"https://www.rijeka.hr/en/city-government/city-council/sastav-gradskog-vijeca/#breadcrumb"},"inLanguage":"en-US","potentialAction":[{"@type":"ReadAction","target":["https://www.rijeka.hr/en/city-government/city-council/sastav-gradskog-vijeca/"]}]},{"@type":"BreadcrumbList","@id":"https://www.rijeka.hr/en/city-government/city-council/sastav-gradskog-vijeca/#breadcrumb","itemListElement":[{"@type":"ListItem","position":1,"name":"Početna stranica","item":"https://www.rijeka.hr/en/"},{"@type":"ListItem","position":2,"name":"City administration","item":"https://www.rijeka.hr/en/city-government/"},{"@type":"ListItem","position":3,"name":"City Council","item":"https://www.rijeka.hr/en/city-government/city-council/"},{"@type":"ListItem","position":4,"name":"Councillors – Mandate 2013 – 2017"}]},{"@type":"WebSite","@id":"https://www.rijeka.hr/en/#website","url":"https://www.rijeka.hr/en/","name":"City of Rijeka","description":"City of Rijeka web Portal","potentialAction":[{"@type":"SearchAction","target":{"@type":"EntryPoint","urlTemplate":"https://www.rijeka.hr/en/?s={search_term_string}"},"query-input":{"@type":"PropertyValueSpecification","valueRequired":true,"valueName":"search_term_string"}}],"inLanguage":"en-US"}]}</script>
<!-- / Yoast SEO plugin. -->

President: Dorotea Pešić &#8211; Bukovac (IDS) Vice presidents: Petra Karanikić (SDP) Hrvoje Burić (Independent) Members: Social Democratic Party of Croatia (SDP): Aleksandar Bulog Ivan Ivaniš Ana Komparić Devčić Sandra Krpan Ida Mahmutefendić Ljiljana Mihić Duško Milovanović Vuk Prica Walter Volk Croatian People&#8217;s Party (HNS): Snježana Čop Sandro Vizler Croatian Party of Pensioners (HSU): Ljiljana Cvjetović Gordana...

Početna stranica
