{"id":2736,"date":"2017-02-27T12:19:18","date_gmt":"2017-02-27T11:19:18","guid":{"rendered":"https:\/\/www.rijeka.hr\/en\/?page_id=2736"},"modified":"2019-04-23T11:21:29","modified_gmt":"2019-04-23T09:21:29","slug":"trsat-basilisks","status":"publish","type":"page","link":"https:\/\/www.rijeka.hr\/en\/themes-for-citizens\/culture\/cultural-heritage\/capital-programmes-cultural-heritage-protection-conservation\/trsat-basilisks\/","title":{"rendered":"Trsat basilisks"},"content":{"rendered":"<h2>In front of the mausoleum of Laval Nugent (1777 \u2013 1862) Peace of Heroes at the Trsat castle there are two statues of basilisks made by Austrian sculptor Antun Dominik Fernkorn (1813 \u2013 78) that date back to the second half of the 19<sup>th<\/sup> century.<\/h2>\n<p>For many years at the same location there was only one sculpture, but originally in front of the mausoleum there were two almost identical basilisk sculptures, better known as the Trsat dragons.<\/p>\n<p>One investment project promoted by the City of Rijeka at the Trsat Castle related to the reconstruction and production of a replica, in situ of the basilisk sculpture which parts (about 70% of the fragments that had been found) were stored in the depot of the Rijeka Civic Museum and the rehabilitation and restauration of the sculpture that was located in front of the Trsat mausoleum.<\/p>\n<p>In a tendering procedure held in Sept. 2012, artworks foundry Ujevi\u0107 from Zagreb was chosen for the performance of the described works.<\/p>\n<p><img decoding=\"async\" class=\"aligncenter wp-image-7499 size-large\" src=\"https:\/\/www.rijeka.hr\/en\/wp-content\/uploads\/sites\/2\/2019\/04\/Trsatska_gradina-5-1200x800-1024x683.jpg\" alt=\"\" \/><\/p>\n<p>Following this, in the first half of 2013, both reconstructed and restored sculptures of the Trsat basilisks made by A. D. Fernkorn were placed in situ. The City of Rijeka invested in the rehabilitation and restauration of the sculptures HRK 439,350.00, collected on behalf of the monuments annuity.<\/p>\n<p>Around 1862, Austrian sculptor Antun Dominik Fernkorn (author of the Ban Jela\u010di\u0107 monument in Ban Jela\u010di\u0107 Square, Zagreb) made two bronze sculptures of basilisks for the mausoleum of field marshal Laval Nugent. The sculptures were made as a pair; they are almost identical, save for some details. The Trsat basilisks are 1.40 m high and the line from the comb to the end of the tail is 3.80 m long.<\/p>\n<p>The basilisk on the Eastern side holds the field marshal\u2019s baton and the charter while the other on the Western side holds a shield. Both sculptures were produced in the imperial and royal foundry Fernkorn in Vienna and are very similar to sculptures of basilisks made around the mid 19<sup>th<\/sup> century also by Fernkorn for the Bosiljevo Castle of Laval Nugent.<\/p>\n<p><img loading=\"lazy\" decoding=\"async\" class=\"aligncenter wp-image-7500 size-large\" src=\"https:\/\/www.rijeka.hr\/en\/wp-content\/uploads\/sites\/2\/2019\/04\/Trsatska_gradina-4-1200x800-1024x683.jpg\" alt=\"\" width=\"1024\" height=\"683\" \/><\/p>\n<p>&nbsp;<\/p>\n<p>&nbsp;<\/p>\n","protected":false},"excerpt":{"rendered":"<p>In front of the mausoleum of Laval Nugent (1777 \u2013 1862) Peace of Heroes at the Trsat castle there are two statues of basilisks made by Austrian sculptor Antun Dominik Fernkorn (1813 \u2013 78) that date back to the second half of the 19th century. For many years at the same location there was only&#8230;<\/p>\n","protected":false},"author":14,"featured_media":0,"parent":2711,"menu_order":0,"comment_status":"closed","ping_status":"closed","template":"","meta":{"_acf_changed":false,"_trash_the_other_posts":false,"footnotes":"","_links_to":"","_links_to_target":""},"tags":[],"class_list":["post-2736","page","type-page","status-publish","hentry"],"acf":[],"yoast_head":"<!-- This site is optimized with the Yoast SEO plugin v24.4 - https:\/\/yoast.com\/wordpress\/plugins\/seo\/ -->\n<title>Trsat basilisks - City of Rijeka<\/title>\n<meta name=\"robots\" content=\"index, follow, max-snippet:-1, max-image-preview:large, max-video-preview:-1\" \/>\n<link rel=\"canonical\" href=\"https:\/\/www.rijeka.hr\/en\/themes-for-citizens\/culture\/cultural-heritage\/capital-programmes-cultural-heritage-protection-conservation\/trsat-basilisks\/\" \/>\n<meta property=\"og:locale\" content=\"en_US\" \/>\n<meta property=\"og:type\" content=\"article\" \/>\n<meta property=\"og:title\" content=\"Trsat basilisks - City of Rijeka\" \/>\n<meta property=\"og:description\" content=\"In front of the mausoleum of Laval Nugent (1777 \u2013 1862) Peace of Heroes at the Trsat castle there are two statues of basilisks made by Austrian sculptor Antun Dominik Fernkorn (1813 \u2013 78) that date back to the second half of the 19th century. For many years at the same location there was only...\" \/>\n<meta property=\"og:url\" content=\"https:\/\/www.rijeka.hr\/en\/themes-for-citizens\/culture\/cultural-heritage\/capital-programmes-cultural-heritage-protection-conservation\/trsat-basilisks\/\" \/>\n<meta property=\"og:site_name\" content=\"City of Rijeka\" \/>\n<meta property=\"article:modified_time\" content=\"2019-04-23T09:21:29+00:00\" \/>\n<meta property=\"og:image\" content=\"https:\/\/www.rijeka.hr\/en\/wp-content\/uploads\/sites\/2\/2019\/04\/Trsatska_gradina-5-1200x800-1024x683.jpg\" \/>\n<meta name=\"twitter:card\" content=\"summary_large_image\" \/>\n<meta name=\"twitter:label1\" content=\"Est. reading time\" \/>\n\t<meta name=\"twitter:data1\" content=\"2 minutes\" \/>\n<script type=\"application\/ld+json\" class=\"yoast-schema-graph\">{\"@context\":\"https:\/\/schema.org\",\"@graph\":[{\"@type\":\"WebPage\",\"@id\":\"https:\/\/www.rijeka.hr\/en\/themes-for-citizens\/culture\/cultural-heritage\/capital-programmes-cultural-heritage-protection-conservation\/trsat-basilisks\/\",\"url\":\"https:\/\/www.rijeka.hr\/en\/themes-for-citizens\/culture\/cultural-heritage\/capital-programmes-cultural-heritage-protection-conservation\/trsat-basilisks\/\",\"name\":\"Trsat basilisks - City of Rijeka\",\"isPartOf\":{\"@id\":\"https:\/\/www.rijeka.hr\/en\/#website\"},\"primaryImageOfPage\":{\"@id\":\"https:\/\/www.rijeka.hr\/en\/themes-for-citizens\/culture\/cultural-heritage\/capital-programmes-cultural-heritage-protection-conservation\/trsat-basilisks\/#primaryimage\"},\"image\":{\"@id\":\"https:\/\/www.rijeka.hr\/en\/themes-for-citizens\/culture\/cultural-heritage\/capital-programmes-cultural-heritage-protection-conservation\/trsat-basilisks\/#primaryimage\"},\"thumbnailUrl\":\"https:\/\/www.rijeka.hr\/en\/wp-content\/uploads\/sites\/2\/2019\/04\/Trsatska_gradina-5-1200x800-1024x683.jpg\",\"datePublished\":\"2017-02-27T11:19:18+00:00\",\"dateModified\":\"2019-04-23T09:21:29+00:00\",\"breadcrumb\":{\"@id\":\"https:\/\/www.rijeka.hr\/en\/themes-for-citizens\/culture\/cultural-heritage\/capital-programmes-cultural-heritage-protection-conservation\/trsat-basilisks\/#breadcrumb\"},\"inLanguage\":\"en-US\",\"potentialAction\":[{\"@type\":\"ReadAction\",\"target\":[\"https:\/\/www.rijeka.hr\/en\/themes-for-citizens\/culture\/cultural-heritage\/capital-programmes-cultural-heritage-protection-conservation\/trsat-basilisks\/\"]}]},{\"@type\":\"ImageObject\",\"inLanguage\":\"en-US\",\"@id\":\"https:\/\/www.rijeka.hr\/en\/themes-for-citizens\/culture\/cultural-heritage\/capital-programmes-cultural-heritage-protection-conservation\/trsat-basilisks\/#primaryimage\",\"url\":\"https:\/\/www.rijeka.hr\/en\/wp-content\/uploads\/sites\/2\/2019\/04\/Trsatska_gradina-5-1200x800.jpg\",\"contentUrl\":\"https:\/\/www.rijeka.hr\/en\/wp-content\/uploads\/sites\/2\/2019\/04\/Trsatska_gradina-5-1200x800.jpg\",\"width\":1200,\"height\":800},{\"@type\":\"BreadcrumbList\",\"@id\":\"https:\/\/www.rijeka.hr\/en\/themes-for-citizens\/culture\/cultural-heritage\/capital-programmes-cultural-heritage-protection-conservation\/trsat-basilisks\/#breadcrumb\",\"itemListElement\":[{\"@type\":\"ListItem\",\"position\":1,\"name\":\"Po\u010detna stranica\",\"item\":\"https:\/\/www.rijeka.hr\/en\/\"},{\"@type\":\"ListItem\",\"position\":2,\"name\":\"Themes for citizens\",\"item\":\"https:\/\/www.rijeka.hr\/en\/themes-for-citizens\/\"},{\"@type\":\"ListItem\",\"position\":3,\"name\":\"Culture\",\"item\":\"https:\/\/www.rijeka.hr\/en\/themes-for-citizens\/culture\/\"},{\"@type\":\"ListItem\",\"position\":4,\"name\":\"Cultural heritage\",\"item\":\"https:\/\/www.rijeka.hr\/en\/themes-for-citizens\/culture\/cultural-heritage\/\"},{\"@type\":\"ListItem\",\"position\":5,\"name\":\"Capital programmes of cultural heritage protection and conservation\",\"item\":\"https:\/\/www.rijeka.hr\/en\/themes-for-citizens\/culture\/cultural-heritage\/capital-programmes-cultural-heritage-protection-conservation\/\"},{\"@type\":\"ListItem\",\"position\":6,\"name\":\"Trsat basilisks\"}]},{\"@type\":\"WebSite\",\"@id\":\"https:\/\/www.rijeka.hr\/en\/#website\",\"url\":\"https:\/\/www.rijeka.hr\/en\/\",\"name\":\"City of Rijeka\",\"description\":\"City of Rijeka web Portal\",\"potentialAction\":[{\"@type\":\"SearchAction\",\"target\":{\"@type\":\"EntryPoint\",\"urlTemplate\":\"https:\/\/www.rijeka.hr\/en\/?s={search_term_string}\"},\"query-input\":{\"@type\":\"PropertyValueSpecification\",\"valueRequired\":true,\"valueName\":\"search_term_string\"}}],\"inLanguage\":\"en-US\"}]}<\/script>\n<!-- \/ Yoast SEO plugin. -->","yoast_head_json":{"title":"Trsat basilisks - City of Rijeka","robots":{"index":"index","follow":"follow","max-snippet":"max-snippet:-1","max-image-preview":"max-image-preview:large","max-video-preview":"max-video-preview:-1"},"canonical":"https:\/\/www.rijeka.hr\/en\/themes-for-citizens\/culture\/cultural-heritage\/capital-programmes-cultural-heritage-protection-conservation\/trsat-basilisks\/","og_locale":"en_US","og_type":"article","og_title":"Trsat basilisks - City of Rijeka","og_description":"In front of the mausoleum of Laval Nugent (1777 \u2013 1862) Peace of Heroes at the Trsat castle there are two statues of basilisks made by Austrian sculptor Antun Dominik Fernkorn (1813 \u2013 78) that date back to the second half of the 19th century. For many years at the same location there was only...","og_url":"https:\/\/www.rijeka.hr\/en\/themes-for-citizens\/culture\/cultural-heritage\/capital-programmes-cultural-heritage-protection-conservation\/trsat-basilisks\/","og_site_name":"City of Rijeka","article_modified_time":"2019-04-23T09:21:29+00:00","og_image":[{"url":"https:\/\/www.rijeka.hr\/en\/wp-content\/uploads\/sites\/2\/2019\/04\/Trsatska_gradina-5-1200x800-1024x683.jpg","type":"","width":"","height":""}],"twitter_card":"summary_large_image","twitter_misc":{"Est. reading time":"2 minutes"},"schema":{"@context":"https:\/\/schema.org","@graph":[{"@type":"WebPage","@id":"https:\/\/www.rijeka.hr\/en\/themes-for-citizens\/culture\/cultural-heritage\/capital-programmes-cultural-heritage-protection-conservation\/trsat-basilisks\/","url":"https:\/\/www.rijeka.hr\/en\/themes-for-citizens\/culture\/cultural-heritage\/capital-programmes-cultural-heritage-protection-conservation\/trsat-basilisks\/","name":"Trsat basilisks - City of Rijeka","isPartOf":{"@id":"https:\/\/www.rijeka.hr\/en\/#website"},"primaryImageOfPage":{"@id":"https:\/\/www.rijeka.hr\/en\/themes-for-citizens\/culture\/cultural-heritage\/capital-programmes-cultural-heritage-protection-conservation\/trsat-basilisks\/#primaryimage"},"image":{"@id":"https:\/\/www.rijeka.hr\/en\/themes-for-citizens\/culture\/cultural-heritage\/capital-programmes-cultural-heritage-protection-conservation\/trsat-basilisks\/#primaryimage"},"thumbnailUrl":"https:\/\/www.rijeka.hr\/en\/wp-content\/uploads\/sites\/2\/2019\/04\/Trsatska_gradina-5-1200x800-1024x683.jpg","datePublished":"2017-02-27T11:19:18+00:00","dateModified":"2019-04-23T09:21:29+00:00","breadcrumb":{"@id":"https:\/\/www.rijeka.hr\/en\/themes-for-citizens\/culture\/cultural-heritage\/capital-programmes-cultural-heritage-protection-conservation\/trsat-basilisks\/#breadcrumb"},"inLanguage":"en-US","potentialAction":[{"@type":"ReadAction","target":["https:\/\/www.rijeka.hr\/en\/themes-for-citizens\/culture\/cultural-heritage\/capital-programmes-cultural-heritage-protection-conservation\/trsat-basilisks\/"]}]},{"@type":"ImageObject","inLanguage":"en-US","@id":"https:\/\/www.rijeka.hr\/en\/themes-for-citizens\/culture\/cultural-heritage\/capital-programmes-cultural-heritage-protection-conservation\/trsat-basilisks\/#primaryimage","url":"https:\/\/www.rijeka.hr\/en\/wp-content\/uploads\/sites\/2\/2019\/04\/Trsatska_gradina-5-1200x800.jpg","contentUrl":"https:\/\/www.rijeka.hr\/en\/wp-content\/uploads\/sites\/2\/2019\/04\/Trsatska_gradina-5-1200x800.jpg","width":1200,"height":800},{"@type":"BreadcrumbList","@id":"https:\/\/www.rijeka.hr\/en\/themes-for-citizens\/culture\/cultural-heritage\/capital-programmes-cultural-heritage-protection-conservation\/trsat-basilisks\/#breadcrumb","itemListElement":[{"@type":"ListItem","position":1,"name":"Po\u010detna stranica","item":"https:\/\/www.rijeka.hr\/en\/"},{"@type":"ListItem","position":2,"name":"Themes for citizens","item":"https:\/\/www.rijeka.hr\/en\/themes-for-citizens\/"},{"@type":"ListItem","position":3,"name":"Culture","item":"https:\/\/www.rijeka.hr\/en\/themes-for-citizens\/culture\/"},{"@type":"ListItem","position":4,"name":"Cultural heritage","item":"https:\/\/www.rijeka.hr\/en\/themes-for-citizens\/culture\/cultural-heritage\/"},{"@type":"ListItem","position":5,"name":"Capital programmes of cultural heritage protection and conservation","item":"https:\/\/www.rijeka.hr\/en\/themes-for-citizens\/culture\/cultural-heritage\/capital-programmes-cultural-heritage-protection-conservation\/"},{"@type":"ListItem","position":6,"name":"Trsat basilisks"}]},{"@type":"WebSite","@id":"https:\/\/www.rijeka.hr\/en\/#website","url":"https:\/\/www.rijeka.hr\/en\/","name":"City of Rijeka","description":"City of Rijeka web Portal","potentialAction":[{"@type":"SearchAction","target":{"@type":"EntryPoint","urlTemplate":"https:\/\/www.rijeka.hr\/en\/?s={search_term_string}"},"query-input":{"@type":"PropertyValueSpecification","valueRequired":true,"valueName":"search_term_string"}}],"inLanguage":"en-US"}]}},"_links":{"self":[{"href":"https:\/\/www.rijeka.hr\/en\/wp-json\/wp\/v2\/pages\/2736","targetHints":{"allow":["GET"]}}],"collection":[{"href":"https:\/\/www.rijeka.hr\/en\/wp-json\/wp\/v2\/pages"}],"about":[{"href":"https:\/\/www.rijeka.hr\/en\/wp-json\/wp\/v2\/types\/page"}],"author":[{"embeddable":true,"href":"https:\/\/www.rijeka.hr\/en\/wp-json\/wp\/v2\/users\/14"}],"replies":[{"embeddable":true,"href":"https:\/\/www.rijeka.hr\/en\/wp-json\/wp\/v2\/comments?post=2736"}],"version-history":[{"count":6,"href":"https:\/\/www.rijeka.hr\/en\/wp-json\/wp\/v2\/pages\/2736\/revisions"}],"predecessor-version":[{"id":7502,"href":"https:\/\/www.rijeka.hr\/en\/wp-json\/wp\/v2\/pages\/2736\/revisions\/7502"}],"up":[{"embeddable":true,"href":"https:\/\/www.rijeka.hr\/en\/wp-json\/wp\/v2\/pages\/2711"}],"wp:attachment":[{"href":"https:\/\/www.rijeka.hr\/en\/wp-json\/wp\/v2\/media?parent=2736"}],"wp:term":[{"taxonomy":"post_tag","embeddable":true,"href":"https:\/\/www.rijeka.hr\/en\/wp-json\/wp\/v2\/tags?post=2736"}],"curies":[{"name":"wp","href":"https:\/\/api.w.org\/{rel}","templated":true}]}}

<h2>In front of the mausoleum of Laval Nugent (1777 – 1862) Peace of Heroes at the Trsat castle there are two statues of basilisks made by Austrian sculptor Antun Dominik Fernkorn (1813 – 78) that date back to the second half of the 19<sup>th</sup> century.</h2>
<p>For many years at the same location there was only one sculpture, but originally in front of the mausoleum there were two almost identical basilisk sculptures, better known as the Trsat dragons.</p>
<p>One investment project promoted by the City of Rijeka at the Trsat Castle related to the reconstruction and production of a replica, in situ of the basilisk sculpture which parts (about 70% of the fragments that had been found) were stored in the depot of the Rijeka Civic Museum and the rehabilitation and restauration of the sculpture that was located in front of the Trsat mausoleum.</p>
<p>In a tendering procedure held in Sept. 2012, artworks foundry Ujević from Zagreb was chosen for the performance of the described works.</p>
<p><img decoding="async" class="aligncenter wp-image-7499 size-large" src="https://www.rijeka.hr/en/wp-content/uploads/sites/2/2019/04/Trsatska_gradina-5-1200x800-1024x683.jpg" alt="" /></p>
<p>Following this, in the first half of 2013, both reconstructed and restored sculptures of the Trsat basilisks made by A. D. Fernkorn were placed in situ. The City of Rijeka invested in the rehabilitation and restauration of the sculptures HRK 439,350.00, collected on behalf of the monuments annuity.</p>
<p>Around 1862, Austrian sculptor Antun Dominik Fernkorn (author of the Ban Jelačić monument in Ban Jelačić Square, Zagreb) made two bronze sculptures of basilisks for the mausoleum of field marshal Laval Nugent. The sculptures were made as a pair; they are almost identical, save for some details. The Trsat basilisks are 1.40 m high and the line from the comb to the end of the tail is 3.80 m long.</p>
<p>The basilisk on the Eastern side holds the field marshal’s baton and the charter while the other on the Western side holds a shield. Both sculptures were produced in the imperial and royal foundry Fernkorn in Vienna and are very similar to sculptures of basilisks made around the mid 19<sup>th</sup> century also by Fernkorn for the Bosiljevo Castle of Laval Nugent.</p>
<p><img loading="lazy" decoding="async" class="aligncenter wp-image-7500 size-large" src="https://www.rijeka.hr/en/wp-content/uploads/sites/2/2019/04/Trsatska_gradina-4-1200x800-1024x683.jpg" alt="" width="1024" height="683" /></p>
<p>&nbsp;</p>
<p>&nbsp;</p>

<!-- This site is optimized with the Yoast SEO plugin v24.4 - https://yoast.com/wordpress/plugins/seo/ -->
<title>Trsat basilisks - City of Rijeka</title>
<meta name="robots" content="index, follow, max-snippet:-1, max-image-preview:large, max-video-preview:-1" />
<link rel="canonical" href="https://www.rijeka.hr/en/themes-for-citizens/culture/cultural-heritage/capital-programmes-cultural-heritage-protection-conservation/trsat-basilisks/" />
<meta property="og:locale" content="en_US" />
<meta property="og:type" content="article" />
<meta property="og:title" content="Trsat basilisks - City of Rijeka" />
<meta property="og:description" content="In front of the mausoleum of Laval Nugent (1777 – 1862) Peace of Heroes at the Trsat castle there are two statues of basilisks made by Austrian sculptor Antun Dominik Fernkorn (1813 – 78) that date back to the second half of the 19th century. For many years at the same location there was only..." />
<meta property="og:url" content="https://www.rijeka.hr/en/themes-for-citizens/culture/cultural-heritage/capital-programmes-cultural-heritage-protection-conservation/trsat-basilisks/" />
<meta property="og:site_name" content="City of Rijeka" />
<meta property="article:modified_time" content="2019-04-23T09:21:29+00:00" />
<meta property="og:image" content="https://www.rijeka.hr/en/wp-content/uploads/sites/2/2019/04/Trsatska_gradina-5-1200x800-1024x683.jpg" />
<meta name="twitter:card" content="summary_large_image" />
<meta name="twitter:label1" content="Est. reading time" />
	<meta name="twitter:data1" content="2 minutes" />
<script type="application/ld+json" class="yoast-schema-graph">{"@context":"https://schema.org","@graph":[{"@type":"WebPage","@id":"https://www.rijeka.hr/en/themes-for-citizens/culture/cultural-heritage/capital-programmes-cultural-heritage-protection-conservation/trsat-basilisks/","url":"https://www.rijeka.hr/en/themes-for-citizens/culture/cultural-heritage/capital-programmes-cultural-heritage-protection-conservation/trsat-basilisks/","name":"Trsat basilisks - City of Rijeka","isPartOf":{"@id":"https://www.rijeka.hr/en/#website"},"primaryImageOfPage":{"@id":"https://www.rijeka.hr/en/themes-for-citizens/culture/cultural-heritage/capital-programmes-cultural-heritage-protection-conservation/trsat-basilisks/#primaryimage"},"image":{"@id":"https://www.rijeka.hr/en/themes-for-citizens/culture/cultural-heritage/capital-programmes-cultural-heritage-protection-conservation/trsat-basilisks/#primaryimage"},"thumbnailUrl":"https://www.rijeka.hr/en/wp-content/uploads/sites/2/2019/04/Trsatska_gradina-5-1200x800-1024x683.jpg","datePublished":"2017-02-27T11:19:18+00:00","dateModified":"2019-04-23T09:21:29+00:00","breadcrumb":{"@id":"https://www.rijeka.hr/en/themes-for-citizens/culture/cultural-heritage/capital-programmes-cultural-heritage-protection-conservation/trsat-basilisks/#breadcrumb"},"inLanguage":"en-US","potentialAction":[{"@type":"ReadAction","target":["https://www.rijeka.hr/en/themes-for-citizens/culture/cultural-heritage/capital-programmes-cultural-heritage-protection-conservation/trsat-basilisks/"]}]},{"@type":"ImageObject","inLanguage":"en-US","@id":"https://www.rijeka.hr/en/themes-for-citizens/culture/cultural-heritage/capital-programmes-cultural-heritage-protection-conservation/trsat-basilisks/#primaryimage","url":"https://www.rijeka.hr/en/wp-content/uploads/sites/2/2019/04/Trsatska_gradina-5-1200x800.jpg","contentUrl":"https://www.rijeka.hr/en/wp-content/uploads/sites/2/2019/04/Trsatska_gradina-5-1200x800.jpg","width":1200,"height":800},{"@type":"BreadcrumbList","@id":"https://www.rijeka.hr/en/themes-for-citizens/culture/cultural-heritage/capital-programmes-cultural-heritage-protection-conservation/trsat-basilisks/#breadcrumb","itemListElement":[{"@type":"ListItem","position":1,"name":"Početna stranica","item":"https://www.rijeka.hr/en/"},{"@type":"ListItem","position":2,"name":"Themes for citizens","item":"https://www.rijeka.hr/en/themes-for-citizens/"},{"@type":"ListItem","position":3,"name":"Culture","item":"https://www.rijeka.hr/en/themes-for-citizens/culture/"},{"@type":"ListItem","position":4,"name":"Cultural heritage","item":"https://www.rijeka.hr/en/themes-for-citizens/culture/cultural-heritage/"},{"@type":"ListItem","position":5,"name":"Capital programmes of cultural heritage protection and conservation","item":"https://www.rijeka.hr/en/themes-for-citizens/culture/cultural-heritage/capital-programmes-cultural-heritage-protection-conservation/"},{"@type":"ListItem","position":6,"name":"Trsat basilisks"}]},{"@type":"WebSite","@id":"https://www.rijeka.hr/en/#website","url":"https://www.rijeka.hr/en/","name":"City of Rijeka","description":"City of Rijeka web Portal","potentialAction":[{"@type":"SearchAction","target":{"@type":"EntryPoint","urlTemplate":"https://www.rijeka.hr/en/?s={search_term_string}"},"query-input":{"@type":"PropertyValueSpecification","valueRequired":true,"valueName":"search_term_string"}}],"inLanguage":"en-US"}]}</script>
<!-- / Yoast SEO plugin. -->

Početna stranica
