{"id":1629,"date":"2016-10-19T12:25:10","date_gmt":"2016-10-19T10:25:10","guid":{"rendered":"https:\/\/www.rijeka.hr\/it\/?page_id=1629"},"modified":"2023-02-02T10:38:04","modified_gmt":"2023-02-02T09:38:04","slug":"iniziativa-leccellente-voto-penso-globalmente-agisco-localmente","status":"publish","type":"page","link":"https:\/\/www.rijeka.hr\/it\/tempo-libero-dei-giovani\/manifestazioni-per-bambini-e-giovani\/iniziativa-leccellente-voto-penso-globalmente-agisco-localmente\/","title":{"rendered":"Iniziativa per l\u2019eccellente voto! Penso globalmente, agisco localmente"},"content":{"rendered":"<p>A partire dal 2005, la Citt\u00e0 di Fiume, in collaborazione con l&#8217;associazione DELTA di Fiume, attua il progetto intitolato &#8220;<strong>PENSO GLOBALMENTE, AGISCO LOCALMENTE \u2013 GIORNATA DI AZIONE<\/strong>&#8221; che nel 2015 \u00e8 stato rinominato \u201c<strong>L\u2019INIZIATIVA PER L\u2019ECCELLENTE VOTO!\u201d.<\/strong><\/p>\n<p>L&#8217;obiettivo di questo progetto \u00e8 quello di dare la possibilit\u00e0 ai giovani di et\u00e0 compresa tra i 14 e i 19 anni di sviluppare le abilit\u00e0 necessarie alla partecipazione attiva ai processi decisionali a livello locale.<\/p>\n<p>Nell\u2019ambito del progetto, alunni delle scuole medie superiori, con il sostegno dei loro istruttori e volontari dell&#8217;associazione DELTA e dei dipendenti della Citt\u00e0 di Fiume per un intero giorno, sviluppano progetti legati a un determinato tema.<\/p>\n<p>Una volta terminate le proposte di progetto, esse vengono presentate, dove alunni sviluppano abilit\u00e0 di presentazione e di lobbying. Dopo la presentazione dei progetti e la discussione, gli alunni scelgono il miglior progetto, che viene realizzato dal gruppo premiato con il sostegno finanziario della Citt\u00e0 di Fiume e il supporto tecnico dell&#8217;associazione DELTA.<\/p>\n<p>I progetti scelti negli anni precedenti hanno riscontrato un grande successo, nel quadro di questa iniziativa, i gruppi che rappresentavano le scuole medie superiori hanno affrontato un certo numero di temi interessanti e attuali, ad esempio &#8220;Il volontariato&#8221;; &#8220;I giovani aiutano gli anziani&#8221;, &#8220;Trascorrere il tempo libero in modo creativo&#8221;, &#8220;L&#8217;identit\u00e0 dei giovani&#8221;, &#8220;Innovazioni sociali&#8221;, &#8220;Lo sviluppo delle competenze giovanili&#8221; &#8230;).<\/p>\n<p>Inizialmente questa iniziativa \u00e8 stata realizzata in collaborazione con l&#8217;associazione GONG di Zagabria e dopo alcuni anni \u00e8 stata assunta dall&#8217;associazione DELTA di Fiume che collabora con successo con l&#8217;associazione GONG di Zagabria e ha sviluppato una lunga e riuscita collaborazione con la Citt\u00e0 di Fiume.<\/p>\n<p>Nel 2022, il progetto denominato &#8220;La giornata di azione&#8221;, promosso dall&#8217;Associazione Delta, ha ricevuto un parere positivo da parte dell&#8217;Agenzia per l&#8217;istruzione &#8211; Sistema di garanzia della qualit\u00e0 &#8211; Programma SKOKKANO, confermando cos\u00ec la qualit\u00e0 a lungo termine di questo progetto.<\/p>\n<p>&nbsp;<\/p>\n","protected":false},"excerpt":{"rendered":"<p>A partire dal 2005, la Citt\u00e0 di Fiume, in collaborazione con l&#8217;associazione DELTA di Fiume, attua il progetto intitolato &#8220;PENSO GLOBALMENTE, AGISCO LOCALMENTE \u2013 GIORNATA DI AZIONE&#8221; che nel 2015 \u00e8 stato rinominato \u201cL\u2019INIZIATIVA PER L\u2019ECCELLENTE VOTO!\u201d. L&#8217;obiettivo di questo progetto \u00e8 quello di dare la possibilit\u00e0 ai giovani di et\u00e0 compresa tra i 14&#8230;<\/p>\n","protected":false},"author":13,"featured_media":0,"parent":464,"menu_order":0,"comment_status":"closed","ping_status":"closed","template":"","meta":{"_acf_changed":false,"_trash_the_other_posts":false,"footnotes":"","_links_to":"","_links_to_target":""},"tags":[],"class_list":["post-1629","page","type-page","status-publish","hentry"],"acf":[],"yoast_head":"<!-- This site is optimized with the Yoast SEO plugin v24.4 - https:\/\/yoast.com\/wordpress\/plugins\/seo\/ -->\n<title>Iniziativa per l\u2019eccellente voto! Penso globalmente, agisco localmente - Citt\u00e0 di Fiume<\/title>\n<meta name=\"robots\" content=\"index, follow, max-snippet:-1, max-image-preview:large, max-video-preview:-1\" \/>\n<link rel=\"canonical\" href=\"https:\/\/www.rijeka.hr\/it\/tempo-libero-dei-giovani\/manifestazioni-per-bambini-e-giovani\/iniziativa-leccellente-voto-penso-globalmente-agisco-localmente\/\" \/>\n<meta property=\"og:locale\" content=\"it_IT\" \/>\n<meta property=\"og:type\" content=\"article\" \/>\n<meta property=\"og:title\" content=\"Iniziativa per l\u2019eccellente voto! Penso globalmente, agisco localmente - Citt\u00e0 di Fiume\" \/>\n<meta property=\"og:description\" content=\"A partire dal 2005, la Citt\u00e0 di Fiume, in collaborazione con l&#8217;associazione DELTA di Fiume, attua il progetto intitolato &#8220;PENSO GLOBALMENTE, AGISCO LOCALMENTE \u2013 GIORNATA DI AZIONE&#8221; che nel 2015 \u00e8 stato rinominato \u201cL\u2019INIZIATIVA PER L\u2019ECCELLENTE VOTO!\u201d. L&#8217;obiettivo di questo progetto \u00e8 quello di dare la possibilit\u00e0 ai giovani di et\u00e0 compresa tra i 14...\" \/>\n<meta property=\"og:url\" content=\"https:\/\/www.rijeka.hr\/it\/tempo-libero-dei-giovani\/manifestazioni-per-bambini-e-giovani\/iniziativa-leccellente-voto-penso-globalmente-agisco-localmente\/\" \/>\n<meta property=\"og:site_name\" content=\"Citt\u00e0 di Fiume\" \/>\n<meta property=\"article:modified_time\" content=\"2023-02-02T09:38:04+00:00\" \/>\n<meta name=\"twitter:card\" content=\"summary_large_image\" \/>\n<meta name=\"twitter:label1\" content=\"Est. reading time\" \/>\n\t<meta name=\"twitter:data1\" content=\"2 minutes\" \/>\n<script type=\"application\/ld+json\" class=\"yoast-schema-graph\">{\"@context\":\"https:\/\/schema.org\",\"@graph\":[{\"@type\":\"WebPage\",\"@id\":\"https:\/\/www.rijeka.hr\/it\/tempo-libero-dei-giovani\/manifestazioni-per-bambini-e-giovani\/iniziativa-leccellente-voto-penso-globalmente-agisco-localmente\/\",\"url\":\"https:\/\/www.rijeka.hr\/it\/tempo-libero-dei-giovani\/manifestazioni-per-bambini-e-giovani\/iniziativa-leccellente-voto-penso-globalmente-agisco-localmente\/\",\"name\":\"Iniziativa per l\u2019eccellente voto! Penso globalmente, agisco localmente - Citt\u00e0 di Fiume\",\"isPartOf\":{\"@id\":\"https:\/\/www.rijeka.hr\/it\/#website\"},\"datePublished\":\"2016-10-19T10:25:10+00:00\",\"dateModified\":\"2023-02-02T09:38:04+00:00\",\"breadcrumb\":{\"@id\":\"https:\/\/www.rijeka.hr\/it\/tempo-libero-dei-giovani\/manifestazioni-per-bambini-e-giovani\/iniziativa-leccellente-voto-penso-globalmente-agisco-localmente\/#breadcrumb\"},\"inLanguage\":\"it-IT\",\"potentialAction\":[{\"@type\":\"ReadAction\",\"target\":[\"https:\/\/www.rijeka.hr\/it\/tempo-libero-dei-giovani\/manifestazioni-per-bambini-e-giovani\/iniziativa-leccellente-voto-penso-globalmente-agisco-localmente\/\"]}]},{\"@type\":\"BreadcrumbList\",\"@id\":\"https:\/\/www.rijeka.hr\/it\/tempo-libero-dei-giovani\/manifestazioni-per-bambini-e-giovani\/iniziativa-leccellente-voto-penso-globalmente-agisco-localmente\/#breadcrumb\",\"itemListElement\":[{\"@type\":\"ListItem\",\"position\":1,\"name\":\"Po\u010detna stranica\",\"item\":\"https:\/\/www.rijeka.hr\/it\/\"},{\"@type\":\"ListItem\",\"position\":2,\"name\":\"Tempo libero dei giovani\",\"item\":\"https:\/\/www.rijeka.hr\/it\/tempo-libero-dei-giovani\/\"},{\"@type\":\"ListItem\",\"position\":3,\"name\":\"Manifestazioni per bambini e giovani\",\"item\":\"https:\/\/www.rijeka.hr\/it\/tempo-libero-dei-giovani\/manifestazioni-per-bambini-e-giovani\/\"},{\"@type\":\"ListItem\",\"position\":4,\"name\":\"Iniziativa per l\u2019eccellente voto! Penso globalmente, agisco localmente\"}]},{\"@type\":\"WebSite\",\"@id\":\"https:\/\/www.rijeka.hr\/it\/#website\",\"url\":\"https:\/\/www.rijeka.hr\/it\/\",\"name\":\"Citt\u00e0 di Fiume\",\"description\":\"Portale web della Citta&#039; di Fiume\",\"potentialAction\":[{\"@type\":\"SearchAction\",\"target\":{\"@type\":\"EntryPoint\",\"urlTemplate\":\"https:\/\/www.rijeka.hr\/it\/?s={search_term_string}\"},\"query-input\":{\"@type\":\"PropertyValueSpecification\",\"valueRequired\":true,\"valueName\":\"search_term_string\"}}],\"inLanguage\":\"it-IT\"}]}<\/script>\n<!-- \/ Yoast SEO plugin. -->","yoast_head_json":{"title":"Iniziativa per l\u2019eccellente voto! Penso globalmente, agisco localmente - Citt\u00e0 di Fiume","robots":{"index":"index","follow":"follow","max-snippet":"max-snippet:-1","max-image-preview":"max-image-preview:large","max-video-preview":"max-video-preview:-1"},"canonical":"https:\/\/www.rijeka.hr\/it\/tempo-libero-dei-giovani\/manifestazioni-per-bambini-e-giovani\/iniziativa-leccellente-voto-penso-globalmente-agisco-localmente\/","og_locale":"it_IT","og_type":"article","og_title":"Iniziativa per l\u2019eccellente voto! Penso globalmente, agisco localmente - Citt\u00e0 di Fiume","og_description":"A partire dal 2005, la Citt\u00e0 di Fiume, in collaborazione con l&#8217;associazione DELTA di Fiume, attua il progetto intitolato &#8220;PENSO GLOBALMENTE, AGISCO LOCALMENTE \u2013 GIORNATA DI AZIONE&#8221; che nel 2015 \u00e8 stato rinominato \u201cL\u2019INIZIATIVA PER L\u2019ECCELLENTE VOTO!\u201d. L&#8217;obiettivo di questo progetto \u00e8 quello di dare la possibilit\u00e0 ai giovani di et\u00e0 compresa tra i 14...","og_url":"https:\/\/www.rijeka.hr\/it\/tempo-libero-dei-giovani\/manifestazioni-per-bambini-e-giovani\/iniziativa-leccellente-voto-penso-globalmente-agisco-localmente\/","og_site_name":"Citt\u00e0 di Fiume","article_modified_time":"2023-02-02T09:38:04+00:00","twitter_card":"summary_large_image","twitter_misc":{"Est. reading time":"2 minutes"},"schema":{"@context":"https:\/\/schema.org","@graph":[{"@type":"WebPage","@id":"https:\/\/www.rijeka.hr\/it\/tempo-libero-dei-giovani\/manifestazioni-per-bambini-e-giovani\/iniziativa-leccellente-voto-penso-globalmente-agisco-localmente\/","url":"https:\/\/www.rijeka.hr\/it\/tempo-libero-dei-giovani\/manifestazioni-per-bambini-e-giovani\/iniziativa-leccellente-voto-penso-globalmente-agisco-localmente\/","name":"Iniziativa per l\u2019eccellente voto! Penso globalmente, agisco localmente - Citt\u00e0 di Fiume","isPartOf":{"@id":"https:\/\/www.rijeka.hr\/it\/#website"},"datePublished":"2016-10-19T10:25:10+00:00","dateModified":"2023-02-02T09:38:04+00:00","breadcrumb":{"@id":"https:\/\/www.rijeka.hr\/it\/tempo-libero-dei-giovani\/manifestazioni-per-bambini-e-giovani\/iniziativa-leccellente-voto-penso-globalmente-agisco-localmente\/#breadcrumb"},"inLanguage":"it-IT","potentialAction":[{"@type":"ReadAction","target":["https:\/\/www.rijeka.hr\/it\/tempo-libero-dei-giovani\/manifestazioni-per-bambini-e-giovani\/iniziativa-leccellente-voto-penso-globalmente-agisco-localmente\/"]}]},{"@type":"BreadcrumbList","@id":"https:\/\/www.rijeka.hr\/it\/tempo-libero-dei-giovani\/manifestazioni-per-bambini-e-giovani\/iniziativa-leccellente-voto-penso-globalmente-agisco-localmente\/#breadcrumb","itemListElement":[{"@type":"ListItem","position":1,"name":"Po\u010detna stranica","item":"https:\/\/www.rijeka.hr\/it\/"},{"@type":"ListItem","position":2,"name":"Tempo libero dei giovani","item":"https:\/\/www.rijeka.hr\/it\/tempo-libero-dei-giovani\/"},{"@type":"ListItem","position":3,"name":"Manifestazioni per bambini e giovani","item":"https:\/\/www.rijeka.hr\/it\/tempo-libero-dei-giovani\/manifestazioni-per-bambini-e-giovani\/"},{"@type":"ListItem","position":4,"name":"Iniziativa per l\u2019eccellente voto! Penso globalmente, agisco localmente"}]},{"@type":"WebSite","@id":"https:\/\/www.rijeka.hr\/it\/#website","url":"https:\/\/www.rijeka.hr\/it\/","name":"Citt\u00e0 di Fiume","description":"Portale web della Citta&#039; di Fiume","potentialAction":[{"@type":"SearchAction","target":{"@type":"EntryPoint","urlTemplate":"https:\/\/www.rijeka.hr\/it\/?s={search_term_string}"},"query-input":{"@type":"PropertyValueSpecification","valueRequired":true,"valueName":"search_term_string"}}],"inLanguage":"it-IT"}]}},"_links":{"self":[{"href":"https:\/\/www.rijeka.hr\/it\/wp-json\/wp\/v2\/pages\/1629","targetHints":{"allow":["GET"]}}],"collection":[{"href":"https:\/\/www.rijeka.hr\/it\/wp-json\/wp\/v2\/pages"}],"about":[{"href":"https:\/\/www.rijeka.hr\/it\/wp-json\/wp\/v2\/types\/page"}],"author":[{"embeddable":true,"href":"https:\/\/www.rijeka.hr\/it\/wp-json\/wp\/v2\/users\/13"}],"replies":[{"embeddable":true,"href":"https:\/\/www.rijeka.hr\/it\/wp-json\/wp\/v2\/comments?post=1629"}],"version-history":[{"count":3,"href":"https:\/\/www.rijeka.hr\/it\/wp-json\/wp\/v2\/pages\/1629\/revisions"}],"predecessor-version":[{"id":17490,"href":"https:\/\/www.rijeka.hr\/it\/wp-json\/wp\/v2\/pages\/1629\/revisions\/17490"}],"up":[{"embeddable":true,"href":"https:\/\/www.rijeka.hr\/it\/wp-json\/wp\/v2\/pages\/464"}],"wp:attachment":[{"href":"https:\/\/www.rijeka.hr\/it\/wp-json\/wp\/v2\/media?parent=1629"}],"wp:term":[{"taxonomy":"post_tag","embeddable":true,"href":"https:\/\/www.rijeka.hr\/it\/wp-json\/wp\/v2\/tags?post=1629"}],"curies":[{"name":"wp","href":"https:\/\/api.w.org\/{rel}","templated":true}]}}

<p>A partire dal 2005, la Città di Fiume, in collaborazione con l&#8217;associazione DELTA di Fiume, attua il progetto intitolato &#8220;<strong>PENSO GLOBALMENTE, AGISCO LOCALMENTE – GIORNATA DI AZIONE</strong>&#8221; che nel 2015 è stato rinominato “<strong>L’INIZIATIVA PER L’ECCELLENTE VOTO!”.</strong></p>
<p>L&#8217;obiettivo di questo progetto è quello di dare la possibilità ai giovani di età compresa tra i 14 e i 19 anni di sviluppare le abilità necessarie alla partecipazione attiva ai processi decisionali a livello locale.</p>
<p>Nell’ambito del progetto, alunni delle scuole medie superiori, con il sostegno dei loro istruttori e volontari dell&#8217;associazione DELTA e dei dipendenti della Città di Fiume per un intero giorno, sviluppano progetti legati a un determinato tema.</p>
<p>Una volta terminate le proposte di progetto, esse vengono presentate, dove alunni sviluppano abilità di presentazione e di lobbying. Dopo la presentazione dei progetti e la discussione, gli alunni scelgono il miglior progetto, che viene realizzato dal gruppo premiato con il sostegno finanziario della Città di Fiume e il supporto tecnico dell&#8217;associazione DELTA.</p>
<p>I progetti scelti negli anni precedenti hanno riscontrato un grande successo, nel quadro di questa iniziativa, i gruppi che rappresentavano le scuole medie superiori hanno affrontato un certo numero di temi interessanti e attuali, ad esempio &#8220;Il volontariato&#8221;; &#8220;I giovani aiutano gli anziani&#8221;, &#8220;Trascorrere il tempo libero in modo creativo&#8221;, &#8220;L&#8217;identità dei giovani&#8221;, &#8220;Innovazioni sociali&#8221;, &#8220;Lo sviluppo delle competenze giovanili&#8221; &#8230;).</p>
<p>Inizialmente questa iniziativa è stata realizzata in collaborazione con l&#8217;associazione GONG di Zagabria e dopo alcuni anni è stata assunta dall&#8217;associazione DELTA di Fiume che collabora con successo con l&#8217;associazione GONG di Zagabria e ha sviluppato una lunga e riuscita collaborazione con la Città di Fiume.</p>
<p>Nel 2022, il progetto denominato &#8220;La giornata di azione&#8221;, promosso dall&#8217;Associazione Delta, ha ricevuto un parere positivo da parte dell&#8217;Agenzia per l&#8217;istruzione &#8211; Sistema di garanzia della qualità &#8211; Programma SKOKKANO, confermando così la qualità a lungo termine di questo progetto.</p>
<p>&nbsp;</p>

<p>A partire dal 2005, la Città di Fiume, in collaborazione con l&#8217;associazione DELTA di Fiume, attua il progetto intitolato &#8220;PENSO GLOBALMENTE, AGISCO LOCALMENTE – GIORNATA DI AZIONE&#8221; che nel 2015 è stato rinominato “L’INIZIATIVA PER L’ECCELLENTE VOTO!”. L&#8217;obiettivo di questo progetto è quello di dare la possibilità ai giovani di età compresa tra i 14&#8230;</p>

<!-- This site is optimized with the Yoast SEO plugin v24.4 - https://yoast.com/wordpress/plugins/seo/ -->
<title>Iniziativa per l’eccellente voto! Penso globalmente, agisco localmente - Città di Fiume</title>
<meta name="robots" content="index, follow, max-snippet:-1, max-image-preview:large, max-video-preview:-1" />
<link rel="canonical" href="https://www.rijeka.hr/it/tempo-libero-dei-giovani/manifestazioni-per-bambini-e-giovani/iniziativa-leccellente-voto-penso-globalmente-agisco-localmente/" />
<meta property="og:locale" content="it_IT" />
<meta property="og:type" content="article" />
<meta property="og:title" content="Iniziativa per l’eccellente voto! Penso globalmente, agisco localmente - Città di Fiume" />
<meta property="og:description" content="A partire dal 2005, la Città di Fiume, in collaborazione con l&#8217;associazione DELTA di Fiume, attua il progetto intitolato &#8220;PENSO GLOBALMENTE, AGISCO LOCALMENTE – GIORNATA DI AZIONE&#8221; che nel 2015 è stato rinominato “L’INIZIATIVA PER L’ECCELLENTE VOTO!”. L&#8217;obiettivo di questo progetto è quello di dare la possibilità ai giovani di età compresa tra i 14..." />
<meta property="og:url" content="https://www.rijeka.hr/it/tempo-libero-dei-giovani/manifestazioni-per-bambini-e-giovani/iniziativa-leccellente-voto-penso-globalmente-agisco-localmente/" />
<meta property="og:site_name" content="Città di Fiume" />
<meta property="article:modified_time" content="2023-02-02T09:38:04+00:00" />
<meta name="twitter:card" content="summary_large_image" />
<meta name="twitter:label1" content="Est. reading time" />
	<meta name="twitter:data1" content="2 minutes" />
<script type="application/ld+json" class="yoast-schema-graph">{"@context":"https://schema.org","@graph":[{"@type":"WebPage","@id":"https://www.rijeka.hr/it/tempo-libero-dei-giovani/manifestazioni-per-bambini-e-giovani/iniziativa-leccellente-voto-penso-globalmente-agisco-localmente/","url":"https://www.rijeka.hr/it/tempo-libero-dei-giovani/manifestazioni-per-bambini-e-giovani/iniziativa-leccellente-voto-penso-globalmente-agisco-localmente/","name":"Iniziativa per l’eccellente voto! Penso globalmente, agisco localmente - Città di Fiume","isPartOf":{"@id":"https://www.rijeka.hr/it/#website"},"datePublished":"2016-10-19T10:25:10+00:00","dateModified":"2023-02-02T09:38:04+00:00","breadcrumb":{"@id":"https://www.rijeka.hr/it/tempo-libero-dei-giovani/manifestazioni-per-bambini-e-giovani/iniziativa-leccellente-voto-penso-globalmente-agisco-localmente/#breadcrumb"},"inLanguage":"it-IT","potentialAction":[{"@type":"ReadAction","target":["https://www.rijeka.hr/it/tempo-libero-dei-giovani/manifestazioni-per-bambini-e-giovani/iniziativa-leccellente-voto-penso-globalmente-agisco-localmente/"]}]},{"@type":"BreadcrumbList","@id":"https://www.rijeka.hr/it/tempo-libero-dei-giovani/manifestazioni-per-bambini-e-giovani/iniziativa-leccellente-voto-penso-globalmente-agisco-localmente/#breadcrumb","itemListElement":[{"@type":"ListItem","position":1,"name":"Početna stranica","item":"https://www.rijeka.hr/it/"},{"@type":"ListItem","position":2,"name":"Tempo libero dei giovani","item":"https://www.rijeka.hr/it/tempo-libero-dei-giovani/"},{"@type":"ListItem","position":3,"name":"Manifestazioni per bambini e giovani","item":"https://www.rijeka.hr/it/tempo-libero-dei-giovani/manifestazioni-per-bambini-e-giovani/"},{"@type":"ListItem","position":4,"name":"Iniziativa per l’eccellente voto! Penso globalmente, agisco localmente"}]},{"@type":"WebSite","@id":"https://www.rijeka.hr/it/#website","url":"https://www.rijeka.hr/it/","name":"Città di Fiume","description":"Portale web della Citta&#039; di Fiume","potentialAction":[{"@type":"SearchAction","target":{"@type":"EntryPoint","urlTemplate":"https://www.rijeka.hr/it/?s={search_term_string}"},"query-input":{"@type":"PropertyValueSpecification","valueRequired":true,"valueName":"search_term_string"}}],"inLanguage":"it-IT"}]}</script>
<!-- / Yoast SEO plugin. -->

Iniziativa per l’eccellente voto! Penso globalmente, agisco localmente - Città di Fiume

A partire dal 2005, la Città di Fiume, in collaborazione con l&#8217;associazione DELTA di Fiume, attua il progetto intitolato &#8220;PENSO GLOBALMENTE, AGISCO LOCALMENTE – GIORNATA DI AZIONE&#8221; che nel 2015 è stato rinominato “L’INIZIATIVA PER L’ECCELLENTE VOTO!”. L&#8217;obiettivo di questo progetto è quello di dare la possibilità ai giovani di età compresa tra i 14...

Città di Fiume

Početna stranica
