{"id":31,"date":"2016-07-22T09:37:16","date_gmt":"2016-07-22T07:37:16","guid":{"rendered":"https:\/\/www.rijeka.hr\/it\/?page_id=31"},"modified":"2019-11-08T10:32:11","modified_gmt":"2019-11-08T09:32:11","slug":"laboratori-creativi-dedicati-alle-persone-affette-da-sclerosi-multipla","status":"publish","type":"page","link":"https:\/\/www.rijeka.hr\/it\/temi-per-i-cittadini\/famiglia-e-assistenza-sociale\/previdenza-sociale\/servizi-sociali-assistenza-laica\/laboratori-creativi-dedicati-alle-persone-affette-da-sclerosi-multipla\/","title":{"rendered":"Laboratori creativi dedicati alle persone affette da sclerosi multipla"},"content":{"rendered":"<p>I <a href=\"http:\/\/www.rijeka-multipla.com\" target=\"_blank\" rel=\"noopener\">laboratori creativi<\/a> dedicati alle persone affette da sclerosi multipla, vengono attuati due volte alla settimana negli ambienti dell\u2019associazione. L\u2019inclusione dei malati nei laboratori contribuisce al loro sviluppo creativo e alle abilit\u00e0 fisiche e mentali, ma pi\u00f9 importante di tutto \u00e8 il fatto che attraverso mostre di vendita e la creazione indipendente degli articoli dedicati alla vendita \u00e8 possibile una migliore inclusione delle persone disabili nella societ\u00e0. I laboratori sotto la guida professionale si svolgono a partire dal 2007.<\/p>\n","protected":false},"excerpt":{"rendered":"<p>I laboratori creativi dedicati alle persone affette da sclerosi multipla, vengono attuati due volte alla settimana negli ambienti dell\u2019associazione. L\u2019inclusione dei malati nei laboratori contribuisce al loro sviluppo creativo e alle abilit\u00e0 fisiche e mentali, ma pi\u00f9 importante di tutto \u00e8 il fatto che attraverso mostre di vendita e la creazione indipendente degli articoli dedicati&#8230;<\/p>\n","protected":false},"author":6,"featured_media":0,"parent":21,"menu_order":0,"comment_status":"closed","ping_status":"closed","template":"","meta":{"_acf_changed":false,"_trash_the_other_posts":false,"footnotes":"","_links_to":"","_links_to_target":""},"tags":[],"class_list":["post-31","page","type-page","status-publish","hentry"],"acf":[],"yoast_head":"<!-- This site is optimized with the Yoast SEO plugin v24.4 - https:\/\/yoast.com\/wordpress\/plugins\/seo\/ -->\n<title>Laboratori creativi dedicati alle persone affette da sclerosi multipla - Citt\u00e0 di Fiume<\/title>\n<meta name=\"robots\" content=\"index, follow, max-snippet:-1, max-image-preview:large, max-video-preview:-1\" \/>\n<link rel=\"canonical\" href=\"https:\/\/www.rijeka.hr\/it\/temi-per-i-cittadini\/famiglia-e-assistenza-sociale\/previdenza-sociale\/servizi-sociali-assistenza-laica\/laboratori-creativi-dedicati-alle-persone-affette-da-sclerosi-multipla\/\" \/>\n<meta property=\"og:locale\" content=\"it_IT\" \/>\n<meta property=\"og:type\" content=\"article\" \/>\n<meta property=\"og:title\" content=\"Laboratori creativi dedicati alle persone affette da sclerosi multipla - Citt\u00e0 di Fiume\" \/>\n<meta property=\"og:description\" content=\"I laboratori creativi dedicati alle persone affette da sclerosi multipla, vengono attuati due volte alla settimana negli ambienti dell\u2019associazione. L\u2019inclusione dei malati nei laboratori contribuisce al loro sviluppo creativo e alle abilit\u00e0 fisiche e mentali, ma pi\u00f9 importante di tutto \u00e8 il fatto che attraverso mostre di vendita e la creazione indipendente degli articoli dedicati...\" \/>\n<meta property=\"og:url\" content=\"https:\/\/www.rijeka.hr\/it\/temi-per-i-cittadini\/famiglia-e-assistenza-sociale\/previdenza-sociale\/servizi-sociali-assistenza-laica\/laboratori-creativi-dedicati-alle-persone-affette-da-sclerosi-multipla\/\" \/>\n<meta property=\"og:site_name\" content=\"Citt\u00e0 di Fiume\" \/>\n<meta property=\"article:modified_time\" content=\"2019-11-08T09:32:11+00:00\" \/>\n<meta name=\"twitter:card\" content=\"summary_large_image\" \/>\n<script type=\"application\/ld+json\" class=\"yoast-schema-graph\">{\"@context\":\"https:\/\/schema.org\",\"@graph\":[{\"@type\":\"WebPage\",\"@id\":\"https:\/\/www.rijeka.hr\/it\/temi-per-i-cittadini\/famiglia-e-assistenza-sociale\/previdenza-sociale\/servizi-sociali-assistenza-laica\/laboratori-creativi-dedicati-alle-persone-affette-da-sclerosi-multipla\/\",\"url\":\"https:\/\/www.rijeka.hr\/it\/temi-per-i-cittadini\/famiglia-e-assistenza-sociale\/previdenza-sociale\/servizi-sociali-assistenza-laica\/laboratori-creativi-dedicati-alle-persone-affette-da-sclerosi-multipla\/\",\"name\":\"Laboratori creativi dedicati alle persone affette da sclerosi multipla - Citt\u00e0 di Fiume\",\"isPartOf\":{\"@id\":\"https:\/\/www.rijeka.hr\/it\/#website\"},\"datePublished\":\"2016-07-22T07:37:16+00:00\",\"dateModified\":\"2019-11-08T09:32:11+00:00\",\"breadcrumb\":{\"@id\":\"https:\/\/www.rijeka.hr\/it\/temi-per-i-cittadini\/famiglia-e-assistenza-sociale\/previdenza-sociale\/servizi-sociali-assistenza-laica\/laboratori-creativi-dedicati-alle-persone-affette-da-sclerosi-multipla\/#breadcrumb\"},\"inLanguage\":\"it-IT\",\"potentialAction\":[{\"@type\":\"ReadAction\",\"target\":[\"https:\/\/www.rijeka.hr\/it\/temi-per-i-cittadini\/famiglia-e-assistenza-sociale\/previdenza-sociale\/servizi-sociali-assistenza-laica\/laboratori-creativi-dedicati-alle-persone-affette-da-sclerosi-multipla\/\"]}]},{\"@type\":\"BreadcrumbList\",\"@id\":\"https:\/\/www.rijeka.hr\/it\/temi-per-i-cittadini\/famiglia-e-assistenza-sociale\/previdenza-sociale\/servizi-sociali-assistenza-laica\/laboratori-creativi-dedicati-alle-persone-affette-da-sclerosi-multipla\/#breadcrumb\",\"itemListElement\":[{\"@type\":\"ListItem\",\"position\":1,\"name\":\"Po\u010detna stranica\",\"item\":\"https:\/\/www.rijeka.hr\/it\/\"},{\"@type\":\"ListItem\",\"position\":2,\"name\":\"Temi per i cittadini\",\"item\":\"https:\/\/www.rijeka.hr\/it\/temi-per-i-cittadini\/\"},{\"@type\":\"ListItem\",\"position\":3,\"name\":\"Famiglia e previdenza sociale\",\"item\":\"https:\/\/www.rijeka.hr\/it\/temi-per-i-cittadini\/famiglia-e-assistenza-sociale\/\"},{\"@type\":\"ListItem\",\"position\":4,\"name\":\"Previdenza sociale\",\"item\":\"https:\/\/www.rijeka.hr\/it\/temi-per-i-cittadini\/famiglia-e-assistenza-sociale\/previdenza-sociale\/\"},{\"@type\":\"ListItem\",\"position\":5,\"name\":\"Servizi sociali e assistenza laica\",\"item\":\"https:\/\/www.rijeka.hr\/it\/temi-per-i-cittadini\/famiglia-e-assistenza-sociale\/previdenza-sociale\/servizi-sociali-assistenza-laica\/\"},{\"@type\":\"ListItem\",\"position\":6,\"name\":\"Laboratori creativi dedicati alle persone affette da sclerosi multipla\"}]},{\"@type\":\"WebSite\",\"@id\":\"https:\/\/www.rijeka.hr\/it\/#website\",\"url\":\"https:\/\/www.rijeka.hr\/it\/\",\"name\":\"Citt\u00e0 di Fiume\",\"description\":\"Portale web della Citta&#039; di Fiume\",\"potentialAction\":[{\"@type\":\"SearchAction\",\"target\":{\"@type\":\"EntryPoint\",\"urlTemplate\":\"https:\/\/www.rijeka.hr\/it\/?s={search_term_string}\"},\"query-input\":{\"@type\":\"PropertyValueSpecification\",\"valueRequired\":true,\"valueName\":\"search_term_string\"}}],\"inLanguage\":\"it-IT\"}]}<\/script>\n<!-- \/ Yoast SEO plugin. -->","yoast_head_json":{"title":"Laboratori creativi dedicati alle persone affette da sclerosi multipla - Citt\u00e0 di Fiume","robots":{"index":"index","follow":"follow","max-snippet":"max-snippet:-1","max-image-preview":"max-image-preview:large","max-video-preview":"max-video-preview:-1"},"canonical":"https:\/\/www.rijeka.hr\/it\/temi-per-i-cittadini\/famiglia-e-assistenza-sociale\/previdenza-sociale\/servizi-sociali-assistenza-laica\/laboratori-creativi-dedicati-alle-persone-affette-da-sclerosi-multipla\/","og_locale":"it_IT","og_type":"article","og_title":"Laboratori creativi dedicati alle persone affette da sclerosi multipla - Citt\u00e0 di Fiume","og_description":"I laboratori creativi dedicati alle persone affette da sclerosi multipla, vengono attuati due volte alla settimana negli ambienti dell\u2019associazione. L\u2019inclusione dei malati nei laboratori contribuisce al loro sviluppo creativo e alle abilit\u00e0 fisiche e mentali, ma pi\u00f9 importante di tutto \u00e8 il fatto che attraverso mostre di vendita e la creazione indipendente degli articoli dedicati...","og_url":"https:\/\/www.rijeka.hr\/it\/temi-per-i-cittadini\/famiglia-e-assistenza-sociale\/previdenza-sociale\/servizi-sociali-assistenza-laica\/laboratori-creativi-dedicati-alle-persone-affette-da-sclerosi-multipla\/","og_site_name":"Citt\u00e0 di Fiume","article_modified_time":"2019-11-08T09:32:11+00:00","twitter_card":"summary_large_image","schema":{"@context":"https:\/\/schema.org","@graph":[{"@type":"WebPage","@id":"https:\/\/www.rijeka.hr\/it\/temi-per-i-cittadini\/famiglia-e-assistenza-sociale\/previdenza-sociale\/servizi-sociali-assistenza-laica\/laboratori-creativi-dedicati-alle-persone-affette-da-sclerosi-multipla\/","url":"https:\/\/www.rijeka.hr\/it\/temi-per-i-cittadini\/famiglia-e-assistenza-sociale\/previdenza-sociale\/servizi-sociali-assistenza-laica\/laboratori-creativi-dedicati-alle-persone-affette-da-sclerosi-multipla\/","name":"Laboratori creativi dedicati alle persone affette da sclerosi multipla - Citt\u00e0 di Fiume","isPartOf":{"@id":"https:\/\/www.rijeka.hr\/it\/#website"},"datePublished":"2016-07-22T07:37:16+00:00","dateModified":"2019-11-08T09:32:11+00:00","breadcrumb":{"@id":"https:\/\/www.rijeka.hr\/it\/temi-per-i-cittadini\/famiglia-e-assistenza-sociale\/previdenza-sociale\/servizi-sociali-assistenza-laica\/laboratori-creativi-dedicati-alle-persone-affette-da-sclerosi-multipla\/#breadcrumb"},"inLanguage":"it-IT","potentialAction":[{"@type":"ReadAction","target":["https:\/\/www.rijeka.hr\/it\/temi-per-i-cittadini\/famiglia-e-assistenza-sociale\/previdenza-sociale\/servizi-sociali-assistenza-laica\/laboratori-creativi-dedicati-alle-persone-affette-da-sclerosi-multipla\/"]}]},{"@type":"BreadcrumbList","@id":"https:\/\/www.rijeka.hr\/it\/temi-per-i-cittadini\/famiglia-e-assistenza-sociale\/previdenza-sociale\/servizi-sociali-assistenza-laica\/laboratori-creativi-dedicati-alle-persone-affette-da-sclerosi-multipla\/#breadcrumb","itemListElement":[{"@type":"ListItem","position":1,"name":"Po\u010detna stranica","item":"https:\/\/www.rijeka.hr\/it\/"},{"@type":"ListItem","position":2,"name":"Temi per i cittadini","item":"https:\/\/www.rijeka.hr\/it\/temi-per-i-cittadini\/"},{"@type":"ListItem","position":3,"name":"Famiglia e previdenza sociale","item":"https:\/\/www.rijeka.hr\/it\/temi-per-i-cittadini\/famiglia-e-assistenza-sociale\/"},{"@type":"ListItem","position":4,"name":"Previdenza sociale","item":"https:\/\/www.rijeka.hr\/it\/temi-per-i-cittadini\/famiglia-e-assistenza-sociale\/previdenza-sociale\/"},{"@type":"ListItem","position":5,"name":"Servizi sociali e assistenza laica","item":"https:\/\/www.rijeka.hr\/it\/temi-per-i-cittadini\/famiglia-e-assistenza-sociale\/previdenza-sociale\/servizi-sociali-assistenza-laica\/"},{"@type":"ListItem","position":6,"name":"Laboratori creativi dedicati alle persone affette da sclerosi multipla"}]},{"@type":"WebSite","@id":"https:\/\/www.rijeka.hr\/it\/#website","url":"https:\/\/www.rijeka.hr\/it\/","name":"Citt\u00e0 di Fiume","description":"Portale web della Citta&#039; di Fiume","potentialAction":[{"@type":"SearchAction","target":{"@type":"EntryPoint","urlTemplate":"https:\/\/www.rijeka.hr\/it\/?s={search_term_string}"},"query-input":{"@type":"PropertyValueSpecification","valueRequired":true,"valueName":"search_term_string"}}],"inLanguage":"it-IT"}]}},"_links":{"self":[{"href":"https:\/\/www.rijeka.hr\/it\/wp-json\/wp\/v2\/pages\/31","targetHints":{"allow":["GET"]}}],"collection":[{"href":"https:\/\/www.rijeka.hr\/it\/wp-json\/wp\/v2\/pages"}],"about":[{"href":"https:\/\/www.rijeka.hr\/it\/wp-json\/wp\/v2\/types\/page"}],"author":[{"embeddable":true,"href":"https:\/\/www.rijeka.hr\/it\/wp-json\/wp\/v2\/users\/6"}],"replies":[{"embeddable":true,"href":"https:\/\/www.rijeka.hr\/it\/wp-json\/wp\/v2\/comments?post=31"}],"version-history":[{"count":2,"href":"https:\/\/www.rijeka.hr\/it\/wp-json\/wp\/v2\/pages\/31\/revisions"}],"predecessor-version":[{"id":5265,"href":"https:\/\/www.rijeka.hr\/it\/wp-json\/wp\/v2\/pages\/31\/revisions\/5265"}],"up":[{"embeddable":true,"href":"https:\/\/www.rijeka.hr\/it\/wp-json\/wp\/v2\/pages\/21"}],"wp:attachment":[{"href":"https:\/\/www.rijeka.hr\/it\/wp-json\/wp\/v2\/media?parent=31"}],"wp:term":[{"taxonomy":"post_tag","embeddable":true,"href":"https:\/\/www.rijeka.hr\/it\/wp-json\/wp\/v2\/tags?post=31"}],"curies":[{"name":"wp","href":"https:\/\/api.w.org\/{rel}","templated":true}]}}

<p>I <a href="http://www.rijeka-multipla.com" target="_blank" rel="noopener">laboratori creativi</a> dedicati alle persone affette da sclerosi multipla, vengono attuati due volte alla settimana negli ambienti dell’associazione. L’inclusione dei malati nei laboratori contribuisce al loro sviluppo creativo e alle abilità fisiche e mentali, ma più importante di tutto è il fatto che attraverso mostre di vendita e la creazione indipendente degli articoli dedicati alla vendita è possibile una migliore inclusione delle persone disabili nella società. I laboratori sotto la guida professionale si svolgono a partire dal 2007.</p>

<p>I laboratori creativi dedicati alle persone affette da sclerosi multipla, vengono attuati due volte alla settimana negli ambienti dell’associazione. L’inclusione dei malati nei laboratori contribuisce al loro sviluppo creativo e alle abilità fisiche e mentali, ma più importante di tutto è il fatto che attraverso mostre di vendita e la creazione indipendente degli articoli dedicati&#8230;</p>

<!-- This site is optimized with the Yoast SEO plugin v24.4 - https://yoast.com/wordpress/plugins/seo/ -->
<title>Laboratori creativi dedicati alle persone affette da sclerosi multipla - Città di Fiume</title>
<meta name="robots" content="index, follow, max-snippet:-1, max-image-preview:large, max-video-preview:-1" />
<link rel="canonical" href="https://www.rijeka.hr/it/temi-per-i-cittadini/famiglia-e-assistenza-sociale/previdenza-sociale/servizi-sociali-assistenza-laica/laboratori-creativi-dedicati-alle-persone-affette-da-sclerosi-multipla/" />
<meta property="og:locale" content="it_IT" />
<meta property="og:type" content="article" />
<meta property="og:title" content="Laboratori creativi dedicati alle persone affette da sclerosi multipla - Città di Fiume" />
<meta property="og:description" content="I laboratori creativi dedicati alle persone affette da sclerosi multipla, vengono attuati due volte alla settimana negli ambienti dell’associazione. L’inclusione dei malati nei laboratori contribuisce al loro sviluppo creativo e alle abilità fisiche e mentali, ma più importante di tutto è il fatto che attraverso mostre di vendita e la creazione indipendente degli articoli dedicati..." />
<meta property="og:url" content="https://www.rijeka.hr/it/temi-per-i-cittadini/famiglia-e-assistenza-sociale/previdenza-sociale/servizi-sociali-assistenza-laica/laboratori-creativi-dedicati-alle-persone-affette-da-sclerosi-multipla/" />
<meta property="og:site_name" content="Città di Fiume" />
<meta property="article:modified_time" content="2019-11-08T09:32:11+00:00" />
<meta name="twitter:card" content="summary_large_image" />
<script type="application/ld+json" class="yoast-schema-graph">{"@context":"https://schema.org","@graph":[{"@type":"WebPage","@id":"https://www.rijeka.hr/it/temi-per-i-cittadini/famiglia-e-assistenza-sociale/previdenza-sociale/servizi-sociali-assistenza-laica/laboratori-creativi-dedicati-alle-persone-affette-da-sclerosi-multipla/","url":"https://www.rijeka.hr/it/temi-per-i-cittadini/famiglia-e-assistenza-sociale/previdenza-sociale/servizi-sociali-assistenza-laica/laboratori-creativi-dedicati-alle-persone-affette-da-sclerosi-multipla/","name":"Laboratori creativi dedicati alle persone affette da sclerosi multipla - Città di Fiume","isPartOf":{"@id":"https://www.rijeka.hr/it/#website"},"datePublished":"2016-07-22T07:37:16+00:00","dateModified":"2019-11-08T09:32:11+00:00","breadcrumb":{"@id":"https://www.rijeka.hr/it/temi-per-i-cittadini/famiglia-e-assistenza-sociale/previdenza-sociale/servizi-sociali-assistenza-laica/laboratori-creativi-dedicati-alle-persone-affette-da-sclerosi-multipla/#breadcrumb"},"inLanguage":"it-IT","potentialAction":[{"@type":"ReadAction","target":["https://www.rijeka.hr/it/temi-per-i-cittadini/famiglia-e-assistenza-sociale/previdenza-sociale/servizi-sociali-assistenza-laica/laboratori-creativi-dedicati-alle-persone-affette-da-sclerosi-multipla/"]}]},{"@type":"BreadcrumbList","@id":"https://www.rijeka.hr/it/temi-per-i-cittadini/famiglia-e-assistenza-sociale/previdenza-sociale/servizi-sociali-assistenza-laica/laboratori-creativi-dedicati-alle-persone-affette-da-sclerosi-multipla/#breadcrumb","itemListElement":[{"@type":"ListItem","position":1,"name":"Početna stranica","item":"https://www.rijeka.hr/it/"},{"@type":"ListItem","position":2,"name":"Temi per i cittadini","item":"https://www.rijeka.hr/it/temi-per-i-cittadini/"},{"@type":"ListItem","position":3,"name":"Famiglia e previdenza sociale","item":"https://www.rijeka.hr/it/temi-per-i-cittadini/famiglia-e-assistenza-sociale/"},{"@type":"ListItem","position":4,"name":"Previdenza sociale","item":"https://www.rijeka.hr/it/temi-per-i-cittadini/famiglia-e-assistenza-sociale/previdenza-sociale/"},{"@type":"ListItem","position":5,"name":"Servizi sociali e assistenza laica","item":"https://www.rijeka.hr/it/temi-per-i-cittadini/famiglia-e-assistenza-sociale/previdenza-sociale/servizi-sociali-assistenza-laica/"},{"@type":"ListItem","position":6,"name":"Laboratori creativi dedicati alle persone affette da sclerosi multipla"}]},{"@type":"WebSite","@id":"https://www.rijeka.hr/it/#website","url":"https://www.rijeka.hr/it/","name":"Città di Fiume","description":"Portale web della Citta&#039; di Fiume","potentialAction":[{"@type":"SearchAction","target":{"@type":"EntryPoint","urlTemplate":"https://www.rijeka.hr/it/?s={search_term_string}"},"query-input":{"@type":"PropertyValueSpecification","valueRequired":true,"valueName":"search_term_string"}}],"inLanguage":"it-IT"}]}</script>
<!-- / Yoast SEO plugin. -->

Laboratori creativi dedicati alle persone affette da sclerosi multipla - Città di Fiume

I laboratori creativi dedicati alle persone affette da sclerosi multipla, vengono attuati due volte alla settimana negli ambienti dell’associazione. L’inclusione dei malati nei laboratori contribuisce al loro sviluppo creativo e alle abilità fisiche e mentali, ma più importante di tutto è il fatto che attraverso mostre di vendita e la creazione indipendente degli articoli dedicati...

Città di Fiume

Početna stranica
