{"id":3697,"date":"2017-02-27T13:51:28","date_gmt":"2017-02-27T12:51:28","guid":{"rendered":"https:\/\/www.rijeka.hr\/it\/?page_id=3697"},"modified":"2019-03-20T13:10:41","modified_gmt":"2019-03-20T12:10:41","slug":"pincipia-del-castro-alpino","status":"publish","type":"page","link":"https:\/\/www.rijeka.hr\/it\/temi-per-i-cittadini\/cultura\/patrimonio-culturale\/programmi-dinvestimento-inerenti-alla-protezione-alla-conservazione-del-patrimonio-culturale\/pincipia-del-castro-alpino\/","title":{"rendered":"I pretorio del castro alpino"},"content":{"rendered":"<p>Le ricerche archeologiche effettuate nel corso degli ultimi decenni sul territorio della citt\u00e0 di Fiume hanno confermato l\u2019esistenza di un castro fortificato all\u2019interno del quale si trovava il comando militare o il pretorio che rappresentava un separato complesso urbano. I reperti rinvenuti durante gli scavi archeologici di protezione effettuati nel mese di aprile 2004, hanno confermato di nuovo l&#8217;importanza eccezionale di questa localit\u00e0.<\/p>\n<p>Nel corso del 2006 e del 2007, in collaborazione con il Dipartimento cittadino per la cultura e il Dipartimento cittadino per lo sviluppo, l\u2019urbanistica, l\u2019ecologia e la gestione del territorio, \u00e8 stato condotto un bando di gara e altri lavori preparativi e attivit\u00e0 preliminari necessarie per svolgere ricerche archeologiche di protezione di questo sito affinch\u00e9 il pretorio fiumano potesse essere confermato come un monumento archeologico di un\u2019elevata categoria.<\/p>\n<p>Nel mese di settembre 2008, \u00e8 stato indetto un concorso architettonico per l&#8217;elaborazione di una soluzione concettuale architettonica relativa alla ristrutturazione del pretorio in cittavecchia. Il lavoro degli architetti Nenad Fabijani\u0107 e Sonja Tadej ha vinto il primo premio. In questo modo, la Citt\u00e0 di Fiume come investitore ha ricevuto una base qualitativa per la preparazione di seguenti documenti progettuali necessari per il rinnovo di questa piazza cittadina. Inoltre, sono stati completati i lavori preparativi che hanno permesso la pubblicazione del libro intitolato &#8220;Rije\u010dki principij&#8221;, dedicato alla ricerca archeologica effettuata nel 2007.<\/p>\n<p>I lavori per la ristrutturazione del Parco archeologico si sono svolti nel periodo tra il 2013 e il 2014. In questo periodo \u00e8 stato eseguito un rilevo architettonico dettagliato e le ricerche archivistiche e quelle inerenti alla conservazione e alla costruzione dell\u2019edificio accanto alla zona del parco archeologico in conformit\u00e0 alla richiesta del competente Dipartimento di conservazione, la cui attuazione \u00e8 stata ordinata dalla Citt\u00e0 di Fiume.<\/p>\n<p>Il parco archeologico \u00e8 stato inaugurato nel mese di febbraio 2014.<\/p>\n<p>&nbsp;<\/p>\n<p>&nbsp;<\/p>\n","protected":false},"excerpt":{"rendered":"<p>Le ricerche archeologiche effettuate nel corso degli ultimi decenni sul territorio della citt\u00e0 di Fiume hanno confermato l\u2019esistenza di un castro fortificato all\u2019interno del quale si trovava il comando militare o il pretorio che rappresentava un separato complesso urbano. I reperti rinvenuti durante gli scavi archeologici di protezione effettuati nel mese di aprile 2004, hanno&#8230;<\/p>\n","protected":false},"author":14,"featured_media":0,"parent":3673,"menu_order":0,"comment_status":"closed","ping_status":"closed","template":"","meta":{"_acf_changed":false,"_trash_the_other_posts":false,"footnotes":"","_links_to":"","_links_to_target":""},"tags":[],"class_list":["post-3697","page","type-page","status-publish","hentry"],"acf":[],"yoast_head":"<!-- This site is optimized with the Yoast SEO plugin v24.4 - https:\/\/yoast.com\/wordpress\/plugins\/seo\/ -->\n<title>I pretorio del castro alpino - Citt\u00e0 di Fiume<\/title>\n<meta name=\"robots\" content=\"index, follow, max-snippet:-1, max-image-preview:large, max-video-preview:-1\" \/>\n<link rel=\"canonical\" href=\"https:\/\/www.rijeka.hr\/it\/temi-per-i-cittadini\/cultura\/patrimonio-culturale\/programmi-dinvestimento-inerenti-alla-protezione-alla-conservazione-del-patrimonio-culturale\/pincipia-del-castro-alpino\/\" \/>\n<meta property=\"og:locale\" content=\"it_IT\" \/>\n<meta property=\"og:type\" content=\"article\" \/>\n<meta property=\"og:title\" content=\"I pretorio del castro alpino - Citt\u00e0 di Fiume\" \/>\n<meta property=\"og:description\" content=\"Le ricerche archeologiche effettuate nel corso degli ultimi decenni sul territorio della citt\u00e0 di Fiume hanno confermato l\u2019esistenza di un castro fortificato all\u2019interno del quale si trovava il comando militare o il pretorio che rappresentava un separato complesso urbano. I reperti rinvenuti durante gli scavi archeologici di protezione effettuati nel mese di aprile 2004, hanno...\" \/>\n<meta property=\"og:url\" content=\"https:\/\/www.rijeka.hr\/it\/temi-per-i-cittadini\/cultura\/patrimonio-culturale\/programmi-dinvestimento-inerenti-alla-protezione-alla-conservazione-del-patrimonio-culturale\/pincipia-del-castro-alpino\/\" \/>\n<meta property=\"og:site_name\" content=\"Citt\u00e0 di Fiume\" \/>\n<meta property=\"article:modified_time\" content=\"2019-03-20T12:10:41+00:00\" \/>\n<meta name=\"twitter:card\" content=\"summary_large_image\" \/>\n<meta name=\"twitter:label1\" content=\"Est. reading time\" \/>\n\t<meta name=\"twitter:data1\" content=\"1 minute\" \/>\n<script type=\"application\/ld+json\" class=\"yoast-schema-graph\">{\"@context\":\"https:\/\/schema.org\",\"@graph\":[{\"@type\":\"WebPage\",\"@id\":\"https:\/\/www.rijeka.hr\/it\/temi-per-i-cittadini\/cultura\/patrimonio-culturale\/programmi-dinvestimento-inerenti-alla-protezione-alla-conservazione-del-patrimonio-culturale\/pincipia-del-castro-alpino\/\",\"url\":\"https:\/\/www.rijeka.hr\/it\/temi-per-i-cittadini\/cultura\/patrimonio-culturale\/programmi-dinvestimento-inerenti-alla-protezione-alla-conservazione-del-patrimonio-culturale\/pincipia-del-castro-alpino\/\",\"name\":\"I pretorio del castro alpino - Citt\u00e0 di Fiume\",\"isPartOf\":{\"@id\":\"https:\/\/www.rijeka.hr\/it\/#website\"},\"datePublished\":\"2017-02-27T12:51:28+00:00\",\"dateModified\":\"2019-03-20T12:10:41+00:00\",\"breadcrumb\":{\"@id\":\"https:\/\/www.rijeka.hr\/it\/temi-per-i-cittadini\/cultura\/patrimonio-culturale\/programmi-dinvestimento-inerenti-alla-protezione-alla-conservazione-del-patrimonio-culturale\/pincipia-del-castro-alpino\/#breadcrumb\"},\"inLanguage\":\"it-IT\",\"potentialAction\":[{\"@type\":\"ReadAction\",\"target\":[\"https:\/\/www.rijeka.hr\/it\/temi-per-i-cittadini\/cultura\/patrimonio-culturale\/programmi-dinvestimento-inerenti-alla-protezione-alla-conservazione-del-patrimonio-culturale\/pincipia-del-castro-alpino\/\"]}]},{\"@type\":\"BreadcrumbList\",\"@id\":\"https:\/\/www.rijeka.hr\/it\/temi-per-i-cittadini\/cultura\/patrimonio-culturale\/programmi-dinvestimento-inerenti-alla-protezione-alla-conservazione-del-patrimonio-culturale\/pincipia-del-castro-alpino\/#breadcrumb\",\"itemListElement\":[{\"@type\":\"ListItem\",\"position\":1,\"name\":\"Po\u010detna stranica\",\"item\":\"https:\/\/www.rijeka.hr\/it\/\"},{\"@type\":\"ListItem\",\"position\":2,\"name\":\"Temi per i cittadini\",\"item\":\"https:\/\/www.rijeka.hr\/it\/temi-per-i-cittadini\/\"},{\"@type\":\"ListItem\",\"position\":3,\"name\":\"Cultura\",\"item\":\"https:\/\/www.rijeka.hr\/it\/temi-per-i-cittadini\/cultura\/\"},{\"@type\":\"ListItem\",\"position\":4,\"name\":\"Patrimonio culturale\",\"item\":\"https:\/\/www.rijeka.hr\/it\/temi-per-i-cittadini\/cultura\/patrimonio-culturale\/\"},{\"@type\":\"ListItem\",\"position\":5,\"name\":\"Programmi d\u2019investimento inerenti alla protezione e alla conservazione del patrimonio culturale\",\"item\":\"https:\/\/www.rijeka.hr\/it\/temi-per-i-cittadini\/cultura\/patrimonio-culturale\/programmi-dinvestimento-inerenti-alla-protezione-alla-conservazione-del-patrimonio-culturale\/\"},{\"@type\":\"ListItem\",\"position\":6,\"name\":\"I pretorio del castro alpino\"}]},{\"@type\":\"WebSite\",\"@id\":\"https:\/\/www.rijeka.hr\/it\/#website\",\"url\":\"https:\/\/www.rijeka.hr\/it\/\",\"name\":\"Citt\u00e0 di Fiume\",\"description\":\"Portale web della Citta&#039; di Fiume\",\"potentialAction\":[{\"@type\":\"SearchAction\",\"target\":{\"@type\":\"EntryPoint\",\"urlTemplate\":\"https:\/\/www.rijeka.hr\/it\/?s={search_term_string}\"},\"query-input\":{\"@type\":\"PropertyValueSpecification\",\"valueRequired\":true,\"valueName\":\"search_term_string\"}}],\"inLanguage\":\"it-IT\"}]}<\/script>\n<!-- \/ Yoast SEO plugin. -->","yoast_head_json":{"title":"I pretorio del castro alpino - Citt\u00e0 di Fiume","robots":{"index":"index","follow":"follow","max-snippet":"max-snippet:-1","max-image-preview":"max-image-preview:large","max-video-preview":"max-video-preview:-1"},"canonical":"https:\/\/www.rijeka.hr\/it\/temi-per-i-cittadini\/cultura\/patrimonio-culturale\/programmi-dinvestimento-inerenti-alla-protezione-alla-conservazione-del-patrimonio-culturale\/pincipia-del-castro-alpino\/","og_locale":"it_IT","og_type":"article","og_title":"I pretorio del castro alpino - Citt\u00e0 di Fiume","og_description":"Le ricerche archeologiche effettuate nel corso degli ultimi decenni sul territorio della citt\u00e0 di Fiume hanno confermato l\u2019esistenza di un castro fortificato all\u2019interno del quale si trovava il comando militare o il pretorio che rappresentava un separato complesso urbano. I reperti rinvenuti durante gli scavi archeologici di protezione effettuati nel mese di aprile 2004, hanno...","og_url":"https:\/\/www.rijeka.hr\/it\/temi-per-i-cittadini\/cultura\/patrimonio-culturale\/programmi-dinvestimento-inerenti-alla-protezione-alla-conservazione-del-patrimonio-culturale\/pincipia-del-castro-alpino\/","og_site_name":"Citt\u00e0 di Fiume","article_modified_time":"2019-03-20T12:10:41+00:00","twitter_card":"summary_large_image","twitter_misc":{"Est. reading time":"1 minute"},"schema":{"@context":"https:\/\/schema.org","@graph":[{"@type":"WebPage","@id":"https:\/\/www.rijeka.hr\/it\/temi-per-i-cittadini\/cultura\/patrimonio-culturale\/programmi-dinvestimento-inerenti-alla-protezione-alla-conservazione-del-patrimonio-culturale\/pincipia-del-castro-alpino\/","url":"https:\/\/www.rijeka.hr\/it\/temi-per-i-cittadini\/cultura\/patrimonio-culturale\/programmi-dinvestimento-inerenti-alla-protezione-alla-conservazione-del-patrimonio-culturale\/pincipia-del-castro-alpino\/","name":"I pretorio del castro alpino - Citt\u00e0 di Fiume","isPartOf":{"@id":"https:\/\/www.rijeka.hr\/it\/#website"},"datePublished":"2017-02-27T12:51:28+00:00","dateModified":"2019-03-20T12:10:41+00:00","breadcrumb":{"@id":"https:\/\/www.rijeka.hr\/it\/temi-per-i-cittadini\/cultura\/patrimonio-culturale\/programmi-dinvestimento-inerenti-alla-protezione-alla-conservazione-del-patrimonio-culturale\/pincipia-del-castro-alpino\/#breadcrumb"},"inLanguage":"it-IT","potentialAction":[{"@type":"ReadAction","target":["https:\/\/www.rijeka.hr\/it\/temi-per-i-cittadini\/cultura\/patrimonio-culturale\/programmi-dinvestimento-inerenti-alla-protezione-alla-conservazione-del-patrimonio-culturale\/pincipia-del-castro-alpino\/"]}]},{"@type":"BreadcrumbList","@id":"https:\/\/www.rijeka.hr\/it\/temi-per-i-cittadini\/cultura\/patrimonio-culturale\/programmi-dinvestimento-inerenti-alla-protezione-alla-conservazione-del-patrimonio-culturale\/pincipia-del-castro-alpino\/#breadcrumb","itemListElement":[{"@type":"ListItem","position":1,"name":"Po\u010detna stranica","item":"https:\/\/www.rijeka.hr\/it\/"},{"@type":"ListItem","position":2,"name":"Temi per i cittadini","item":"https:\/\/www.rijeka.hr\/it\/temi-per-i-cittadini\/"},{"@type":"ListItem","position":3,"name":"Cultura","item":"https:\/\/www.rijeka.hr\/it\/temi-per-i-cittadini\/cultura\/"},{"@type":"ListItem","position":4,"name":"Patrimonio culturale","item":"https:\/\/www.rijeka.hr\/it\/temi-per-i-cittadini\/cultura\/patrimonio-culturale\/"},{"@type":"ListItem","position":5,"name":"Programmi d\u2019investimento inerenti alla protezione e alla conservazione del patrimonio culturale","item":"https:\/\/www.rijeka.hr\/it\/temi-per-i-cittadini\/cultura\/patrimonio-culturale\/programmi-dinvestimento-inerenti-alla-protezione-alla-conservazione-del-patrimonio-culturale\/"},{"@type":"ListItem","position":6,"name":"I pretorio del castro alpino"}]},{"@type":"WebSite","@id":"https:\/\/www.rijeka.hr\/it\/#website","url":"https:\/\/www.rijeka.hr\/it\/","name":"Citt\u00e0 di Fiume","description":"Portale web della Citta&#039; di Fiume","potentialAction":[{"@type":"SearchAction","target":{"@type":"EntryPoint","urlTemplate":"https:\/\/www.rijeka.hr\/it\/?s={search_term_string}"},"query-input":{"@type":"PropertyValueSpecification","valueRequired":true,"valueName":"search_term_string"}}],"inLanguage":"it-IT"}]}},"_links":{"self":[{"href":"https:\/\/www.rijeka.hr\/it\/wp-json\/wp\/v2\/pages\/3697","targetHints":{"allow":["GET"]}}],"collection":[{"href":"https:\/\/www.rijeka.hr\/it\/wp-json\/wp\/v2\/pages"}],"about":[{"href":"https:\/\/www.rijeka.hr\/it\/wp-json\/wp\/v2\/types\/page"}],"author":[{"embeddable":true,"href":"https:\/\/www.rijeka.hr\/it\/wp-json\/wp\/v2\/users\/14"}],"replies":[{"embeddable":true,"href":"https:\/\/www.rijeka.hr\/it\/wp-json\/wp\/v2\/comments?post=3697"}],"version-history":[{"count":3,"href":"https:\/\/www.rijeka.hr\/it\/wp-json\/wp\/v2\/pages\/3697\/revisions"}],"predecessor-version":[{"id":3705,"href":"https:\/\/www.rijeka.hr\/it\/wp-json\/wp\/v2\/pages\/3697\/revisions\/3705"}],"up":[{"embeddable":true,"href":"https:\/\/www.rijeka.hr\/it\/wp-json\/wp\/v2\/pages\/3673"}],"wp:attachment":[{"href":"https:\/\/www.rijeka.hr\/it\/wp-json\/wp\/v2\/media?parent=3697"}],"wp:term":[{"taxonomy":"post_tag","embeddable":true,"href":"https:\/\/www.rijeka.hr\/it\/wp-json\/wp\/v2\/tags?post=3697"}],"curies":[{"name":"wp","href":"https:\/\/api.w.org\/{rel}","templated":true}]}}

<p>Le ricerche archeologiche effettuate nel corso degli ultimi decenni sul territorio della città di Fiume hanno confermato l’esistenza di un castro fortificato all’interno del quale si trovava il comando militare o il pretorio che rappresentava un separato complesso urbano. I reperti rinvenuti durante gli scavi archeologici di protezione effettuati nel mese di aprile 2004, hanno confermato di nuovo l&#8217;importanza eccezionale di questa località.</p>
<p>Nel corso del 2006 e del 2007, in collaborazione con il Dipartimento cittadino per la cultura e il Dipartimento cittadino per lo sviluppo, l’urbanistica, l’ecologia e la gestione del territorio, è stato condotto un bando di gara e altri lavori preparativi e attività preliminari necessarie per svolgere ricerche archeologiche di protezione di questo sito affinché il pretorio fiumano potesse essere confermato come un monumento archeologico di un’elevata categoria.</p>
<p>Nel mese di settembre 2008, è stato indetto un concorso architettonico per l&#8217;elaborazione di una soluzione concettuale architettonica relativa alla ristrutturazione del pretorio in cittavecchia. Il lavoro degli architetti Nenad Fabijanić e Sonja Tadej ha vinto il primo premio. In questo modo, la Città di Fiume come investitore ha ricevuto una base qualitativa per la preparazione di seguenti documenti progettuali necessari per il rinnovo di questa piazza cittadina. Inoltre, sono stati completati i lavori preparativi che hanno permesso la pubblicazione del libro intitolato &#8220;Riječki principij&#8221;, dedicato alla ricerca archeologica effettuata nel 2007.</p>
<p>I lavori per la ristrutturazione del Parco archeologico si sono svolti nel periodo tra il 2013 e il 2014. In questo periodo è stato eseguito un rilevo architettonico dettagliato e le ricerche archivistiche e quelle inerenti alla conservazione e alla costruzione dell’edificio accanto alla zona del parco archeologico in conformità alla richiesta del competente Dipartimento di conservazione, la cui attuazione è stata ordinata dalla Città di Fiume.</p>
<p>Il parco archeologico è stato inaugurato nel mese di febbraio 2014.</p>
<p>&nbsp;</p>
<p>&nbsp;</p>

<p>Le ricerche archeologiche effettuate nel corso degli ultimi decenni sul territorio della città di Fiume hanno confermato l’esistenza di un castro fortificato all’interno del quale si trovava il comando militare o il pretorio che rappresentava un separato complesso urbano. I reperti rinvenuti durante gli scavi archeologici di protezione effettuati nel mese di aprile 2004, hanno&#8230;</p>

<!-- This site is optimized with the Yoast SEO plugin v24.4 - https://yoast.com/wordpress/plugins/seo/ -->
<title>I pretorio del castro alpino - Città di Fiume</title>
<meta name="robots" content="index, follow, max-snippet:-1, max-image-preview:large, max-video-preview:-1" />
<link rel="canonical" href="https://www.rijeka.hr/it/temi-per-i-cittadini/cultura/patrimonio-culturale/programmi-dinvestimento-inerenti-alla-protezione-alla-conservazione-del-patrimonio-culturale/pincipia-del-castro-alpino/" />
<meta property="og:locale" content="it_IT" />
<meta property="og:type" content="article" />
<meta property="og:title" content="I pretorio del castro alpino - Città di Fiume" />
<meta property="og:description" content="Le ricerche archeologiche effettuate nel corso degli ultimi decenni sul territorio della città di Fiume hanno confermato l’esistenza di un castro fortificato all’interno del quale si trovava il comando militare o il pretorio che rappresentava un separato complesso urbano. I reperti rinvenuti durante gli scavi archeologici di protezione effettuati nel mese di aprile 2004, hanno..." />
<meta property="og:url" content="https://www.rijeka.hr/it/temi-per-i-cittadini/cultura/patrimonio-culturale/programmi-dinvestimento-inerenti-alla-protezione-alla-conservazione-del-patrimonio-culturale/pincipia-del-castro-alpino/" />
<meta property="og:site_name" content="Città di Fiume" />
<meta property="article:modified_time" content="2019-03-20T12:10:41+00:00" />
<meta name="twitter:card" content="summary_large_image" />
<meta name="twitter:label1" content="Est. reading time" />
	<meta name="twitter:data1" content="1 minute" />
<script type="application/ld+json" class="yoast-schema-graph">{"@context":"https://schema.org","@graph":[{"@type":"WebPage","@id":"https://www.rijeka.hr/it/temi-per-i-cittadini/cultura/patrimonio-culturale/programmi-dinvestimento-inerenti-alla-protezione-alla-conservazione-del-patrimonio-culturale/pincipia-del-castro-alpino/","url":"https://www.rijeka.hr/it/temi-per-i-cittadini/cultura/patrimonio-culturale/programmi-dinvestimento-inerenti-alla-protezione-alla-conservazione-del-patrimonio-culturale/pincipia-del-castro-alpino/","name":"I pretorio del castro alpino - Città di Fiume","isPartOf":{"@id":"https://www.rijeka.hr/it/#website"},"datePublished":"2017-02-27T12:51:28+00:00","dateModified":"2019-03-20T12:10:41+00:00","breadcrumb":{"@id":"https://www.rijeka.hr/it/temi-per-i-cittadini/cultura/patrimonio-culturale/programmi-dinvestimento-inerenti-alla-protezione-alla-conservazione-del-patrimonio-culturale/pincipia-del-castro-alpino/#breadcrumb"},"inLanguage":"it-IT","potentialAction":[{"@type":"ReadAction","target":["https://www.rijeka.hr/it/temi-per-i-cittadini/cultura/patrimonio-culturale/programmi-dinvestimento-inerenti-alla-protezione-alla-conservazione-del-patrimonio-culturale/pincipia-del-castro-alpino/"]}]},{"@type":"BreadcrumbList","@id":"https://www.rijeka.hr/it/temi-per-i-cittadini/cultura/patrimonio-culturale/programmi-dinvestimento-inerenti-alla-protezione-alla-conservazione-del-patrimonio-culturale/pincipia-del-castro-alpino/#breadcrumb","itemListElement":[{"@type":"ListItem","position":1,"name":"Početna stranica","item":"https://www.rijeka.hr/it/"},{"@type":"ListItem","position":2,"name":"Temi per i cittadini","item":"https://www.rijeka.hr/it/temi-per-i-cittadini/"},{"@type":"ListItem","position":3,"name":"Cultura","item":"https://www.rijeka.hr/it/temi-per-i-cittadini/cultura/"},{"@type":"ListItem","position":4,"name":"Patrimonio culturale","item":"https://www.rijeka.hr/it/temi-per-i-cittadini/cultura/patrimonio-culturale/"},{"@type":"ListItem","position":5,"name":"Programmi d’investimento inerenti alla protezione e alla conservazione del patrimonio culturale","item":"https://www.rijeka.hr/it/temi-per-i-cittadini/cultura/patrimonio-culturale/programmi-dinvestimento-inerenti-alla-protezione-alla-conservazione-del-patrimonio-culturale/"},{"@type":"ListItem","position":6,"name":"I pretorio del castro alpino"}]},{"@type":"WebSite","@id":"https://www.rijeka.hr/it/#website","url":"https://www.rijeka.hr/it/","name":"Città di Fiume","description":"Portale web della Citta&#039; di Fiume","potentialAction":[{"@type":"SearchAction","target":{"@type":"EntryPoint","urlTemplate":"https://www.rijeka.hr/it/?s={search_term_string}"},"query-input":{"@type":"PropertyValueSpecification","valueRequired":true,"valueName":"search_term_string"}}],"inLanguage":"it-IT"}]}</script>
<!-- / Yoast SEO plugin. -->

I pretorio del castro alpino - Città di Fiume

Le ricerche archeologiche effettuate nel corso degli ultimi decenni sul territorio della città di Fiume hanno confermato l’esistenza di un castro fortificato all’interno del quale si trovava il comando militare o il pretorio che rappresentava un separato complesso urbano. I reperti rinvenuti durante gli scavi archeologici di protezione effettuati nel mese di aprile 2004, hanno...

Città di Fiume

Početna stranica
