{"id":432,"date":"2016-07-29T08:32:03","date_gmt":"2016-07-29T06:32:03","guid":{"rendered":"https:\/\/www.rijeka.hr\/it\/?page_id=432"},"modified":"2019-11-15T08:36:41","modified_gmt":"2019-11-15T07:36:41","slug":"santanna-casa-per-le-donne-e-i-bambini-vittime-di-violenza-familiare-gestita-dalla-caritas","status":"publish","type":"page","link":"https:\/\/www.rijeka.hr\/it\/temi-per-i-cittadini\/famiglia-e-assistenza-sociale\/tutela-delle-persone-vittime-di-violenza\/santanna-casa-per-le-donne-e-i-bambini-vittime-di-violenza-familiare-gestita-dalla-caritas\/","title":{"rendered":"Sant\u2019Anna \u2013 Casa per le donne e i bambini \u2013 vittime di violenza familiare gestita dalla Caritas"},"content":{"rendered":"<p>La casa \u00e8 stata fondata nel 1993, nell\u2019ambito della Caritas dell\u2019Arcidiocesi. La Casa pu\u00f2 accogliere 40 persone e le capacit\u00e0 ricettive sono prevalentemente occupate. Dalla fondazione la Casa, con i propri programmi volti a preparare e rafforzare le madri e i bambini, agisce in senso risocializzativo e riabilitativo. Un\u2019attenzione particolare viene prestata alla cura dei bambini che hanno bisogno dell\u2019assistenza nel superamento dei traumi che hanno provato, dell\u2019assistenza nell\u2019insegnamento, dell\u2019organizzazione delle attivit\u00e0 libere ecc.<\/p>\n<p>Il personale della casa presta un\u2019attenzione particolare alla lotta contro la violenza tra le generazioni, per imparare i bambini che la violenza non \u00e8 un modello di comportamento accettabile. Inoltre, una delle attivit\u00e0 pi\u00f9 importanti \u00e8 la promozione della consapevolezza e la sensibilizzazione del pubblico sull\u2019esistenza del problema di violenza domestica e sulle sue serie conseguenze.<\/p>\n<p>Ulteriori informazioni sono disponibili sul sito web della <strong><a href=\"http:\/\/sv-ana.com\/\">Casa della Caritas per donne e bambini, vittime di violenza domestica<\/a><\/strong>.<\/p>\n<p>&nbsp;<\/p>\n","protected":false},"excerpt":{"rendered":"<p>La casa \u00e8 stata fondata nel 1993, nell\u2019ambito della Caritas dell\u2019Arcidiocesi. La Casa pu\u00f2 accogliere 40 persone e le capacit\u00e0 ricettive sono prevalentemente occupate. Dalla fondazione la Casa, con i propri programmi volti a preparare e rafforzare le madri e i bambini, agisce in senso risocializzativo e riabilitativo. Un\u2019attenzione particolare viene prestata alla cura dei&#8230;<\/p>\n","protected":false},"author":6,"featured_media":0,"parent":262,"menu_order":0,"comment_status":"closed","ping_status":"closed","template":"","meta":{"_acf_changed":false,"_trash_the_other_posts":false,"footnotes":"","_links_to":"","_links_to_target":""},"tags":[],"class_list":["post-432","page","type-page","status-publish","hentry"],"acf":[],"yoast_head":"<!-- This site is optimized with the Yoast SEO plugin v24.4 - https:\/\/yoast.com\/wordpress\/plugins\/seo\/ -->\n<title>Sant\u2019Anna \u2013 Casa per le donne e i bambini \u2013 vittime di violenza familiare gestita dalla Caritas - Citt\u00e0 di Fiume<\/title>\n<meta name=\"robots\" content=\"index, follow, max-snippet:-1, max-image-preview:large, max-video-preview:-1\" \/>\n<link rel=\"canonical\" href=\"https:\/\/www.rijeka.hr\/it\/temi-per-i-cittadini\/famiglia-e-assistenza-sociale\/tutela-delle-persone-vittime-di-violenza\/santanna-casa-per-le-donne-e-i-bambini-vittime-di-violenza-familiare-gestita-dalla-caritas\/\" \/>\n<meta property=\"og:locale\" content=\"it_IT\" \/>\n<meta property=\"og:type\" content=\"article\" \/>\n<meta property=\"og:title\" content=\"Sant\u2019Anna \u2013 Casa per le donne e i bambini \u2013 vittime di violenza familiare gestita dalla Caritas - Citt\u00e0 di Fiume\" \/>\n<meta property=\"og:description\" content=\"La casa \u00e8 stata fondata nel 1993, nell\u2019ambito della Caritas dell\u2019Arcidiocesi. La Casa pu\u00f2 accogliere 40 persone e le capacit\u00e0 ricettive sono prevalentemente occupate. Dalla fondazione la Casa, con i propri programmi volti a preparare e rafforzare le madri e i bambini, agisce in senso risocializzativo e riabilitativo. Un\u2019attenzione particolare viene prestata alla cura dei...\" \/>\n<meta property=\"og:url\" content=\"https:\/\/www.rijeka.hr\/it\/temi-per-i-cittadini\/famiglia-e-assistenza-sociale\/tutela-delle-persone-vittime-di-violenza\/santanna-casa-per-le-donne-e-i-bambini-vittime-di-violenza-familiare-gestita-dalla-caritas\/\" \/>\n<meta property=\"og:site_name\" content=\"Citt\u00e0 di Fiume\" \/>\n<meta property=\"article:modified_time\" content=\"2019-11-15T07:36:41+00:00\" \/>\n<meta name=\"twitter:card\" content=\"summary_large_image\" \/>\n<meta name=\"twitter:label1\" content=\"Est. reading time\" \/>\n\t<meta name=\"twitter:data1\" content=\"1 minute\" \/>\n<script type=\"application\/ld+json\" class=\"yoast-schema-graph\">{\"@context\":\"https:\/\/schema.org\",\"@graph\":[{\"@type\":\"WebPage\",\"@id\":\"https:\/\/www.rijeka.hr\/it\/temi-per-i-cittadini\/famiglia-e-assistenza-sociale\/tutela-delle-persone-vittime-di-violenza\/santanna-casa-per-le-donne-e-i-bambini-vittime-di-violenza-familiare-gestita-dalla-caritas\/\",\"url\":\"https:\/\/www.rijeka.hr\/it\/temi-per-i-cittadini\/famiglia-e-assistenza-sociale\/tutela-delle-persone-vittime-di-violenza\/santanna-casa-per-le-donne-e-i-bambini-vittime-di-violenza-familiare-gestita-dalla-caritas\/\",\"name\":\"Sant\u2019Anna \u2013 Casa per le donne e i bambini \u2013 vittime di violenza familiare gestita dalla Caritas - Citt\u00e0 di Fiume\",\"isPartOf\":{\"@id\":\"https:\/\/www.rijeka.hr\/it\/#website\"},\"datePublished\":\"2016-07-29T06:32:03+00:00\",\"dateModified\":\"2019-11-15T07:36:41+00:00\",\"breadcrumb\":{\"@id\":\"https:\/\/www.rijeka.hr\/it\/temi-per-i-cittadini\/famiglia-e-assistenza-sociale\/tutela-delle-persone-vittime-di-violenza\/santanna-casa-per-le-donne-e-i-bambini-vittime-di-violenza-familiare-gestita-dalla-caritas\/#breadcrumb\"},\"inLanguage\":\"it-IT\",\"potentialAction\":[{\"@type\":\"ReadAction\",\"target\":[\"https:\/\/www.rijeka.hr\/it\/temi-per-i-cittadini\/famiglia-e-assistenza-sociale\/tutela-delle-persone-vittime-di-violenza\/santanna-casa-per-le-donne-e-i-bambini-vittime-di-violenza-familiare-gestita-dalla-caritas\/\"]}]},{\"@type\":\"BreadcrumbList\",\"@id\":\"https:\/\/www.rijeka.hr\/it\/temi-per-i-cittadini\/famiglia-e-assistenza-sociale\/tutela-delle-persone-vittime-di-violenza\/santanna-casa-per-le-donne-e-i-bambini-vittime-di-violenza-familiare-gestita-dalla-caritas\/#breadcrumb\",\"itemListElement\":[{\"@type\":\"ListItem\",\"position\":1,\"name\":\"Po\u010detna stranica\",\"item\":\"https:\/\/www.rijeka.hr\/it\/\"},{\"@type\":\"ListItem\",\"position\":2,\"name\":\"Temi per i cittadini\",\"item\":\"https:\/\/www.rijeka.hr\/it\/temi-per-i-cittadini\/\"},{\"@type\":\"ListItem\",\"position\":3,\"name\":\"Famiglia e previdenza sociale\",\"item\":\"https:\/\/www.rijeka.hr\/it\/temi-per-i-cittadini\/famiglia-e-assistenza-sociale\/\"},{\"@type\":\"ListItem\",\"position\":4,\"name\":\"Prevenzione della violenza domestica e di ogni altra forma di violenza\",\"item\":\"https:\/\/www.rijeka.hr\/it\/temi-per-i-cittadini\/famiglia-e-assistenza-sociale\/tutela-delle-persone-vittime-di-violenza\/\"},{\"@type\":\"ListItem\",\"position\":5,\"name\":\"Sant\u2019Anna \u2013 Casa per le donne e i bambini \u2013 vittime di violenza familiare gestita dalla Caritas\"}]},{\"@type\":\"WebSite\",\"@id\":\"https:\/\/www.rijeka.hr\/it\/#website\",\"url\":\"https:\/\/www.rijeka.hr\/it\/\",\"name\":\"Citt\u00e0 di Fiume\",\"description\":\"Portale web della Citta&#039; di Fiume\",\"potentialAction\":[{\"@type\":\"SearchAction\",\"target\":{\"@type\":\"EntryPoint\",\"urlTemplate\":\"https:\/\/www.rijeka.hr\/it\/?s={search_term_string}\"},\"query-input\":{\"@type\":\"PropertyValueSpecification\",\"valueRequired\":true,\"valueName\":\"search_term_string\"}}],\"inLanguage\":\"it-IT\"}]}<\/script>\n<!-- \/ Yoast SEO plugin. -->","yoast_head_json":{"title":"Sant\u2019Anna \u2013 Casa per le donne e i bambini \u2013 vittime di violenza familiare gestita dalla Caritas - Citt\u00e0 di Fiume","robots":{"index":"index","follow":"follow","max-snippet":"max-snippet:-1","max-image-preview":"max-image-preview:large","max-video-preview":"max-video-preview:-1"},"canonical":"https:\/\/www.rijeka.hr\/it\/temi-per-i-cittadini\/famiglia-e-assistenza-sociale\/tutela-delle-persone-vittime-di-violenza\/santanna-casa-per-le-donne-e-i-bambini-vittime-di-violenza-familiare-gestita-dalla-caritas\/","og_locale":"it_IT","og_type":"article","og_title":"Sant\u2019Anna \u2013 Casa per le donne e i bambini \u2013 vittime di violenza familiare gestita dalla Caritas - Citt\u00e0 di Fiume","og_description":"La casa \u00e8 stata fondata nel 1993, nell\u2019ambito della Caritas dell\u2019Arcidiocesi. La Casa pu\u00f2 accogliere 40 persone e le capacit\u00e0 ricettive sono prevalentemente occupate. Dalla fondazione la Casa, con i propri programmi volti a preparare e rafforzare le madri e i bambini, agisce in senso risocializzativo e riabilitativo. Un\u2019attenzione particolare viene prestata alla cura dei...","og_url":"https:\/\/www.rijeka.hr\/it\/temi-per-i-cittadini\/famiglia-e-assistenza-sociale\/tutela-delle-persone-vittime-di-violenza\/santanna-casa-per-le-donne-e-i-bambini-vittime-di-violenza-familiare-gestita-dalla-caritas\/","og_site_name":"Citt\u00e0 di Fiume","article_modified_time":"2019-11-15T07:36:41+00:00","twitter_card":"summary_large_image","twitter_misc":{"Est. reading time":"1 minute"},"schema":{"@context":"https:\/\/schema.org","@graph":[{"@type":"WebPage","@id":"https:\/\/www.rijeka.hr\/it\/temi-per-i-cittadini\/famiglia-e-assistenza-sociale\/tutela-delle-persone-vittime-di-violenza\/santanna-casa-per-le-donne-e-i-bambini-vittime-di-violenza-familiare-gestita-dalla-caritas\/","url":"https:\/\/www.rijeka.hr\/it\/temi-per-i-cittadini\/famiglia-e-assistenza-sociale\/tutela-delle-persone-vittime-di-violenza\/santanna-casa-per-le-donne-e-i-bambini-vittime-di-violenza-familiare-gestita-dalla-caritas\/","name":"Sant\u2019Anna \u2013 Casa per le donne e i bambini \u2013 vittime di violenza familiare gestita dalla Caritas - Citt\u00e0 di Fiume","isPartOf":{"@id":"https:\/\/www.rijeka.hr\/it\/#website"},"datePublished":"2016-07-29T06:32:03+00:00","dateModified":"2019-11-15T07:36:41+00:00","breadcrumb":{"@id":"https:\/\/www.rijeka.hr\/it\/temi-per-i-cittadini\/famiglia-e-assistenza-sociale\/tutela-delle-persone-vittime-di-violenza\/santanna-casa-per-le-donne-e-i-bambini-vittime-di-violenza-familiare-gestita-dalla-caritas\/#breadcrumb"},"inLanguage":"it-IT","potentialAction":[{"@type":"ReadAction","target":["https:\/\/www.rijeka.hr\/it\/temi-per-i-cittadini\/famiglia-e-assistenza-sociale\/tutela-delle-persone-vittime-di-violenza\/santanna-casa-per-le-donne-e-i-bambini-vittime-di-violenza-familiare-gestita-dalla-caritas\/"]}]},{"@type":"BreadcrumbList","@id":"https:\/\/www.rijeka.hr\/it\/temi-per-i-cittadini\/famiglia-e-assistenza-sociale\/tutela-delle-persone-vittime-di-violenza\/santanna-casa-per-le-donne-e-i-bambini-vittime-di-violenza-familiare-gestita-dalla-caritas\/#breadcrumb","itemListElement":[{"@type":"ListItem","position":1,"name":"Po\u010detna stranica","item":"https:\/\/www.rijeka.hr\/it\/"},{"@type":"ListItem","position":2,"name":"Temi per i cittadini","item":"https:\/\/www.rijeka.hr\/it\/temi-per-i-cittadini\/"},{"@type":"ListItem","position":3,"name":"Famiglia e previdenza sociale","item":"https:\/\/www.rijeka.hr\/it\/temi-per-i-cittadini\/famiglia-e-assistenza-sociale\/"},{"@type":"ListItem","position":4,"name":"Prevenzione della violenza domestica e di ogni altra forma di violenza","item":"https:\/\/www.rijeka.hr\/it\/temi-per-i-cittadini\/famiglia-e-assistenza-sociale\/tutela-delle-persone-vittime-di-violenza\/"},{"@type":"ListItem","position":5,"name":"Sant\u2019Anna \u2013 Casa per le donne e i bambini \u2013 vittime di violenza familiare gestita dalla Caritas"}]},{"@type":"WebSite","@id":"https:\/\/www.rijeka.hr\/it\/#website","url":"https:\/\/www.rijeka.hr\/it\/","name":"Citt\u00e0 di Fiume","description":"Portale web della Citta&#039; di Fiume","potentialAction":[{"@type":"SearchAction","target":{"@type":"EntryPoint","urlTemplate":"https:\/\/www.rijeka.hr\/it\/?s={search_term_string}"},"query-input":{"@type":"PropertyValueSpecification","valueRequired":true,"valueName":"search_term_string"}}],"inLanguage":"it-IT"}]}},"_links":{"self":[{"href":"https:\/\/www.rijeka.hr\/it\/wp-json\/wp\/v2\/pages\/432","targetHints":{"allow":["GET"]}}],"collection":[{"href":"https:\/\/www.rijeka.hr\/it\/wp-json\/wp\/v2\/pages"}],"about":[{"href":"https:\/\/www.rijeka.hr\/it\/wp-json\/wp\/v2\/types\/page"}],"author":[{"embeddable":true,"href":"https:\/\/www.rijeka.hr\/it\/wp-json\/wp\/v2\/users\/6"}],"replies":[{"embeddable":true,"href":"https:\/\/www.rijeka.hr\/it\/wp-json\/wp\/v2\/comments?post=432"}],"version-history":[{"count":4,"href":"https:\/\/www.rijeka.hr\/it\/wp-json\/wp\/v2\/pages\/432\/revisions"}],"predecessor-version":[{"id":6747,"href":"https:\/\/www.rijeka.hr\/it\/wp-json\/wp\/v2\/pages\/432\/revisions\/6747"}],"up":[{"embeddable":true,"href":"https:\/\/www.rijeka.hr\/it\/wp-json\/wp\/v2\/pages\/262"}],"wp:attachment":[{"href":"https:\/\/www.rijeka.hr\/it\/wp-json\/wp\/v2\/media?parent=432"}],"wp:term":[{"taxonomy":"post_tag","embeddable":true,"href":"https:\/\/www.rijeka.hr\/it\/wp-json\/wp\/v2\/tags?post=432"}],"curies":[{"name":"wp","href":"https:\/\/api.w.org\/{rel}","templated":true}]}}

<p>La casa è stata fondata nel 1993, nell’ambito della Caritas dell’Arcidiocesi. La Casa può accogliere 40 persone e le capacità ricettive sono prevalentemente occupate. Dalla fondazione la Casa, con i propri programmi volti a preparare e rafforzare le madri e i bambini, agisce in senso risocializzativo e riabilitativo. Un’attenzione particolare viene prestata alla cura dei bambini che hanno bisogno dell’assistenza nel superamento dei traumi che hanno provato, dell’assistenza nell’insegnamento, dell’organizzazione delle attività libere ecc.</p>
<p>Il personale della casa presta un’attenzione particolare alla lotta contro la violenza tra le generazioni, per imparare i bambini che la violenza non è un modello di comportamento accettabile. Inoltre, una delle attività più importanti è la promozione della consapevolezza e la sensibilizzazione del pubblico sull’esistenza del problema di violenza domestica e sulle sue serie conseguenze.</p>
<p>Ulteriori informazioni sono disponibili sul sito web della <strong><a href="http://sv-ana.com/">Casa della Caritas per donne e bambini, vittime di violenza domestica</a></strong>.</p>
<p>&nbsp;</p>

<p>La casa è stata fondata nel 1993, nell’ambito della Caritas dell’Arcidiocesi. La Casa può accogliere 40 persone e le capacità ricettive sono prevalentemente occupate. Dalla fondazione la Casa, con i propri programmi volti a preparare e rafforzare le madri e i bambini, agisce in senso risocializzativo e riabilitativo. Un’attenzione particolare viene prestata alla cura dei&#8230;</p>

<!-- This site is optimized with the Yoast SEO plugin v24.4 - https://yoast.com/wordpress/plugins/seo/ -->
<title>Sant’Anna – Casa per le donne e i bambini – vittime di violenza familiare gestita dalla Caritas - Città di Fiume</title>
<meta name="robots" content="index, follow, max-snippet:-1, max-image-preview:large, max-video-preview:-1" />
<link rel="canonical" href="https://www.rijeka.hr/it/temi-per-i-cittadini/famiglia-e-assistenza-sociale/tutela-delle-persone-vittime-di-violenza/santanna-casa-per-le-donne-e-i-bambini-vittime-di-violenza-familiare-gestita-dalla-caritas/" />
<meta property="og:locale" content="it_IT" />
<meta property="og:type" content="article" />
<meta property="og:title" content="Sant’Anna – Casa per le donne e i bambini – vittime di violenza familiare gestita dalla Caritas - Città di Fiume" />
<meta property="og:description" content="La casa è stata fondata nel 1993, nell’ambito della Caritas dell’Arcidiocesi. La Casa può accogliere 40 persone e le capacità ricettive sono prevalentemente occupate. Dalla fondazione la Casa, con i propri programmi volti a preparare e rafforzare le madri e i bambini, agisce in senso risocializzativo e riabilitativo. Un’attenzione particolare viene prestata alla cura dei..." />
<meta property="og:url" content="https://www.rijeka.hr/it/temi-per-i-cittadini/famiglia-e-assistenza-sociale/tutela-delle-persone-vittime-di-violenza/santanna-casa-per-le-donne-e-i-bambini-vittime-di-violenza-familiare-gestita-dalla-caritas/" />
<meta property="og:site_name" content="Città di Fiume" />
<meta property="article:modified_time" content="2019-11-15T07:36:41+00:00" />
<meta name="twitter:card" content="summary_large_image" />
<meta name="twitter:label1" content="Est. reading time" />
	<meta name="twitter:data1" content="1 minute" />
<script type="application/ld+json" class="yoast-schema-graph">{"@context":"https://schema.org","@graph":[{"@type":"WebPage","@id":"https://www.rijeka.hr/it/temi-per-i-cittadini/famiglia-e-assistenza-sociale/tutela-delle-persone-vittime-di-violenza/santanna-casa-per-le-donne-e-i-bambini-vittime-di-violenza-familiare-gestita-dalla-caritas/","url":"https://www.rijeka.hr/it/temi-per-i-cittadini/famiglia-e-assistenza-sociale/tutela-delle-persone-vittime-di-violenza/santanna-casa-per-le-donne-e-i-bambini-vittime-di-violenza-familiare-gestita-dalla-caritas/","name":"Sant’Anna – Casa per le donne e i bambini – vittime di violenza familiare gestita dalla Caritas - Città di Fiume","isPartOf":{"@id":"https://www.rijeka.hr/it/#website"},"datePublished":"2016-07-29T06:32:03+00:00","dateModified":"2019-11-15T07:36:41+00:00","breadcrumb":{"@id":"https://www.rijeka.hr/it/temi-per-i-cittadini/famiglia-e-assistenza-sociale/tutela-delle-persone-vittime-di-violenza/santanna-casa-per-le-donne-e-i-bambini-vittime-di-violenza-familiare-gestita-dalla-caritas/#breadcrumb"},"inLanguage":"it-IT","potentialAction":[{"@type":"ReadAction","target":["https://www.rijeka.hr/it/temi-per-i-cittadini/famiglia-e-assistenza-sociale/tutela-delle-persone-vittime-di-violenza/santanna-casa-per-le-donne-e-i-bambini-vittime-di-violenza-familiare-gestita-dalla-caritas/"]}]},{"@type":"BreadcrumbList","@id":"https://www.rijeka.hr/it/temi-per-i-cittadini/famiglia-e-assistenza-sociale/tutela-delle-persone-vittime-di-violenza/santanna-casa-per-le-donne-e-i-bambini-vittime-di-violenza-familiare-gestita-dalla-caritas/#breadcrumb","itemListElement":[{"@type":"ListItem","position":1,"name":"Početna stranica","item":"https://www.rijeka.hr/it/"},{"@type":"ListItem","position":2,"name":"Temi per i cittadini","item":"https://www.rijeka.hr/it/temi-per-i-cittadini/"},{"@type":"ListItem","position":3,"name":"Famiglia e previdenza sociale","item":"https://www.rijeka.hr/it/temi-per-i-cittadini/famiglia-e-assistenza-sociale/"},{"@type":"ListItem","position":4,"name":"Prevenzione della violenza domestica e di ogni altra forma di violenza","item":"https://www.rijeka.hr/it/temi-per-i-cittadini/famiglia-e-assistenza-sociale/tutela-delle-persone-vittime-di-violenza/"},{"@type":"ListItem","position":5,"name":"Sant’Anna – Casa per le donne e i bambini – vittime di violenza familiare gestita dalla Caritas"}]},{"@type":"WebSite","@id":"https://www.rijeka.hr/it/#website","url":"https://www.rijeka.hr/it/","name":"Città di Fiume","description":"Portale web della Citta&#039; di Fiume","potentialAction":[{"@type":"SearchAction","target":{"@type":"EntryPoint","urlTemplate":"https://www.rijeka.hr/it/?s={search_term_string}"},"query-input":{"@type":"PropertyValueSpecification","valueRequired":true,"valueName":"search_term_string"}}],"inLanguage":"it-IT"}]}</script>
<!-- / Yoast SEO plugin. -->

Sant’Anna – Casa per le donne e i bambini – vittime di violenza familiare gestita dalla Caritas - Città di Fiume

La casa è stata fondata nel 1993, nell’ambito della Caritas dell’Arcidiocesi. La Casa può accogliere 40 persone e le capacità ricettive sono prevalentemente occupate. Dalla fondazione la Casa, con i propri programmi volti a preparare e rafforzare le madri e i bambini, agisce in senso risocializzativo e riabilitativo. Un’attenzione particolare viene prestata alla cura dei...

Città di Fiume

Početna stranica
