{"id":7233,"date":"2018-09-24T10:55:29","date_gmt":"2018-09-24T08:55:29","guid":{"rendered":"https:\/\/www.rijeka.hr\/it\/?page_id=7233"},"modified":"2024-07-02T13:37:13","modified_gmt":"2024-07-02T11:37:13","slug":"il-programma-di-necessita-pubbliche-nel-campo-delleducazione-prescolare","status":"publish","type":"page","link":"https:\/\/www.rijeka.hr\/it\/temi-per-i-cittadini\/educazione-e-istruzione\/scuole-materne\/il-programma-di-necessita-pubbliche-nel-campo-delleducazione-prescolare\/","title":{"rendered":"Il programma di necessit\u00e0 pubbliche nel campo dell\u2019educazione prescolare"},"content":{"rendered":"<p>Il Programma delle necessit\u00e0 pubbliche della Citt\u00e0 di Fiume nel campo dell&#8217;educazione prescolare e del benessere dei bambini in et\u00e0 prescolare determina la forma, lo scopo, la qualit\u00e0 e le modalit\u00e0 con cui le necessit\u00e0 pubbliche nel campo dell&#8217;educazione prescolare devono essere soddisfatte con l&#8217;obiettivo di soddisfare il sempre maggiore interesse manifestato dagli abitanti della citt\u00e0 di Fiume.<\/p>\n<p>La Citt\u00e0 ha l&#8217;obbligo legale di procurare fondi per il lavoro dell&#8217;Ente &#8220;Asili di Fiume&#8221; fondato dalla Citt\u00e0, consentendo cos\u00ec di includere un massimo numero dei bambini nell&#8217;educazione prescolare. La Citt\u00e0 di Fiume gi\u00e0 da molti anni sovvenziona l&#8217;attivit\u00e0 degli asili d\u2019infanzia privati. Al fine di incoraggiare gli asili d\u2019infanzia privati ad arricchire i loro programmi regolari e ad ampliare l&#8217;offerta con nuovi programmi speciali, nel 2015 la Citt\u00e0 di Fiume ha pubblicato per la prima volta un invito pubblico per soddisfare le necessit\u00e0 pubbliche nel campo dell&#8217;educazione prescolare, anche se un obbligo legale per questo non esiste.<\/p>\n<p>Il Consiglio cittadino adotta il Programma di necessit\u00e0 pubbliche, in base al quale viene pubblicato l\u2019invito pubblico per presentare domande al fine di ottenere il diritto ai sussidi per l&#8217;attivit\u00e0 di educazione prescolare degli asili d\u2019infanzia fondati da altri fondatori.<\/p>\n<p>Gli asili d\u2019infanzia fondati da altri fondatori che operano sul territorio della citt\u00e0 di Fiume, specificati nel Piano della rete degli asili d\u2019infanzia sul territorio della citt\u00e0 di Fiume, sono autorizzati a presentare domande in risposta a inviti pubblici.<\/p>\n<p>Il sindaco decide in merito alle modalit\u00e0 di attuazione del presente programma entro i fondi stanziati nel bilancio della Citt\u00e0 di Fiume per i singoli scopi<\/p>\n","protected":false},"excerpt":{"rendered":"<p>Il Programma delle necessit\u00e0 pubbliche della Citt\u00e0 di Fiume nel campo dell&#8217;educazione prescolare e del benessere dei bambini in et\u00e0 prescolare determina la forma, lo scopo, la qualit\u00e0 e le modalit\u00e0 con cui le necessit\u00e0 pubbliche nel campo dell&#8217;educazione prescolare devono essere soddisfatte con l&#8217;obiettivo di soddisfare il sempre maggiore interesse manifestato dagli abitanti della&#8230;<\/p>\n","protected":false},"author":6,"featured_media":0,"parent":292,"menu_order":0,"comment_status":"closed","ping_status":"closed","template":"","meta":{"_acf_changed":false,"_trash_the_other_posts":false,"footnotes":"","_links_to":"","_links_to_target":""},"tags":[],"class_list":["post-7233","page","type-page","status-publish","hentry"],"acf":[],"yoast_head":"<!-- This site is optimized with the Yoast SEO plugin v24.4 - https:\/\/yoast.com\/wordpress\/plugins\/seo\/ -->\n<title>Il programma di necessit\u00e0 pubbliche nel campo dell\u2019educazione prescolare - Citt\u00e0 di Fiume<\/title>\n<meta name=\"robots\" content=\"index, follow, max-snippet:-1, max-image-preview:large, max-video-preview:-1\" \/>\n<link rel=\"canonical\" href=\"https:\/\/www.rijeka.hr\/it\/temi-per-i-cittadini\/educazione-e-istruzione\/scuole-materne\/il-programma-di-necessita-pubbliche-nel-campo-delleducazione-prescolare\/\" \/>\n<meta property=\"og:locale\" content=\"it_IT\" \/>\n<meta property=\"og:type\" content=\"article\" \/>\n<meta property=\"og:title\" content=\"Il programma di necessit\u00e0 pubbliche nel campo dell\u2019educazione prescolare - Citt\u00e0 di Fiume\" \/>\n<meta property=\"og:description\" content=\"Il Programma delle necessit\u00e0 pubbliche della Citt\u00e0 di Fiume nel campo dell&#8217;educazione prescolare e del benessere dei bambini in et\u00e0 prescolare determina la forma, lo scopo, la qualit\u00e0 e le modalit\u00e0 con cui le necessit\u00e0 pubbliche nel campo dell&#8217;educazione prescolare devono essere soddisfatte con l&#8217;obiettivo di soddisfare il sempre maggiore interesse manifestato dagli abitanti della...\" \/>\n<meta property=\"og:url\" content=\"https:\/\/www.rijeka.hr\/it\/temi-per-i-cittadini\/educazione-e-istruzione\/scuole-materne\/il-programma-di-necessita-pubbliche-nel-campo-delleducazione-prescolare\/\" \/>\n<meta property=\"og:site_name\" content=\"Citt\u00e0 di Fiume\" \/>\n<meta property=\"article:modified_time\" content=\"2024-07-02T11:37:13+00:00\" \/>\n<meta name=\"twitter:card\" content=\"summary_large_image\" \/>\n<meta name=\"twitter:label1\" content=\"Est. reading time\" \/>\n\t<meta name=\"twitter:data1\" content=\"1 minute\" \/>\n<script type=\"application\/ld+json\" class=\"yoast-schema-graph\">{\"@context\":\"https:\/\/schema.org\",\"@graph\":[{\"@type\":\"WebPage\",\"@id\":\"https:\/\/www.rijeka.hr\/it\/temi-per-i-cittadini\/educazione-e-istruzione\/scuole-materne\/il-programma-di-necessita-pubbliche-nel-campo-delleducazione-prescolare\/\",\"url\":\"https:\/\/www.rijeka.hr\/it\/temi-per-i-cittadini\/educazione-e-istruzione\/scuole-materne\/il-programma-di-necessita-pubbliche-nel-campo-delleducazione-prescolare\/\",\"name\":\"Il programma di necessit\u00e0 pubbliche nel campo dell\u2019educazione prescolare - Citt\u00e0 di Fiume\",\"isPartOf\":{\"@id\":\"https:\/\/www.rijeka.hr\/it\/#website\"},\"datePublished\":\"2018-09-24T08:55:29+00:00\",\"dateModified\":\"2024-07-02T11:37:13+00:00\",\"breadcrumb\":{\"@id\":\"https:\/\/www.rijeka.hr\/it\/temi-per-i-cittadini\/educazione-e-istruzione\/scuole-materne\/il-programma-di-necessita-pubbliche-nel-campo-delleducazione-prescolare\/#breadcrumb\"},\"inLanguage\":\"it-IT\",\"potentialAction\":[{\"@type\":\"ReadAction\",\"target\":[\"https:\/\/www.rijeka.hr\/it\/temi-per-i-cittadini\/educazione-e-istruzione\/scuole-materne\/il-programma-di-necessita-pubbliche-nel-campo-delleducazione-prescolare\/\"]}]},{\"@type\":\"BreadcrumbList\",\"@id\":\"https:\/\/www.rijeka.hr\/it\/temi-per-i-cittadini\/educazione-e-istruzione\/scuole-materne\/il-programma-di-necessita-pubbliche-nel-campo-delleducazione-prescolare\/#breadcrumb\",\"itemListElement\":[{\"@type\":\"ListItem\",\"position\":1,\"name\":\"Po\u010detna stranica\",\"item\":\"https:\/\/www.rijeka.hr\/it\/\"},{\"@type\":\"ListItem\",\"position\":2,\"name\":\"Temi per i cittadini\",\"item\":\"https:\/\/www.rijeka.hr\/it\/temi-per-i-cittadini\/\"},{\"@type\":\"ListItem\",\"position\":3,\"name\":\"Educazione e istruzione\",\"item\":\"https:\/\/www.rijeka.hr\/it\/temi-per-i-cittadini\/educazione-e-istruzione\/\"},{\"@type\":\"ListItem\",\"position\":4,\"name\":\"Scuole materne\",\"item\":\"https:\/\/www.rijeka.hr\/it\/temi-per-i-cittadini\/educazione-e-istruzione\/scuole-materne\/\"},{\"@type\":\"ListItem\",\"position\":5,\"name\":\"Il programma di necessit\u00e0 pubbliche nel campo dell\u2019educazione prescolare\"}]},{\"@type\":\"WebSite\",\"@id\":\"https:\/\/www.rijeka.hr\/it\/#website\",\"url\":\"https:\/\/www.rijeka.hr\/it\/\",\"name\":\"Citt\u00e0 di Fiume\",\"description\":\"Portale web della Citta&#039; di Fiume\",\"potentialAction\":[{\"@type\":\"SearchAction\",\"target\":{\"@type\":\"EntryPoint\",\"urlTemplate\":\"https:\/\/www.rijeka.hr\/it\/?s={search_term_string}\"},\"query-input\":{\"@type\":\"PropertyValueSpecification\",\"valueRequired\":true,\"valueName\":\"search_term_string\"}}],\"inLanguage\":\"it-IT\"}]}<\/script>\n<!-- \/ Yoast SEO plugin. -->","yoast_head_json":{"title":"Il programma di necessit\u00e0 pubbliche nel campo dell\u2019educazione prescolare - Citt\u00e0 di Fiume","robots":{"index":"index","follow":"follow","max-snippet":"max-snippet:-1","max-image-preview":"max-image-preview:large","max-video-preview":"max-video-preview:-1"},"canonical":"https:\/\/www.rijeka.hr\/it\/temi-per-i-cittadini\/educazione-e-istruzione\/scuole-materne\/il-programma-di-necessita-pubbliche-nel-campo-delleducazione-prescolare\/","og_locale":"it_IT","og_type":"article","og_title":"Il programma di necessit\u00e0 pubbliche nel campo dell\u2019educazione prescolare - Citt\u00e0 di Fiume","og_description":"Il Programma delle necessit\u00e0 pubbliche della Citt\u00e0 di Fiume nel campo dell&#8217;educazione prescolare e del benessere dei bambini in et\u00e0 prescolare determina la forma, lo scopo, la qualit\u00e0 e le modalit\u00e0 con cui le necessit\u00e0 pubbliche nel campo dell&#8217;educazione prescolare devono essere soddisfatte con l&#8217;obiettivo di soddisfare il sempre maggiore interesse manifestato dagli abitanti della...","og_url":"https:\/\/www.rijeka.hr\/it\/temi-per-i-cittadini\/educazione-e-istruzione\/scuole-materne\/il-programma-di-necessita-pubbliche-nel-campo-delleducazione-prescolare\/","og_site_name":"Citt\u00e0 di Fiume","article_modified_time":"2024-07-02T11:37:13+00:00","twitter_card":"summary_large_image","twitter_misc":{"Est. reading time":"1 minute"},"schema":{"@context":"https:\/\/schema.org","@graph":[{"@type":"WebPage","@id":"https:\/\/www.rijeka.hr\/it\/temi-per-i-cittadini\/educazione-e-istruzione\/scuole-materne\/il-programma-di-necessita-pubbliche-nel-campo-delleducazione-prescolare\/","url":"https:\/\/www.rijeka.hr\/it\/temi-per-i-cittadini\/educazione-e-istruzione\/scuole-materne\/il-programma-di-necessita-pubbliche-nel-campo-delleducazione-prescolare\/","name":"Il programma di necessit\u00e0 pubbliche nel campo dell\u2019educazione prescolare - Citt\u00e0 di Fiume","isPartOf":{"@id":"https:\/\/www.rijeka.hr\/it\/#website"},"datePublished":"2018-09-24T08:55:29+00:00","dateModified":"2024-07-02T11:37:13+00:00","breadcrumb":{"@id":"https:\/\/www.rijeka.hr\/it\/temi-per-i-cittadini\/educazione-e-istruzione\/scuole-materne\/il-programma-di-necessita-pubbliche-nel-campo-delleducazione-prescolare\/#breadcrumb"},"inLanguage":"it-IT","potentialAction":[{"@type":"ReadAction","target":["https:\/\/www.rijeka.hr\/it\/temi-per-i-cittadini\/educazione-e-istruzione\/scuole-materne\/il-programma-di-necessita-pubbliche-nel-campo-delleducazione-prescolare\/"]}]},{"@type":"BreadcrumbList","@id":"https:\/\/www.rijeka.hr\/it\/temi-per-i-cittadini\/educazione-e-istruzione\/scuole-materne\/il-programma-di-necessita-pubbliche-nel-campo-delleducazione-prescolare\/#breadcrumb","itemListElement":[{"@type":"ListItem","position":1,"name":"Po\u010detna stranica","item":"https:\/\/www.rijeka.hr\/it\/"},{"@type":"ListItem","position":2,"name":"Temi per i cittadini","item":"https:\/\/www.rijeka.hr\/it\/temi-per-i-cittadini\/"},{"@type":"ListItem","position":3,"name":"Educazione e istruzione","item":"https:\/\/www.rijeka.hr\/it\/temi-per-i-cittadini\/educazione-e-istruzione\/"},{"@type":"ListItem","position":4,"name":"Scuole materne","item":"https:\/\/www.rijeka.hr\/it\/temi-per-i-cittadini\/educazione-e-istruzione\/scuole-materne\/"},{"@type":"ListItem","position":5,"name":"Il programma di necessit\u00e0 pubbliche nel campo dell\u2019educazione prescolare"}]},{"@type":"WebSite","@id":"https:\/\/www.rijeka.hr\/it\/#website","url":"https:\/\/www.rijeka.hr\/it\/","name":"Citt\u00e0 di Fiume","description":"Portale web della Citta&#039; di Fiume","potentialAction":[{"@type":"SearchAction","target":{"@type":"EntryPoint","urlTemplate":"https:\/\/www.rijeka.hr\/it\/?s={search_term_string}"},"query-input":{"@type":"PropertyValueSpecification","valueRequired":true,"valueName":"search_term_string"}}],"inLanguage":"it-IT"}]}},"_links":{"self":[{"href":"https:\/\/www.rijeka.hr\/it\/wp-json\/wp\/v2\/pages\/7233","targetHints":{"allow":["GET"]}}],"collection":[{"href":"https:\/\/www.rijeka.hr\/it\/wp-json\/wp\/v2\/pages"}],"about":[{"href":"https:\/\/www.rijeka.hr\/it\/wp-json\/wp\/v2\/types\/page"}],"author":[{"embeddable":true,"href":"https:\/\/www.rijeka.hr\/it\/wp-json\/wp\/v2\/users\/6"}],"replies":[{"embeddable":true,"href":"https:\/\/www.rijeka.hr\/it\/wp-json\/wp\/v2\/comments?post=7233"}],"version-history":[{"count":3,"href":"https:\/\/www.rijeka.hr\/it\/wp-json\/wp\/v2\/pages\/7233\/revisions"}],"predecessor-version":[{"id":7235,"href":"https:\/\/www.rijeka.hr\/it\/wp-json\/wp\/v2\/pages\/7233\/revisions\/7235"}],"up":[{"embeddable":true,"href":"https:\/\/www.rijeka.hr\/it\/wp-json\/wp\/v2\/pages\/292"}],"wp:attachment":[{"href":"https:\/\/www.rijeka.hr\/it\/wp-json\/wp\/v2\/media?parent=7233"}],"wp:term":[{"taxonomy":"post_tag","embeddable":true,"href":"https:\/\/www.rijeka.hr\/it\/wp-json\/wp\/v2\/tags?post=7233"}],"curies":[{"name":"wp","href":"https:\/\/api.w.org\/{rel}","templated":true}]}}

Il programma di necessità pubbliche nel campo dell’educazione prescolare

<p>Il Programma delle necessità pubbliche della Città di Fiume nel campo dell&#8217;educazione prescolare e del benessere dei bambini in età prescolare determina la forma, lo scopo, la qualità e le modalità con cui le necessità pubbliche nel campo dell&#8217;educazione prescolare devono essere soddisfatte con l&#8217;obiettivo di soddisfare il sempre maggiore interesse manifestato dagli abitanti della città di Fiume.</p>
<p>La Città ha l&#8217;obbligo legale di procurare fondi per il lavoro dell&#8217;Ente &#8220;Asili di Fiume&#8221; fondato dalla Città, consentendo così di includere un massimo numero dei bambini nell&#8217;educazione prescolare. La Città di Fiume già da molti anni sovvenziona l&#8217;attività degli asili d’infanzia privati. Al fine di incoraggiare gli asili d’infanzia privati ad arricchire i loro programmi regolari e ad ampliare l&#8217;offerta con nuovi programmi speciali, nel 2015 la Città di Fiume ha pubblicato per la prima volta un invito pubblico per soddisfare le necessità pubbliche nel campo dell&#8217;educazione prescolare, anche se un obbligo legale per questo non esiste.</p>
<p>Il Consiglio cittadino adotta il Programma di necessità pubbliche, in base al quale viene pubblicato l’invito pubblico per presentare domande al fine di ottenere il diritto ai sussidi per l&#8217;attività di educazione prescolare degli asili d’infanzia fondati da altri fondatori.</p>
<p>Gli asili d’infanzia fondati da altri fondatori che operano sul territorio della città di Fiume, specificati nel Piano della rete degli asili d’infanzia sul territorio della città di Fiume, sono autorizzati a presentare domande in risposta a inviti pubblici.</p>
<p>Il sindaco decide in merito alle modalità di attuazione del presente programma entro i fondi stanziati nel bilancio della Città di Fiume per i singoli scopi</p>

<p>Il Programma delle necessità pubbliche della Città di Fiume nel campo dell&#8217;educazione prescolare e del benessere dei bambini in età prescolare determina la forma, lo scopo, la qualità e le modalità con cui le necessità pubbliche nel campo dell&#8217;educazione prescolare devono essere soddisfatte con l&#8217;obiettivo di soddisfare il sempre maggiore interesse manifestato dagli abitanti della&#8230;</p>

<!-- This site is optimized with the Yoast SEO plugin v24.4 - https://yoast.com/wordpress/plugins/seo/ -->
<title>Il programma di necessità pubbliche nel campo dell’educazione prescolare - Città di Fiume</title>
<meta name="robots" content="index, follow, max-snippet:-1, max-image-preview:large, max-video-preview:-1" />
<link rel="canonical" href="https://www.rijeka.hr/it/temi-per-i-cittadini/educazione-e-istruzione/scuole-materne/il-programma-di-necessita-pubbliche-nel-campo-delleducazione-prescolare/" />
<meta property="og:locale" content="it_IT" />
<meta property="og:type" content="article" />
<meta property="og:title" content="Il programma di necessità pubbliche nel campo dell’educazione prescolare - Città di Fiume" />
<meta property="og:description" content="Il Programma delle necessità pubbliche della Città di Fiume nel campo dell&#8217;educazione prescolare e del benessere dei bambini in età prescolare determina la forma, lo scopo, la qualità e le modalità con cui le necessità pubbliche nel campo dell&#8217;educazione prescolare devono essere soddisfatte con l&#8217;obiettivo di soddisfare il sempre maggiore interesse manifestato dagli abitanti della..." />
<meta property="og:url" content="https://www.rijeka.hr/it/temi-per-i-cittadini/educazione-e-istruzione/scuole-materne/il-programma-di-necessita-pubbliche-nel-campo-delleducazione-prescolare/" />
<meta property="og:site_name" content="Città di Fiume" />
<meta property="article:modified_time" content="2024-07-02T11:37:13+00:00" />
<meta name="twitter:card" content="summary_large_image" />
<meta name="twitter:label1" content="Est. reading time" />
	<meta name="twitter:data1" content="1 minute" />
<script type="application/ld+json" class="yoast-schema-graph">{"@context":"https://schema.org","@graph":[{"@type":"WebPage","@id":"https://www.rijeka.hr/it/temi-per-i-cittadini/educazione-e-istruzione/scuole-materne/il-programma-di-necessita-pubbliche-nel-campo-delleducazione-prescolare/","url":"https://www.rijeka.hr/it/temi-per-i-cittadini/educazione-e-istruzione/scuole-materne/il-programma-di-necessita-pubbliche-nel-campo-delleducazione-prescolare/","name":"Il programma di necessità pubbliche nel campo dell’educazione prescolare - Città di Fiume","isPartOf":{"@id":"https://www.rijeka.hr/it/#website"},"datePublished":"2018-09-24T08:55:29+00:00","dateModified":"2024-07-02T11:37:13+00:00","breadcrumb":{"@id":"https://www.rijeka.hr/it/temi-per-i-cittadini/educazione-e-istruzione/scuole-materne/il-programma-di-necessita-pubbliche-nel-campo-delleducazione-prescolare/#breadcrumb"},"inLanguage":"it-IT","potentialAction":[{"@type":"ReadAction","target":["https://www.rijeka.hr/it/temi-per-i-cittadini/educazione-e-istruzione/scuole-materne/il-programma-di-necessita-pubbliche-nel-campo-delleducazione-prescolare/"]}]},{"@type":"BreadcrumbList","@id":"https://www.rijeka.hr/it/temi-per-i-cittadini/educazione-e-istruzione/scuole-materne/il-programma-di-necessita-pubbliche-nel-campo-delleducazione-prescolare/#breadcrumb","itemListElement":[{"@type":"ListItem","position":1,"name":"Početna stranica","item":"https://www.rijeka.hr/it/"},{"@type":"ListItem","position":2,"name":"Temi per i cittadini","item":"https://www.rijeka.hr/it/temi-per-i-cittadini/"},{"@type":"ListItem","position":3,"name":"Educazione e istruzione","item":"https://www.rijeka.hr/it/temi-per-i-cittadini/educazione-e-istruzione/"},{"@type":"ListItem","position":4,"name":"Scuole materne","item":"https://www.rijeka.hr/it/temi-per-i-cittadini/educazione-e-istruzione/scuole-materne/"},{"@type":"ListItem","position":5,"name":"Il programma di necessità pubbliche nel campo dell’educazione prescolare"}]},{"@type":"WebSite","@id":"https://www.rijeka.hr/it/#website","url":"https://www.rijeka.hr/it/","name":"Città di Fiume","description":"Portale web della Citta&#039; di Fiume","potentialAction":[{"@type":"SearchAction","target":{"@type":"EntryPoint","urlTemplate":"https://www.rijeka.hr/it/?s={search_term_string}"},"query-input":{"@type":"PropertyValueSpecification","valueRequired":true,"valueName":"search_term_string"}}],"inLanguage":"it-IT"}]}</script>
<!-- / Yoast SEO plugin. -->

Il programma di necessità pubbliche nel campo dell’educazione prescolare - Città di Fiume

Il Programma delle necessità pubbliche della Città di Fiume nel campo dell&#8217;educazione prescolare e del benessere dei bambini in età prescolare determina la forma, lo scopo, la qualità e le modalità con cui le necessità pubbliche nel campo dell&#8217;educazione prescolare devono essere soddisfatte con l&#8217;obiettivo di soddisfare il sempre maggiore interesse manifestato dagli abitanti della...

Città di Fiume

Početna stranica
