{"id":818,"date":"2016-08-02T16:09:36","date_gmt":"2016-08-02T14:09:36","guid":{"rendered":"https:\/\/www.rijeka.hr\/it\/?page_id=818"},"modified":"2017-12-20T14:30:35","modified_gmt":"2017-12-20T13:30:35","slug":"festival-della-creativita-infantile-kvarneric","status":"publish","type":"page","link":"https:\/\/www.rijeka.hr\/it\/tempo-libero-dei-giovani\/manifestazioni-per-bambini-e-giovani\/festival-della-creativita-infantile-kvarneric\/","title":{"rendered":"Festival della creativit\u00e0 infantile &#8220;Kvarneri\u0107&#8221;"},"content":{"rendered":"<p>Il Festival della creativit\u00e0 infantile &#8220;Kvarneri\u0107&#8221; si svolge continuamente dal 2002 sul territorio della Regione litoraneo-montana.<\/p>\n<p>Quello per cui questo Festival si distingue da altri simili festival, oltre alla promozione dell\u2019espressione musicale autoctona, \u00e8 il fatto che i testi, la musica, i costumi e la coreografia del festival corrispondono completamente all\u2019et\u00e0 di interpreti, e le canzoni sono il prodotto di laboratori musicali e artistici. Dopo ogni festival vengono pubblicate carte da musica, CD e DVD, che in seguito possono essere usati nell\u2019insegnamento e nell\u2019organizzazione di vari eventi nelle scuole.<\/p>\n<p>Il Festival viene organizzato dall\u2019associazione Melodije Kvarnera, con il supporto della Citt\u00e0 di Fiume e la Regione litoraneo \u2013 montana.<\/p>\n<p>&nbsp;<\/p>\n<p>&nbsp;<\/p>\n","protected":false},"excerpt":{"rendered":"<p>Il Festival della creativit\u00e0 infantile &#8220;Kvarneri\u0107&#8221; si svolge continuamente dal 2002 sul territorio della Regione litoraneo-montana. Quello per cui questo Festival si distingue da altri simili festival, oltre alla promozione dell\u2019espressione musicale autoctona, \u00e8 il fatto che i testi, la musica, i costumi e la coreografia del festival corrispondono completamente all\u2019et\u00e0 di interpreti, e le&#8230;<\/p>\n","protected":false},"author":2,"featured_media":0,"parent":464,"menu_order":0,"comment_status":"closed","ping_status":"closed","template":"","meta":{"_acf_changed":false,"_trash_the_other_posts":false,"footnotes":"","_links_to":"","_links_to_target":""},"tags":[],"class_list":["post-818","page","type-page","status-publish","hentry"],"acf":[],"yoast_head":"<!-- This site is optimized with the Yoast SEO plugin v24.4 - https:\/\/yoast.com\/wordpress\/plugins\/seo\/ -->\n<title>Festival della creativit\u00e0 infantile &quot;Kvarneri\u0107&quot; - Citt\u00e0 di Fiume<\/title>\n<meta name=\"robots\" content=\"index, follow, max-snippet:-1, max-image-preview:large, max-video-preview:-1\" \/>\n<link rel=\"canonical\" href=\"https:\/\/www.rijeka.hr\/it\/tempo-libero-dei-giovani\/manifestazioni-per-bambini-e-giovani\/festival-della-creativita-infantile-kvarneric\/\" \/>\n<meta property=\"og:locale\" content=\"it_IT\" \/>\n<meta property=\"og:type\" content=\"article\" \/>\n<meta property=\"og:title\" content=\"Festival della creativit\u00e0 infantile &quot;Kvarneri\u0107&quot; - Citt\u00e0 di Fiume\" \/>\n<meta property=\"og:description\" content=\"Il Festival della creativit\u00e0 infantile &#8220;Kvarneri\u0107&#8221; si svolge continuamente dal 2002 sul territorio della Regione litoraneo-montana. Quello per cui questo Festival si distingue da altri simili festival, oltre alla promozione dell\u2019espressione musicale autoctona, \u00e8 il fatto che i testi, la musica, i costumi e la coreografia del festival corrispondono completamente all\u2019et\u00e0 di interpreti, e le...\" \/>\n<meta property=\"og:url\" content=\"https:\/\/www.rijeka.hr\/it\/tempo-libero-dei-giovani\/manifestazioni-per-bambini-e-giovani\/festival-della-creativita-infantile-kvarneric\/\" \/>\n<meta property=\"og:site_name\" content=\"Citt\u00e0 di Fiume\" \/>\n<meta property=\"article:modified_time\" content=\"2017-12-20T13:30:35+00:00\" \/>\n<meta name=\"twitter:card\" content=\"summary_large_image\" \/>\n<meta name=\"twitter:label1\" content=\"Est. reading time\" \/>\n\t<meta name=\"twitter:data1\" content=\"1 minute\" \/>\n<script type=\"application\/ld+json\" class=\"yoast-schema-graph\">{\"@context\":\"https:\/\/schema.org\",\"@graph\":[{\"@type\":\"WebPage\",\"@id\":\"https:\/\/www.rijeka.hr\/it\/tempo-libero-dei-giovani\/manifestazioni-per-bambini-e-giovani\/festival-della-creativita-infantile-kvarneric\/\",\"url\":\"https:\/\/www.rijeka.hr\/it\/tempo-libero-dei-giovani\/manifestazioni-per-bambini-e-giovani\/festival-della-creativita-infantile-kvarneric\/\",\"name\":\"Festival della creativit\u00e0 infantile \\\"Kvarneri\u0107\\\" - Citt\u00e0 di Fiume\",\"isPartOf\":{\"@id\":\"https:\/\/www.rijeka.hr\/it\/#website\"},\"datePublished\":\"2016-08-02T14:09:36+00:00\",\"dateModified\":\"2017-12-20T13:30:35+00:00\",\"breadcrumb\":{\"@id\":\"https:\/\/www.rijeka.hr\/it\/tempo-libero-dei-giovani\/manifestazioni-per-bambini-e-giovani\/festival-della-creativita-infantile-kvarneric\/#breadcrumb\"},\"inLanguage\":\"it-IT\",\"potentialAction\":[{\"@type\":\"ReadAction\",\"target\":[\"https:\/\/www.rijeka.hr\/it\/tempo-libero-dei-giovani\/manifestazioni-per-bambini-e-giovani\/festival-della-creativita-infantile-kvarneric\/\"]}]},{\"@type\":\"BreadcrumbList\",\"@id\":\"https:\/\/www.rijeka.hr\/it\/tempo-libero-dei-giovani\/manifestazioni-per-bambini-e-giovani\/festival-della-creativita-infantile-kvarneric\/#breadcrumb\",\"itemListElement\":[{\"@type\":\"ListItem\",\"position\":1,\"name\":\"Po\u010detna stranica\",\"item\":\"https:\/\/www.rijeka.hr\/it\/\"},{\"@type\":\"ListItem\",\"position\":2,\"name\":\"Tempo libero dei giovani\",\"item\":\"https:\/\/www.rijeka.hr\/it\/tempo-libero-dei-giovani\/\"},{\"@type\":\"ListItem\",\"position\":3,\"name\":\"Manifestazioni per bambini e giovani\",\"item\":\"https:\/\/www.rijeka.hr\/it\/tempo-libero-dei-giovani\/manifestazioni-per-bambini-e-giovani\/\"},{\"@type\":\"ListItem\",\"position\":4,\"name\":\"Festival della creativit\u00e0 infantile &#8220;Kvarneri\u0107&#8221;\"}]},{\"@type\":\"WebSite\",\"@id\":\"https:\/\/www.rijeka.hr\/it\/#website\",\"url\":\"https:\/\/www.rijeka.hr\/it\/\",\"name\":\"Citt\u00e0 di Fiume\",\"description\":\"Portale web della Citta&#039; di Fiume\",\"potentialAction\":[{\"@type\":\"SearchAction\",\"target\":{\"@type\":\"EntryPoint\",\"urlTemplate\":\"https:\/\/www.rijeka.hr\/it\/?s={search_term_string}\"},\"query-input\":{\"@type\":\"PropertyValueSpecification\",\"valueRequired\":true,\"valueName\":\"search_term_string\"}}],\"inLanguage\":\"it-IT\"}]}<\/script>\n<!-- \/ Yoast SEO plugin. -->","yoast_head_json":{"title":"Festival della creativit\u00e0 infantile \"Kvarneri\u0107\" - Citt\u00e0 di Fiume","robots":{"index":"index","follow":"follow","max-snippet":"max-snippet:-1","max-image-preview":"max-image-preview:large","max-video-preview":"max-video-preview:-1"},"canonical":"https:\/\/www.rijeka.hr\/it\/tempo-libero-dei-giovani\/manifestazioni-per-bambini-e-giovani\/festival-della-creativita-infantile-kvarneric\/","og_locale":"it_IT","og_type":"article","og_title":"Festival della creativit\u00e0 infantile \"Kvarneri\u0107\" - Citt\u00e0 di Fiume","og_description":"Il Festival della creativit\u00e0 infantile &#8220;Kvarneri\u0107&#8221; si svolge continuamente dal 2002 sul territorio della Regione litoraneo-montana. Quello per cui questo Festival si distingue da altri simili festival, oltre alla promozione dell\u2019espressione musicale autoctona, \u00e8 il fatto che i testi, la musica, i costumi e la coreografia del festival corrispondono completamente all\u2019et\u00e0 di interpreti, e le...","og_url":"https:\/\/www.rijeka.hr\/it\/tempo-libero-dei-giovani\/manifestazioni-per-bambini-e-giovani\/festival-della-creativita-infantile-kvarneric\/","og_site_name":"Citt\u00e0 di Fiume","article_modified_time":"2017-12-20T13:30:35+00:00","twitter_card":"summary_large_image","twitter_misc":{"Est. reading time":"1 minute"},"schema":{"@context":"https:\/\/schema.org","@graph":[{"@type":"WebPage","@id":"https:\/\/www.rijeka.hr\/it\/tempo-libero-dei-giovani\/manifestazioni-per-bambini-e-giovani\/festival-della-creativita-infantile-kvarneric\/","url":"https:\/\/www.rijeka.hr\/it\/tempo-libero-dei-giovani\/manifestazioni-per-bambini-e-giovani\/festival-della-creativita-infantile-kvarneric\/","name":"Festival della creativit\u00e0 infantile \"Kvarneri\u0107\" - Citt\u00e0 di Fiume","isPartOf":{"@id":"https:\/\/www.rijeka.hr\/it\/#website"},"datePublished":"2016-08-02T14:09:36+00:00","dateModified":"2017-12-20T13:30:35+00:00","breadcrumb":{"@id":"https:\/\/www.rijeka.hr\/it\/tempo-libero-dei-giovani\/manifestazioni-per-bambini-e-giovani\/festival-della-creativita-infantile-kvarneric\/#breadcrumb"},"inLanguage":"it-IT","potentialAction":[{"@type":"ReadAction","target":["https:\/\/www.rijeka.hr\/it\/tempo-libero-dei-giovani\/manifestazioni-per-bambini-e-giovani\/festival-della-creativita-infantile-kvarneric\/"]}]},{"@type":"BreadcrumbList","@id":"https:\/\/www.rijeka.hr\/it\/tempo-libero-dei-giovani\/manifestazioni-per-bambini-e-giovani\/festival-della-creativita-infantile-kvarneric\/#breadcrumb","itemListElement":[{"@type":"ListItem","position":1,"name":"Po\u010detna stranica","item":"https:\/\/www.rijeka.hr\/it\/"},{"@type":"ListItem","position":2,"name":"Tempo libero dei giovani","item":"https:\/\/www.rijeka.hr\/it\/tempo-libero-dei-giovani\/"},{"@type":"ListItem","position":3,"name":"Manifestazioni per bambini e giovani","item":"https:\/\/www.rijeka.hr\/it\/tempo-libero-dei-giovani\/manifestazioni-per-bambini-e-giovani\/"},{"@type":"ListItem","position":4,"name":"Festival della creativit\u00e0 infantile &#8220;Kvarneri\u0107&#8221;"}]},{"@type":"WebSite","@id":"https:\/\/www.rijeka.hr\/it\/#website","url":"https:\/\/www.rijeka.hr\/it\/","name":"Citt\u00e0 di Fiume","description":"Portale web della Citta&#039; di Fiume","potentialAction":[{"@type":"SearchAction","target":{"@type":"EntryPoint","urlTemplate":"https:\/\/www.rijeka.hr\/it\/?s={search_term_string}"},"query-input":{"@type":"PropertyValueSpecification","valueRequired":true,"valueName":"search_term_string"}}],"inLanguage":"it-IT"}]}},"_links":{"self":[{"href":"https:\/\/www.rijeka.hr\/it\/wp-json\/wp\/v2\/pages\/818","targetHints":{"allow":["GET"]}}],"collection":[{"href":"https:\/\/www.rijeka.hr\/it\/wp-json\/wp\/v2\/pages"}],"about":[{"href":"https:\/\/www.rijeka.hr\/it\/wp-json\/wp\/v2\/types\/page"}],"author":[{"embeddable":true,"href":"https:\/\/www.rijeka.hr\/it\/wp-json\/wp\/v2\/users\/2"}],"replies":[{"embeddable":true,"href":"https:\/\/www.rijeka.hr\/it\/wp-json\/wp\/v2\/comments?post=818"}],"version-history":[{"count":3,"href":"https:\/\/www.rijeka.hr\/it\/wp-json\/wp\/v2\/pages\/818\/revisions"}],"predecessor-version":[{"id":5627,"href":"https:\/\/www.rijeka.hr\/it\/wp-json\/wp\/v2\/pages\/818\/revisions\/5627"}],"up":[{"embeddable":true,"href":"https:\/\/www.rijeka.hr\/it\/wp-json\/wp\/v2\/pages\/464"}],"wp:attachment":[{"href":"https:\/\/www.rijeka.hr\/it\/wp-json\/wp\/v2\/media?parent=818"}],"wp:term":[{"taxonomy":"post_tag","embeddable":true,"href":"https:\/\/www.rijeka.hr\/it\/wp-json\/wp\/v2\/tags?post=818"}],"curies":[{"name":"wp","href":"https:\/\/api.w.org\/{rel}","templated":true}]}}

Festival della creatività infantile &#8220;Kvarnerić&#8221;

<p>Il Festival della creatività infantile &#8220;Kvarnerić&#8221; si svolge continuamente dal 2002 sul territorio della Regione litoraneo-montana.</p>
<p>Quello per cui questo Festival si distingue da altri simili festival, oltre alla promozione dell’espressione musicale autoctona, è il fatto che i testi, la musica, i costumi e la coreografia del festival corrispondono completamente all’età di interpreti, e le canzoni sono il prodotto di laboratori musicali e artistici. Dopo ogni festival vengono pubblicate carte da musica, CD e DVD, che in seguito possono essere usati nell’insegnamento e nell’organizzazione di vari eventi nelle scuole.</p>
<p>Il Festival viene organizzato dall’associazione Melodije Kvarnera, con il supporto della Città di Fiume e la Regione litoraneo – montana.</p>
<p>&nbsp;</p>
<p>&nbsp;</p>

<p>Il Festival della creatività infantile &#8220;Kvarnerić&#8221; si svolge continuamente dal 2002 sul territorio della Regione litoraneo-montana. Quello per cui questo Festival si distingue da altri simili festival, oltre alla promozione dell’espressione musicale autoctona, è il fatto che i testi, la musica, i costumi e la coreografia del festival corrispondono completamente all’età di interpreti, e le&#8230;</p>

<!-- This site is optimized with the Yoast SEO plugin v24.4 - https://yoast.com/wordpress/plugins/seo/ -->
<title>Festival della creatività infantile &quot;Kvarnerić&quot; - Città di Fiume</title>
<meta name="robots" content="index, follow, max-snippet:-1, max-image-preview:large, max-video-preview:-1" />
<link rel="canonical" href="https://www.rijeka.hr/it/tempo-libero-dei-giovani/manifestazioni-per-bambini-e-giovani/festival-della-creativita-infantile-kvarneric/" />
<meta property="og:locale" content="it_IT" />
<meta property="og:type" content="article" />
<meta property="og:title" content="Festival della creatività infantile &quot;Kvarnerić&quot; - Città di Fiume" />
<meta property="og:description" content="Il Festival della creatività infantile &#8220;Kvarnerić&#8221; si svolge continuamente dal 2002 sul territorio della Regione litoraneo-montana. Quello per cui questo Festival si distingue da altri simili festival, oltre alla promozione dell’espressione musicale autoctona, è il fatto che i testi, la musica, i costumi e la coreografia del festival corrispondono completamente all’età di interpreti, e le..." />
<meta property="og:url" content="https://www.rijeka.hr/it/tempo-libero-dei-giovani/manifestazioni-per-bambini-e-giovani/festival-della-creativita-infantile-kvarneric/" />
<meta property="og:site_name" content="Città di Fiume" />
<meta property="article:modified_time" content="2017-12-20T13:30:35+00:00" />
<meta name="twitter:card" content="summary_large_image" />
<meta name="twitter:label1" content="Est. reading time" />
	<meta name="twitter:data1" content="1 minute" />
<script type="application/ld+json" class="yoast-schema-graph">{"@context":"https://schema.org","@graph":[{"@type":"WebPage","@id":"https://www.rijeka.hr/it/tempo-libero-dei-giovani/manifestazioni-per-bambini-e-giovani/festival-della-creativita-infantile-kvarneric/","url":"https://www.rijeka.hr/it/tempo-libero-dei-giovani/manifestazioni-per-bambini-e-giovani/festival-della-creativita-infantile-kvarneric/","name":"Festival della creatività infantile \"Kvarnerić\" - Città di Fiume","isPartOf":{"@id":"https://www.rijeka.hr/it/#website"},"datePublished":"2016-08-02T14:09:36+00:00","dateModified":"2017-12-20T13:30:35+00:00","breadcrumb":{"@id":"https://www.rijeka.hr/it/tempo-libero-dei-giovani/manifestazioni-per-bambini-e-giovani/festival-della-creativita-infantile-kvarneric/#breadcrumb"},"inLanguage":"it-IT","potentialAction":[{"@type":"ReadAction","target":["https://www.rijeka.hr/it/tempo-libero-dei-giovani/manifestazioni-per-bambini-e-giovani/festival-della-creativita-infantile-kvarneric/"]}]},{"@type":"BreadcrumbList","@id":"https://www.rijeka.hr/it/tempo-libero-dei-giovani/manifestazioni-per-bambini-e-giovani/festival-della-creativita-infantile-kvarneric/#breadcrumb","itemListElement":[{"@type":"ListItem","position":1,"name":"Početna stranica","item":"https://www.rijeka.hr/it/"},{"@type":"ListItem","position":2,"name":"Tempo libero dei giovani","item":"https://www.rijeka.hr/it/tempo-libero-dei-giovani/"},{"@type":"ListItem","position":3,"name":"Manifestazioni per bambini e giovani","item":"https://www.rijeka.hr/it/tempo-libero-dei-giovani/manifestazioni-per-bambini-e-giovani/"},{"@type":"ListItem","position":4,"name":"Festival della creatività infantile &#8220;Kvarnerić&#8221;"}]},{"@type":"WebSite","@id":"https://www.rijeka.hr/it/#website","url":"https://www.rijeka.hr/it/","name":"Città di Fiume","description":"Portale web della Citta&#039; di Fiume","potentialAction":[{"@type":"SearchAction","target":{"@type":"EntryPoint","urlTemplate":"https://www.rijeka.hr/it/?s={search_term_string}"},"query-input":{"@type":"PropertyValueSpecification","valueRequired":true,"valueName":"search_term_string"}}],"inLanguage":"it-IT"}]}</script>
<!-- / Yoast SEO plugin. -->

Festival della creatività infantile "Kvarnerić" - Città di Fiume

Il Festival della creatività infantile &#8220;Kvarnerić&#8221; si svolge continuamente dal 2002 sul territorio della Regione litoraneo-montana. Quello per cui questo Festival si distingue da altri simili festival, oltre alla promozione dell’espressione musicale autoctona, è il fatto che i testi, la musica, i costumi e la coreografia del festival corrispondono completamente all’età di interpreti, e le...

Città di Fiume

Početna stranica
