{"id":8245,"date":"2019-02-21T14:50:47","date_gmt":"2019-02-21T13:50:47","guid":{"rendered":"https:\/\/www.rijeka.hr\/it\/?page_id=8245"},"modified":"2019-02-22T10:49:14","modified_gmt":"2019-02-22T09:49:14","slug":"le-notti-estive-fiumane","status":"publish","type":"page","link":"https:\/\/www.rijeka.hr\/it\/temi-per-i-cittadini\/cultura\/manifestazioni\/le-notti-estive-fiumane\/","title":{"rendered":"Le notti estive fiumane"},"content":{"rendered":"<p>Il programma della manifestazione \u00a0<a href=\"http:\/\/hnk-zajc.hr\/rljn\/\">Le notti estive fiumane<\/a>, si svolge in giugno e luglio in varie localit\u00e0 specifiche della citt\u00e0 e, oltre all&#8217;intrattenimento, offre un alto livello di rappresentazioni culturali di qualit\u00e0. Il festival ha incluso Fiume tra le citt\u00e0 croate ed europee riconoscibili per i suoi programmi culturali estivi.<\/p>\n<p>I cittadini di Fiume e i loro ospiti che visitano Fiume in questo periodo possono godere di spettacoli musicali e teatrali di prim&#8217;ordine di famosi artisti croati e mondiali. Il principale organizzatore il CNT Ivan de Zajc ha avviato la cooperazione con altre istituzioni culturali della Citt\u00e0 di Fiume e della Regione litoraneo \u2013 montana. Questa cooperazione ha lo scopo di trasformare le Notti estive fiumane dal festival teatrale e musicale nel festival di generi diversi aperti non solo a tutte le forme artistiche e agli interessi culturali, ma anche a tutte le generazioni di visitatori.<\/p>\n","protected":false},"excerpt":{"rendered":"<p>Il programma della manifestazione \u00a0Le notti estive fiumane, si svolge in giugno e luglio in varie localit\u00e0 specifiche della citt\u00e0 e, oltre all&#8217;intrattenimento, offre un alto livello di rappresentazioni culturali di qualit\u00e0. Il festival ha incluso Fiume tra le citt\u00e0 croate ed europee riconoscibili per i suoi programmi culturali estivi. I cittadini di Fiume e&#8230;<\/p>\n","protected":false},"author":14,"featured_media":0,"parent":1078,"menu_order":0,"comment_status":"closed","ping_status":"closed","template":"","meta":{"_acf_changed":false,"_trash_the_other_posts":false,"footnotes":"","_links_to":"","_links_to_target":""},"tags":[],"class_list":["post-8245","page","type-page","status-publish","hentry"],"acf":[],"yoast_head":"<!-- This site is optimized with the Yoast SEO plugin v24.4 - https:\/\/yoast.com\/wordpress\/plugins\/seo\/ -->\n<title>Le notti estive fiumane - Citt\u00e0 di Fiume<\/title>\n<meta name=\"robots\" content=\"index, follow, max-snippet:-1, max-image-preview:large, max-video-preview:-1\" \/>\n<link rel=\"canonical\" href=\"https:\/\/www.rijeka.hr\/it\/temi-per-i-cittadini\/cultura\/manifestazioni\/le-notti-estive-fiumane\/\" \/>\n<meta property=\"og:locale\" content=\"it_IT\" \/>\n<meta property=\"og:type\" content=\"article\" \/>\n<meta property=\"og:title\" content=\"Le notti estive fiumane - Citt\u00e0 di Fiume\" \/>\n<meta property=\"og:description\" content=\"Il programma della manifestazione \u00a0Le notti estive fiumane, si svolge in giugno e luglio in varie localit\u00e0 specifiche della citt\u00e0 e, oltre all&#8217;intrattenimento, offre un alto livello di rappresentazioni culturali di qualit\u00e0. Il festival ha incluso Fiume tra le citt\u00e0 croate ed europee riconoscibili per i suoi programmi culturali estivi. I cittadini di Fiume e...\" \/>\n<meta property=\"og:url\" content=\"https:\/\/www.rijeka.hr\/it\/temi-per-i-cittadini\/cultura\/manifestazioni\/le-notti-estive-fiumane\/\" \/>\n<meta property=\"og:site_name\" content=\"Citt\u00e0 di Fiume\" \/>\n<meta property=\"article:modified_time\" content=\"2019-02-22T09:49:14+00:00\" \/>\n<meta name=\"twitter:card\" content=\"summary_large_image\" \/>\n<meta name=\"twitter:label1\" content=\"Est. reading time\" \/>\n\t<meta name=\"twitter:data1\" content=\"1 minute\" \/>\n<script type=\"application\/ld+json\" class=\"yoast-schema-graph\">{\"@context\":\"https:\/\/schema.org\",\"@graph\":[{\"@type\":\"WebPage\",\"@id\":\"https:\/\/www.rijeka.hr\/it\/temi-per-i-cittadini\/cultura\/manifestazioni\/le-notti-estive-fiumane\/\",\"url\":\"https:\/\/www.rijeka.hr\/it\/temi-per-i-cittadini\/cultura\/manifestazioni\/le-notti-estive-fiumane\/\",\"name\":\"Le notti estive fiumane - Citt\u00e0 di Fiume\",\"isPartOf\":{\"@id\":\"https:\/\/www.rijeka.hr\/it\/#website\"},\"datePublished\":\"2019-02-21T13:50:47+00:00\",\"dateModified\":\"2019-02-22T09:49:14+00:00\",\"breadcrumb\":{\"@id\":\"https:\/\/www.rijeka.hr\/it\/temi-per-i-cittadini\/cultura\/manifestazioni\/le-notti-estive-fiumane\/#breadcrumb\"},\"inLanguage\":\"it-IT\",\"potentialAction\":[{\"@type\":\"ReadAction\",\"target\":[\"https:\/\/www.rijeka.hr\/it\/temi-per-i-cittadini\/cultura\/manifestazioni\/le-notti-estive-fiumane\/\"]}]},{\"@type\":\"BreadcrumbList\",\"@id\":\"https:\/\/www.rijeka.hr\/it\/temi-per-i-cittadini\/cultura\/manifestazioni\/le-notti-estive-fiumane\/#breadcrumb\",\"itemListElement\":[{\"@type\":\"ListItem\",\"position\":1,\"name\":\"Po\u010detna stranica\",\"item\":\"https:\/\/www.rijeka.hr\/it\/\"},{\"@type\":\"ListItem\",\"position\":2,\"name\":\"Temi per i cittadini\",\"item\":\"https:\/\/www.rijeka.hr\/it\/temi-per-i-cittadini\/\"},{\"@type\":\"ListItem\",\"position\":3,\"name\":\"Cultura\",\"item\":\"https:\/\/www.rijeka.hr\/it\/temi-per-i-cittadini\/cultura\/\"},{\"@type\":\"ListItem\",\"position\":4,\"name\":\"Manifestazioni\",\"item\":\"https:\/\/www.rijeka.hr\/it\/temi-per-i-cittadini\/cultura\/manifestazioni\/\"},{\"@type\":\"ListItem\",\"position\":5,\"name\":\"Le notti estive fiumane\"}]},{\"@type\":\"WebSite\",\"@id\":\"https:\/\/www.rijeka.hr\/it\/#website\",\"url\":\"https:\/\/www.rijeka.hr\/it\/\",\"name\":\"Citt\u00e0 di Fiume\",\"description\":\"Portale web della Citta&#039; di Fiume\",\"potentialAction\":[{\"@type\":\"SearchAction\",\"target\":{\"@type\":\"EntryPoint\",\"urlTemplate\":\"https:\/\/www.rijeka.hr\/it\/?s={search_term_string}\"},\"query-input\":{\"@type\":\"PropertyValueSpecification\",\"valueRequired\":true,\"valueName\":\"search_term_string\"}}],\"inLanguage\":\"it-IT\"}]}<\/script>\n<!-- \/ Yoast SEO plugin. -->","yoast_head_json":{"title":"Le notti estive fiumane - Citt\u00e0 di Fiume","robots":{"index":"index","follow":"follow","max-snippet":"max-snippet:-1","max-image-preview":"max-image-preview:large","max-video-preview":"max-video-preview:-1"},"canonical":"https:\/\/www.rijeka.hr\/it\/temi-per-i-cittadini\/cultura\/manifestazioni\/le-notti-estive-fiumane\/","og_locale":"it_IT","og_type":"article","og_title":"Le notti estive fiumane - Citt\u00e0 di Fiume","og_description":"Il programma della manifestazione \u00a0Le notti estive fiumane, si svolge in giugno e luglio in varie localit\u00e0 specifiche della citt\u00e0 e, oltre all&#8217;intrattenimento, offre un alto livello di rappresentazioni culturali di qualit\u00e0. Il festival ha incluso Fiume tra le citt\u00e0 croate ed europee riconoscibili per i suoi programmi culturali estivi. I cittadini di Fiume e...","og_url":"https:\/\/www.rijeka.hr\/it\/temi-per-i-cittadini\/cultura\/manifestazioni\/le-notti-estive-fiumane\/","og_site_name":"Citt\u00e0 di Fiume","article_modified_time":"2019-02-22T09:49:14+00:00","twitter_card":"summary_large_image","twitter_misc":{"Est. reading time":"1 minute"},"schema":{"@context":"https:\/\/schema.org","@graph":[{"@type":"WebPage","@id":"https:\/\/www.rijeka.hr\/it\/temi-per-i-cittadini\/cultura\/manifestazioni\/le-notti-estive-fiumane\/","url":"https:\/\/www.rijeka.hr\/it\/temi-per-i-cittadini\/cultura\/manifestazioni\/le-notti-estive-fiumane\/","name":"Le notti estive fiumane - Citt\u00e0 di Fiume","isPartOf":{"@id":"https:\/\/www.rijeka.hr\/it\/#website"},"datePublished":"2019-02-21T13:50:47+00:00","dateModified":"2019-02-22T09:49:14+00:00","breadcrumb":{"@id":"https:\/\/www.rijeka.hr\/it\/temi-per-i-cittadini\/cultura\/manifestazioni\/le-notti-estive-fiumane\/#breadcrumb"},"inLanguage":"it-IT","potentialAction":[{"@type":"ReadAction","target":["https:\/\/www.rijeka.hr\/it\/temi-per-i-cittadini\/cultura\/manifestazioni\/le-notti-estive-fiumane\/"]}]},{"@type":"BreadcrumbList","@id":"https:\/\/www.rijeka.hr\/it\/temi-per-i-cittadini\/cultura\/manifestazioni\/le-notti-estive-fiumane\/#breadcrumb","itemListElement":[{"@type":"ListItem","position":1,"name":"Po\u010detna stranica","item":"https:\/\/www.rijeka.hr\/it\/"},{"@type":"ListItem","position":2,"name":"Temi per i cittadini","item":"https:\/\/www.rijeka.hr\/it\/temi-per-i-cittadini\/"},{"@type":"ListItem","position":3,"name":"Cultura","item":"https:\/\/www.rijeka.hr\/it\/temi-per-i-cittadini\/cultura\/"},{"@type":"ListItem","position":4,"name":"Manifestazioni","item":"https:\/\/www.rijeka.hr\/it\/temi-per-i-cittadini\/cultura\/manifestazioni\/"},{"@type":"ListItem","position":5,"name":"Le notti estive fiumane"}]},{"@type":"WebSite","@id":"https:\/\/www.rijeka.hr\/it\/#website","url":"https:\/\/www.rijeka.hr\/it\/","name":"Citt\u00e0 di Fiume","description":"Portale web della Citta&#039; di Fiume","potentialAction":[{"@type":"SearchAction","target":{"@type":"EntryPoint","urlTemplate":"https:\/\/www.rijeka.hr\/it\/?s={search_term_string}"},"query-input":{"@type":"PropertyValueSpecification","valueRequired":true,"valueName":"search_term_string"}}],"inLanguage":"it-IT"}]}},"_links":{"self":[{"href":"https:\/\/www.rijeka.hr\/it\/wp-json\/wp\/v2\/pages\/8245","targetHints":{"allow":["GET"]}}],"collection":[{"href":"https:\/\/www.rijeka.hr\/it\/wp-json\/wp\/v2\/pages"}],"about":[{"href":"https:\/\/www.rijeka.hr\/it\/wp-json\/wp\/v2\/types\/page"}],"author":[{"embeddable":true,"href":"https:\/\/www.rijeka.hr\/it\/wp-json\/wp\/v2\/users\/14"}],"replies":[{"embeddable":true,"href":"https:\/\/www.rijeka.hr\/it\/wp-json\/wp\/v2\/comments?post=8245"}],"version-history":[{"count":6,"href":"https:\/\/www.rijeka.hr\/it\/wp-json\/wp\/v2\/pages\/8245\/revisions"}],"predecessor-version":[{"id":8248,"href":"https:\/\/www.rijeka.hr\/it\/wp-json\/wp\/v2\/pages\/8245\/revisions\/8248"}],"up":[{"embeddable":true,"href":"https:\/\/www.rijeka.hr\/it\/wp-json\/wp\/v2\/pages\/1078"}],"wp:attachment":[{"href":"https:\/\/www.rijeka.hr\/it\/wp-json\/wp\/v2\/media?parent=8245"}],"wp:term":[{"taxonomy":"post_tag","embeddable":true,"href":"https:\/\/www.rijeka.hr\/it\/wp-json\/wp\/v2\/tags?post=8245"}],"curies":[{"name":"wp","href":"https:\/\/api.w.org\/{rel}","templated":true}]}}

<p>Il programma della manifestazione  <a href="http://hnk-zajc.hr/rljn/">Le notti estive fiumane</a>, si svolge in giugno e luglio in varie località specifiche della città e, oltre all&#8217;intrattenimento, offre un alto livello di rappresentazioni culturali di qualità. Il festival ha incluso Fiume tra le città croate ed europee riconoscibili per i suoi programmi culturali estivi.</p>
<p>I cittadini di Fiume e i loro ospiti che visitano Fiume in questo periodo possono godere di spettacoli musicali e teatrali di prim&#8217;ordine di famosi artisti croati e mondiali. Il principale organizzatore il CNT Ivan de Zajc ha avviato la cooperazione con altre istituzioni culturali della Città di Fiume e della Regione litoraneo – montana. Questa cooperazione ha lo scopo di trasformare le Notti estive fiumane dal festival teatrale e musicale nel festival di generi diversi aperti non solo a tutte le forme artistiche e agli interessi culturali, ma anche a tutte le generazioni di visitatori.</p>

<p>Il programma della manifestazione  Le notti estive fiumane, si svolge in giugno e luglio in varie località specifiche della città e, oltre all&#8217;intrattenimento, offre un alto livello di rappresentazioni culturali di qualità. Il festival ha incluso Fiume tra le città croate ed europee riconoscibili per i suoi programmi culturali estivi. I cittadini di Fiume e&#8230;</p>

<!-- This site is optimized with the Yoast SEO plugin v24.4 - https://yoast.com/wordpress/plugins/seo/ -->
<title>Le notti estive fiumane - Città di Fiume</title>
<meta name="robots" content="index, follow, max-snippet:-1, max-image-preview:large, max-video-preview:-1" />
<link rel="canonical" href="https://www.rijeka.hr/it/temi-per-i-cittadini/cultura/manifestazioni/le-notti-estive-fiumane/" />
<meta property="og:locale" content="it_IT" />
<meta property="og:type" content="article" />
<meta property="og:title" content="Le notti estive fiumane - Città di Fiume" />
<meta property="og:description" content="Il programma della manifestazione  Le notti estive fiumane, si svolge in giugno e luglio in varie località specifiche della città e, oltre all&#8217;intrattenimento, offre un alto livello di rappresentazioni culturali di qualità. Il festival ha incluso Fiume tra le città croate ed europee riconoscibili per i suoi programmi culturali estivi. I cittadini di Fiume e..." />
<meta property="og:url" content="https://www.rijeka.hr/it/temi-per-i-cittadini/cultura/manifestazioni/le-notti-estive-fiumane/" />
<meta property="og:site_name" content="Città di Fiume" />
<meta property="article:modified_time" content="2019-02-22T09:49:14+00:00" />
<meta name="twitter:card" content="summary_large_image" />
<meta name="twitter:label1" content="Est. reading time" />
	<meta name="twitter:data1" content="1 minute" />
<script type="application/ld+json" class="yoast-schema-graph">{"@context":"https://schema.org","@graph":[{"@type":"WebPage","@id":"https://www.rijeka.hr/it/temi-per-i-cittadini/cultura/manifestazioni/le-notti-estive-fiumane/","url":"https://www.rijeka.hr/it/temi-per-i-cittadini/cultura/manifestazioni/le-notti-estive-fiumane/","name":"Le notti estive fiumane - Città di Fiume","isPartOf":{"@id":"https://www.rijeka.hr/it/#website"},"datePublished":"2019-02-21T13:50:47+00:00","dateModified":"2019-02-22T09:49:14+00:00","breadcrumb":{"@id":"https://www.rijeka.hr/it/temi-per-i-cittadini/cultura/manifestazioni/le-notti-estive-fiumane/#breadcrumb"},"inLanguage":"it-IT","potentialAction":[{"@type":"ReadAction","target":["https://www.rijeka.hr/it/temi-per-i-cittadini/cultura/manifestazioni/le-notti-estive-fiumane/"]}]},{"@type":"BreadcrumbList","@id":"https://www.rijeka.hr/it/temi-per-i-cittadini/cultura/manifestazioni/le-notti-estive-fiumane/#breadcrumb","itemListElement":[{"@type":"ListItem","position":1,"name":"Početna stranica","item":"https://www.rijeka.hr/it/"},{"@type":"ListItem","position":2,"name":"Temi per i cittadini","item":"https://www.rijeka.hr/it/temi-per-i-cittadini/"},{"@type":"ListItem","position":3,"name":"Cultura","item":"https://www.rijeka.hr/it/temi-per-i-cittadini/cultura/"},{"@type":"ListItem","position":4,"name":"Manifestazioni","item":"https://www.rijeka.hr/it/temi-per-i-cittadini/cultura/manifestazioni/"},{"@type":"ListItem","position":5,"name":"Le notti estive fiumane"}]},{"@type":"WebSite","@id":"https://www.rijeka.hr/it/#website","url":"https://www.rijeka.hr/it/","name":"Città di Fiume","description":"Portale web della Citta&#039; di Fiume","potentialAction":[{"@type":"SearchAction","target":{"@type":"EntryPoint","urlTemplate":"https://www.rijeka.hr/it/?s={search_term_string}"},"query-input":{"@type":"PropertyValueSpecification","valueRequired":true,"valueName":"search_term_string"}}],"inLanguage":"it-IT"}]}</script>
<!-- / Yoast SEO plugin. -->

Le notti estive fiumane - Città di Fiume

Il programma della manifestazione  Le notti estive fiumane, si svolge in giugno e luglio in varie località specifiche della città e, oltre all&#8217;intrattenimento, offre un alto livello di rappresentazioni culturali di qualità. Il festival ha incluso Fiume tra le città croate ed europee riconoscibili per i suoi programmi culturali estivi. I cittadini di Fiume e...

Città di Fiume

Početna stranica
